🚀 Advanced Web Server Manager
Complete File Manager & Terminal - Standalone Version
By Sid Gifari | Gifari Industries
Current path:
/
/
usr
/
local
/
apache
/
domlogs
/
duzhbywe
✏️
Editing: appmen.com.ng.deconnect.com.ng
91.84.115.116 - - [30/Jul/2026:08:52:43 -0400] "GET /?awg_scan=003441fea5eb6dc3c28b0f81eb8584c33f38697c940d4d0719ac6f89c803488e HTTP/1.1" 301 0 "-" "AWG-Server/1.0"
91.84.115.116 - - [30/Jul/2026:09:02:42 -0400] "GET /?awg_scan=003441fea5eb6dc3c28b0f81eb8584c33f38697c940d4d0719ac6f89c803488e HTTP/1.1" 301 0 "-" "AWG-Server/1.0"
91.84.115.116 - - [30/Jul/2026:09:07:44 -0400] "GET /?awg_scan=003441fea5eb6dc3c28b0f81eb8584c33f38697c940d4d0719ac6f89c803488e HTTP/1.1" 301 0 "-" "AWG-Server/1.0"
91.84.115.116 - - [30/Jul/2026:09:37:42 -0400] "GET /?awg_scan=003441fea5eb6dc3c28b0f81eb8584c33f38697c940d4d0719ac6f89c803488e HTTP/1.1" 301 0 "-" "AWG-Server/1.0"
91.84.115.116 - - [30/Jul/2026:08:42:46 -0400] "GET /?awg_scan=003441fea5eb6dc3c28b0f81eb8584c33f38697c940d4d0719ac6f89c803488e HTTP/1.1" 301 0 "-" "AWG-Server/1.0"
43.155.26.193 - - [30/Jul/2026:09:08:24 -0400] "GET / HTTP/1.1" 301 0 "-" "Mozilla/5.0 (iPhone; CPU iPhone OS 13_2_3 like Mac OS X) AppleWebKit/605.1.15 (KHTML, like Gecko) Version/13.0.3 Mobile/15E148 Safari/604.1"
91.84.115.116 - - [30/Jul/2026:10:17:44 -0400] "GET /?awg_scan=003441fea5eb6dc3c28b0f81eb8584c33f38697c940d4d0719ac6f89c803488e HTTP/1.1" 301 0 "-" "AWG-Server/1.0"
216.244.66.250 - - [30/Jul/2026:09:00:50 -0400] "GET /robots.txt HTTP/1.1" 200 67 "-" "Mozilla/5.0 (compatible; DotBot/1.2; +https://opensiteexplorer.org/dotbot; help@moz.com)"
91.84.115.116 - - [30/Jul/2026:10:02:45 -0400] "GET /?awg_scan=003441fea5eb6dc3c28b0f81eb8584c33f38697c940d4d0719ac6f89c803488e HTTP/1.1" 301 0 "-" "AWG-Server/1.0"
91.84.115.116 - - [30/Jul/2026:08:37:45 -0400] "GET /?awg_scan=003441fea5eb6dc3c28b0f81eb8584c33f38697c940d4d0719ac6f89c803488e HTTP/1.1" 301 0 "-" "AWG-Server/1.0"
193.142.38.235 - - [30/Jul/2026:08:44:42 -0400] "GET /wp-login.php HTTP/1.1" 302 0 "-" "Mozilla/5.0 (Windows NT 10.0; Win64; x64) AppleWebKit/537.36 (KHTML, like Gecko) Chrome/144.0.0.0 Safari/537.36"
173.252.70.3 - - [30/Jul/2026:09:32:57 -0400] "GET / HTTP/1.1" 301 0 "-" "facebookexternalhit/1.1 (+http://www.facebook.com/externalhit_uatext.php)"
91.84.115.116 - - [30/Jul/2026:09:47:44 -0400] "GET /?awg_scan=003441fea5eb6dc3c28b0f81eb8584c33f38697c940d4d0719ac6f89c803488e HTTP/1.1" 301 0 "-" "AWG-Server/1.0"
91.84.115.116 - - [30/Jul/2026:09:52:45 -0400] "GET /?awg_scan=003441fea5eb6dc3c28b0f81eb8584c33f38697c940d4d0719ac6f89c803488e HTTP/1.1" 301 0 "-" "AWG-Server/1.0"
91.84.115.116 - - [30/Jul/2026:09:57:43 -0400] "GET /?awg_scan=003441fea5eb6dc3c28b0f81eb8584c33f38697c940d4d0719ac6f89c803488e HTTP/1.1" 301 0 "-" "AWG-Server/1.0"
91.84.115.116 - - [30/Jul/2026:10:12:45 -0400] "GET /?awg_scan=003441fea5eb6dc3c28b0f81eb8584c33f38697c940d4d0719ac6f89c803488e HTTP/1.1" 301 0 "-" "AWG-Server/1.0"
91.84.115.116 - - [30/Jul/2026:10:22:41 -0400] "GET /?awg_scan=003441fea5eb6dc3c28b0f81eb8584c33f38697c940d4d0719ac6f89c803488e HTTP/1.1" 301 0 "-" "AWG-Server/1.0"
144.126.220.138 - - [30/Jul/2026:08:13:51 -0400] "GET / HTTP/1.1" 301 0 "-" "Mozilla/5.0 (X11; Linux x86_64) AppleWebKit/537.36 (KHTML, like Gecko) Chrome/142.0.0.0 Safari/537.36"
47.254.92.190 - - [30/Jul/2026:08:15:35 -0400] "GET / HTTP/1.1" 301 0 "-" "Mozilla/5.0 (iPhone; CPU iPhone OS 13_2_3 like Mac OS X) AppleWebKit/605.1.15 (KHTML, like Gecko) Version/13.0.3 Mobile/15E148 Safari/604.1"
91.84.115.116 - - [30/Jul/2026:08:17:43 -0400] "GET /?awg_scan=003441fea5eb6dc3c28b0f81eb8584c33f38697c940d4d0719ac6f89c803488e HTTP/1.1" 301 0 "-" "AWG-Server/1.0"
91.84.115.116 - - [30/Jul/2026:08:27:42 -0400] "GET /?awg_scan=003441fea5eb6dc3c28b0f81eb8584c33f38697c940d4d0719ac6f89c803488e HTTP/1.1" 301 0 "-" "AWG-Server/1.0"
91.84.115.116 - - [30/Jul/2026:08:47:42 -0400] "GET /?awg_scan=003441fea5eb6dc3c28b0f81eb8584c33f38697c940d4d0719ac6f89c803488e HTTP/1.1" 301 0 "-" "AWG-Server/1.0"
91.84.115.116 - - [30/Jul/2026:09:12:44 -0400] "GET /?awg_scan=003441fea5eb6dc3c28b0f81eb8584c33f38697c940d4d0719ac6f89c803488e HTTP/1.1" 301 0 "-" "AWG-Server/1.0"
91.84.115.116 - - [30/Jul/2026:09:17:43 -0400] "GET /?awg_scan=003441fea5eb6dc3c28b0f81eb8584c33f38697c940d4d0719ac6f89c803488e HTTP/1.1" 301 0 "-" "AWG-Server/1.0"
173.252.70.51 - - [30/Jul/2026:09:23:20 -0400] "GET / HTTP/1.1" 301 0 "-" "facebookexternalhit/1.1 (+http://www.facebook.com/externalhit_uatext.php)"
173.252.105.69 - - [30/Jul/2026:09:23:30 -0400] "GET / HTTP/1.1" 301 0 "-" "facebookexternalhit/1.1 (+http://www.facebook.com/externalhit_uatext.php)"
91.84.115.116 - - [30/Jul/2026:09:27:42 -0400] "GET /?awg_scan=003441fea5eb6dc3c28b0f81eb8584c33f38697c940d4d0719ac6f89c803488e HTTP/1.1" 301 0 "-" "AWG-Server/1.0"
193.34.75.207 - - [30/Jul/2026:09:39:35 -0400] "GET /wp-login.php HTTP/1.1" 302 0 "-" "Mozilla/5.0 (Macintosh; Intel Mac OS X 10_12_6) AppleWebKit/603.3.8 (KHTML, like Gecko) Version/10.1.2 Safari/603.3.8"
193.34.75.207 - - [30/Jul/2026:09:39:39 -0400] "POST /wp-login.php HTTP/1.1" 302 0 "-" "Mozilla/5.0 (Macintosh; Intel Mac OS X 10_12_6) AppleWebKit/603.3.8 (KHTML, like Gecko) Version/10.1.2 Safari/603.3.8"
193.34.75.207 - - [30/Jul/2026:09:39:43 -0400] "GET /wp-admin/post-new.php HTTP/1.1" 302 0 "-" "Mozilla/5.0 (Macintosh; Intel Mac OS X 10_12_6) AppleWebKit/603.3.8 (KHTML, like Gecko) Version/10.1.2 Safari/603.3.8"
91.84.115.116 - - [30/Jul/2026:10:07:40 -0400] "GET /?awg_scan=003441fea5eb6dc3c28b0f81eb8584c33f38697c940d4d0719ac6f89c803488e HTTP/1.1" 301 0 "-" "AWG-Server/1.0"
91.84.115.116 - - [30/Jul/2026:10:32:44 -0400] "GET /?awg_scan=003441fea5eb6dc3c28b0f81eb8584c33f38697c940d4d0719ac6f89c803488e HTTP/1.1" 301 0 "-" "AWG-Server/1.0"
91.84.115.116 - - [30/Jul/2026:08:07:44 -0400] "GET /?awg_scan=003441fea5eb6dc3c28b0f81eb8584c33f38697c940d4d0719ac6f89c803488e HTTP/1.1" 301 0 "-" "AWG-Server/1.0"
91.84.115.116 - - [30/Jul/2026:08:12:44 -0400] "GET /?awg_scan=003441fea5eb6dc3c28b0f81eb8584c33f38697c940d4d0719ac6f89c803488e HTTP/1.1" 301 0 "-" "AWG-Server/1.0"
79.127.138.81 - - [30/Jul/2026:08:25:46 -0400] "POST //xmlrpc.php HTTP/1.1" 200 210 "-" "Mozilla/5.0 (Windows NT 10.0; WOW64; rv:45.0) Gecko/20100101 Firefox/45.0"
95.217.28.60 - - [30/Jul/2026:08:44:37 -0400] "GET /wp-login.php HTTP/1.1" 302 0 "-" "got (https://github.com/sindresorhus/got)"
91.84.115.116 - - [30/Jul/2026:09:42:44 -0400] "GET /?awg_scan=003441fea5eb6dc3c28b0f81eb8584c33f38697c940d4d0719ac6f89c803488e HTTP/1.1" 301 0 "-" "AWG-Server/1.0"
91.84.115.116 - - [30/Jul/2026:10:27:44 -0400] "GET /?awg_scan=003441fea5eb6dc3c28b0f81eb8584c33f38697c940d4d0719ac6f89c803488e HTTP/1.1" 301 0 "-" "AWG-Server/1.0"
91.84.115.116 - - [30/Jul/2026:08:02:44 -0400] "GET /?awg_scan=003441fea5eb6dc3c28b0f81eb8584c33f38697c940d4d0719ac6f89c803488e HTTP/1.1" 301 0 "-" "AWG-Server/1.0"
91.84.115.116 - - [30/Jul/2026:08:22:44 -0400] "GET /?awg_scan=003441fea5eb6dc3c28b0f81eb8584c33f38697c940d4d0719ac6f89c803488e HTTP/1.1" 301 0 "-" "AWG-Server/1.0"
91.84.115.116 - - [30/Jul/2026:08:32:45 -0400] "GET /?awg_scan=003441fea5eb6dc3c28b0f81eb8584c33f38697c940d4d0719ac6f89c803488e HTTP/1.1" 301 0 "-" "AWG-Server/1.0"
91.84.115.116 - - [30/Jul/2026:08:57:44 -0400] "GET /?awg_scan=003441fea5eb6dc3c28b0f81eb8584c33f38697c940d4d0719ac6f89c803488e HTTP/1.1" 301 0 "-" "AWG-Server/1.0"
91.84.115.116 - - [30/Jul/2026:09:22:41 -0400] "GET /?awg_scan=003441fea5eb6dc3c28b0f81eb8584c33f38697c940d4d0719ac6f89c803488e HTTP/1.1" 301 0 "-" "AWG-Server/1.0"
91.84.115.116 - - [30/Jul/2026:09:32:44 -0400] "GET /?awg_scan=003441fea5eb6dc3c28b0f81eb8584c33f38697c940d4d0719ac6f89c803488e HTTP/1.1" 301 0 "-" "AWG-Server/1.0"
216.244.66.250 - - [30/Jul/2026:10:35:13 -0400] "GET /robots.txt HTTP/1.1" 200 67 "-" "Mozilla/5.0 (compatible; DotBot/1.2; +https://opensiteexplorer.org/dotbot; help@moz.com)"
144.126.220.138 - - [30/Jul/2026:08:13:53 -0400] "GET /favicon.ico HTTP/1.1" 404 796 "http://www.appmen.com.ng.deconnect.com.ng/" "Mozilla/5.0 (X11; Linux x86_64) AppleWebKit/537.36 (KHTML, like Gecko) Chrome/142.0.0.0 Safari/537.36"
43.156.228.27 - - [30/Jul/2026:09:03:30 -0400] "GET / HTTP/1.1" 301 0 "-" "Mozilla/5.0 (iPhone; CPU iPhone OS 13_2_3 like Mac OS X) AppleWebKit/605.1.15 (KHTML, like Gecko) Version/13.0.3 Mobile/15E148 Safari/604.1"
216.244.66.250 - - [30/Jul/2026:09:14:00 -0400] "GET /2023/06/ HTTP/1.1" 200 167216 "-" "Mozilla/5.0 (compatible; DotBot/1.2; +https://opensiteexplorer.org/dotbot; help@moz.com)"
173.252.70.112 - - [30/Jul/2026:09:23:27 -0400] "GET / HTTP/1.1" 301 0 "-" "facebookexternalhit/1.1 (+http://www.facebook.com/externalhit_uatext.php)"
91.84.115.116 - - [30/Jul/2026:10:42:41 -0400] "GET /?awg_scan=003441fea5eb6dc3c28b0f81eb8584c33f38697c940d4d0719ac6f89c803488e HTTP/1.1" 301 0 "-" "AWG-Server/1.0"
95.217.28.60 - - [30/Jul/2026:10:49:06 -0400] "GET /wp-login.php HTTP/1.1" 302 0 "-" "got (https://github.com/sindresorhus/got)"
216.244.66.250 - - [30/Jul/2026:10:45:49 -0400] "GET /author/omale1984/ HTTP/1.1" 200 179285 "-" "Mozilla/5.0 (compatible; DotBot/1.2; +https://opensiteexplorer.org/dotbot; help@moz.com)"
91.84.115.116 - - [30/Jul/2026:10:52:43 -0400] "GET /?awg_scan=003441fea5eb6dc3c28b0f81eb8584c33f38697c940d4d0719ac6f89c803488e HTTP/1.1" 301 0 "-" "AWG-Server/1.0"
91.84.115.116 - - [30/Jul/2026:10:37:45 -0400] "GET /?awg_scan=003441fea5eb6dc3c28b0f81eb8584c33f38697c940d4d0719ac6f89c803488e HTTP/1.1" 301 0 "-" "AWG-Server/1.0"
91.84.115.116 - - [30/Jul/2026:10:47:45 -0400] "GET /?awg_scan=003441fea5eb6dc3c28b0f81eb8584c33f38697c940d4d0719ac6f89c803488e HTTP/1.1" 301 0 "-" "AWG-Server/1.0"
140.235.2.132 - - [30/Jul/2026:10:49:13 -0400] "GET /wp-login.php HTTP/1.1" 302 0 "-" "Mozilla/5.0 (Windows NT 10.0; Win64; x64) AppleWebKit/537.36 (KHTML, like Gecko) Chrome/144.0.0.0 Safari/537.36"
91.84.115.116 - - [30/Jul/2026:10:57:45 -0400] "GET /?awg_scan=003441fea5eb6dc3c28b0f81eb8584c33f38697c940d4d0719ac6f89c803488e HTTP/1.1" 301 0 "-" "AWG-Server/1.0"
91.84.115.116 - - [30/Jul/2026:11:07:45 -0400] "GET /?awg_scan=003441fea5eb6dc3c28b0f81eb8584c33f38697c940d4d0719ac6f89c803488e HTTP/1.1" 301 0 "-" "AWG-Server/1.0"
91.84.115.116 - - [30/Jul/2026:11:02:44 -0400] "GET /?awg_scan=003441fea5eb6dc3c28b0f81eb8584c33f38697c940d4d0719ac6f89c803488e HTTP/1.1" 301 0 "-" "AWG-Server/1.0"
186.65.120.204 - - [30/Jul/2026:11:07:39 -0400] "GET /wp-login.php HTTP/1.1" 302 0 "-" "Mozilla/5.0 (Macintosh; Intel Mac OS X 10_12_6) AppleWebKit/603.3.8 (KHTML, like Gecko) Version/10.1.2 Safari/603.3.8"
186.65.120.204 - - [30/Jul/2026:11:07:42 -0400] "POST /wp-login.php HTTP/1.1" 302 0 "-" "Mozilla/5.0 (Macintosh; Intel Mac OS X 10_12_6) AppleWebKit/603.3.8 (KHTML, like Gecko) Version/10.1.2 Safari/603.3.8"
186.65.120.204 - - [30/Jul/2026:11:07:48 -0400] "GET /wp-admin/post-new.php HTTP/1.1" 302 0 "-" "Mozilla/5.0 (Macintosh; Intel Mac OS X 10_12_6) AppleWebKit/603.3.8 (KHTML, like Gecko) Version/10.1.2 Safari/603.3.8"
43.130.57.46 - - [30/Jul/2026:11:04:14 -0400] "GET / HTTP/1.1" 301 0 "-" "Mozilla/5.0 (iPhone; CPU iPhone OS 13_2_3 like Mac OS X) AppleWebKit/605.1.15 (KHTML, like Gecko) Version/13.0.3 Mobile/15E148 Safari/604.1"
43.159.143.187 - - [30/Jul/2026:11:08:42 -0400] "GET / HTTP/1.1" 301 0 "-" "Mozilla/5.0 (iPhone; CPU iPhone OS 13_2_3 like Mac OS X) AppleWebKit/605.1.15 (KHTML, like Gecko) Version/13.0.3 Mobile/15E148 Safari/604.1"
91.84.115.116 - - [30/Jul/2026:11:12:45 -0400] "GET /?awg_scan=003441fea5eb6dc3c28b0f81eb8584c33f38697c940d4d0719ac6f89c803488e HTTP/1.1" 301 0 "-" "AWG-Server/1.0"
91.84.115.116 - - [30/Jul/2026:11:22:44 -0400] "GET /?awg_scan=003441fea5eb6dc3c28b0f81eb8584c33f38697c940d4d0719ac6f89c803488e HTTP/1.1" 301 0 "-" "AWG-Server/1.0"
91.84.115.116 - - [30/Jul/2026:11:17:44 -0400] "GET /?awg_scan=003441fea5eb6dc3c28b0f81eb8584c33f38697c940d4d0719ac6f89c803488e HTTP/1.1" 301 0 "-" "AWG-Server/1.0"
49.234.192.248 - - [30/Jul/2026:11:22:41 -0400] "GET / HTTP/1.1" 301 0 "-" "Mozilla/5.0 (iPhone; CPU iPhone OS 13_2_3 like Mac OS X) AppleWebKit/605.1.15 (KHTML, like Gecko) Version/13.0.3 Mobile/15E148 Safari/604.1"
91.84.115.116 - - [30/Jul/2026:11:27:44 -0400] "GET /?awg_scan=003441fea5eb6dc3c28b0f81eb8584c33f38697c940d4d0719ac6f89c803488e HTTP/1.1" 301 0 "-" "AWG-Server/1.0"
216.40.75.59 - - [30/Jul/2026:11:30:24 -0400] "GET /wp-login.php HTTP/1.1" 302 0 "-" "Mozilla/5.0 (Windows NT 10.0; Win64; x64) AppleWebKit/537.36 (KHTML, like Gecko) Chrome/144.0.0.0 Safari/537.36"
95.217.28.60 - - [30/Jul/2026:11:30:18 -0400] "GET /wp-login.php HTTP/1.1" 302 0 "-" "got (https://github.com/sindresorhus/got)"
91.84.115.116 - - [30/Jul/2026:11:47:42 -0400] "GET /?awg_scan=003441fea5eb6dc3c28b0f81eb8584c33f38697c940d4d0719ac6f89c803488e HTTP/1.1" 301 0 "-" "AWG-Server/1.0"
91.84.115.116 - - [30/Jul/2026:11:32:42 -0400] "GET /?awg_scan=003441fea5eb6dc3c28b0f81eb8584c33f38697c940d4d0719ac6f89c803488e HTTP/1.1" 301 0 "-" "AWG-Server/1.0"
91.84.115.116 - - [30/Jul/2026:11:37:44 -0400] "GET /?awg_scan=003441fea5eb6dc3c28b0f81eb8584c33f38697c940d4d0719ac6f89c803488e HTTP/1.1" 301 0 "-" "AWG-Server/1.0"
91.84.115.116 - - [30/Jul/2026:11:42:44 -0400] "GET /?awg_scan=003441fea5eb6dc3c28b0f81eb8584c33f38697c940d4d0719ac6f89c803488e HTTP/1.1" 301 0 "-" "AWG-Server/1.0"
43.165.198.224 - - [30/Jul/2026:11:53:08 -0400] "GET / HTTP/1.1" 301 0 "-" "Mozilla/5.0 (iPhone; CPU iPhone OS 13_2_3 like Mac OS X) AppleWebKit/605.1.15 (KHTML, like Gecko) Version/13.0.3 Mobile/15E148 Safari/604.1"
91.84.115.116 - - [30/Jul/2026:11:52:44 -0400] "GET /?awg_scan=003441fea5eb6dc3c28b0f81eb8584c33f38697c940d4d0719ac6f89c803488e HTTP/1.1" 301 0 "-" "AWG-Server/1.0"
91.84.115.116 - - [30/Jul/2026:12:02:44 -0400] "GET /?awg_scan=003441fea5eb6dc3c28b0f81eb8584c33f38697c940d4d0719ac6f89c803488e HTTP/1.1" 301 0 "-" "AWG-Server/1.0"
91.84.115.116 - - [30/Jul/2026:11:57:45 -0400] "GET /?awg_scan=003441fea5eb6dc3c28b0f81eb8584c33f38697c940d4d0719ac6f89c803488e HTTP/1.1" 301 0 "-" "AWG-Server/1.0"
91.84.115.116 - - [30/Jul/2026:12:12:44 -0400] "GET /?awg_scan=003441fea5eb6dc3c28b0f81eb8584c33f38697c940d4d0719ac6f89c803488e HTTP/1.1" 301 0 "-" "AWG-Server/1.0"
91.84.115.116 - - [30/Jul/2026:12:17:45 -0400] "GET /?awg_scan=003441fea5eb6dc3c28b0f81eb8584c33f38697c940d4d0719ac6f89c803488e HTTP/1.1" 301 0 "-" "AWG-Server/1.0"
91.84.115.116 - - [30/Jul/2026:12:07:42 -0400] "GET /?awg_scan=003441fea5eb6dc3c28b0f81eb8584c33f38697c940d4d0719ac6f89c803488e HTTP/1.1" 301 0 "-" "AWG-Server/1.0"
91.84.115.116 - - [30/Jul/2026:12:37:44 -0400] "GET /?awg_scan=003441fea5eb6dc3c28b0f81eb8584c33f38697c940d4d0719ac6f89c803488e HTTP/1.1" 301 0 "-" "AWG-Server/1.0"
91.84.115.116 - - [30/Jul/2026:12:32:45 -0400] "GET /?awg_scan=003441fea5eb6dc3c28b0f81eb8584c33f38697c940d4d0719ac6f89c803488e HTTP/1.1" 301 0 "-" "AWG-Server/1.0"
91.84.115.116 - - [30/Jul/2026:12:22:42 -0400] "GET /?awg_scan=003441fea5eb6dc3c28b0f81eb8584c33f38697c940d4d0719ac6f89c803488e HTTP/1.1" 301 0 "-" "AWG-Server/1.0"
91.84.115.116 - - [30/Jul/2026:12:27:45 -0400] "GET /?awg_scan=003441fea5eb6dc3c28b0f81eb8584c33f38697c940d4d0719ac6f89c803488e HTTP/1.1" 301 0 "-" "AWG-Server/1.0"
91.84.115.116 - - [30/Jul/2026:12:42:44 -0400] "GET /?awg_scan=003441fea5eb6dc3c28b0f81eb8584c33f38697c940d4d0719ac6f89c803488e HTTP/1.1" 301 0 "-" "AWG-Server/1.0"
91.84.115.116 - - [30/Jul/2026:12:57:44 -0400] "GET /?awg_scan=003441fea5eb6dc3c28b0f81eb8584c33f38697c940d4d0719ac6f89c803488e HTTP/1.1" 301 0 "-" "AWG-Server/1.0"
216.244.66.250 - - [30/Jul/2026:12:58:57 -0400] "GET /robots.txt HTTP/1.1" 200 67 "-" "Mozilla/5.0 (compatible; DotBot/1.2; +https://opensiteexplorer.org/dotbot; help@moz.com)"
162.62.213.165 - - [30/Jul/2026:13:05:42 -0400] "GET / HTTP/1.1" 301 0 "-" "Mozilla/5.0 (iPhone; CPU iPhone OS 13_2_3 like Mac OS X) AppleWebKit/605.1.15 (KHTML, like Gecko) Version/13.0.3 Mobile/15E148 Safari/604.1"
91.84.115.116 - - [30/Jul/2026:13:07:40 -0400] "GET /?awg_scan=003441fea5eb6dc3c28b0f81eb8584c33f38697c940d4d0719ac6f89c803488e HTTP/1.1" 301 0 "-" "AWG-Server/1.0"
91.84.115.116 - - [30/Jul/2026:13:12:44 -0400] "GET /?awg_scan=003441fea5eb6dc3c28b0f81eb8584c33f38697c940d4d0719ac6f89c803488e HTTP/1.1" 301 0 "-" "AWG-Server/1.0"
91.84.115.116 - - [30/Jul/2026:13:17:46 -0400] "GET /?awg_scan=003441fea5eb6dc3c28b0f81eb8584c33f38697c940d4d0719ac6f89c803488e HTTP/1.1" 301 0 "-" "AWG-Server/1.0"
91.84.115.116 - - [30/Jul/2026:13:02:43 -0400] "GET /?awg_scan=003441fea5eb6dc3c28b0f81eb8584c33f38697c940d4d0719ac6f89c803488e HTTP/1.1" 301 0 "-" "AWG-Server/1.0"
216.244.66.250 - - [30/Jul/2026:13:03:29 -0400] "GET /feed/ HTTP/1.1" 200 0 "-" "Mozilla/5.0 (compatible; DotBot/1.2; +https://opensiteexplorer.org/dotbot; help@moz.com)"
91.84.115.116 - - [30/Jul/2026:12:47:42 -0400] "GET /?awg_scan=003441fea5eb6dc3c28b0f81eb8584c33f38697c940d4d0719ac6f89c803488e HTTP/1.1" 301 0 "-" "AWG-Server/1.0"
91.84.115.116 - - [30/Jul/2026:12:52:43 -0400] "GET /?awg_scan=003441fea5eb6dc3c28b0f81eb8584c33f38697c940d4d0719ac6f89c803488e HTTP/1.1" 301 0 "-" "AWG-Server/1.0"
91.84.115.116 - - [30/Jul/2026:13:22:43 -0400] "GET /?awg_scan=003441fea5eb6dc3c28b0f81eb8584c33f38697c940d4d0719ac6f89c803488e HTTP/1.1" 301 0 "-" "AWG-Server/1.0"
91.84.115.116 - - [30/Jul/2026:13:27:44 -0400] "GET /?awg_scan=003441fea5eb6dc3c28b0f81eb8584c33f38697c940d4d0719ac6f89c803488e HTTP/1.1" 301 0 "-" "AWG-Server/1.0"
91.84.115.116 - - [30/Jul/2026:13:32:44 -0400] "GET /?awg_scan=003441fea5eb6dc3c28b0f81eb8584c33f38697c940d4d0719ac6f89c803488e HTTP/1.1" 301 0 "-" "AWG-Server/1.0"
91.84.115.116 - - [30/Jul/2026:13:42:45 -0400] "GET /?awg_scan=003441fea5eb6dc3c28b0f81eb8584c33f38697c940d4d0719ac6f89c803488e HTTP/1.1" 301 0 "-" "AWG-Server/1.0"
91.84.115.116 - - [30/Jul/2026:13:37:45 -0400] "GET /?awg_scan=003441fea5eb6dc3c28b0f81eb8584c33f38697c940d4d0719ac6f89c803488e HTTP/1.1" 301 0 "-" "AWG-Server/1.0"
216.244.66.250 - - [30/Jul/2026:13:47:48 -0400] "GET /robots.txt HTTP/1.1" 200 67 "-" "Mozilla/5.0 (compatible; DotBot/1.2; +https://opensiteexplorer.org/dotbot; help@moz.com)"
216.244.66.250 - - [30/Jul/2026:13:59:51 -0400] "GET /2026/03/ HTTP/1.1" 200 182324 "-" "Mozilla/5.0 (compatible; DotBot/1.2; +https://opensiteexplorer.org/dotbot; help@moz.com)"
91.84.115.116 - - [30/Jul/2026:13:47:43 -0400] "GET /?awg_scan=003441fea5eb6dc3c28b0f81eb8584c33f38697c940d4d0719ac6f89c803488e HTTP/1.1" 301 0 "-" "AWG-Server/1.0"
156.232.88.6 - - [30/Jul/2026:13:57:31 -0400] "GET /.well-known/acme-challenge/RSLN5Y26DAZ9W4AQKPPK2ORPJ2Z8G78P HTTP/1.1" 200 64 "-" "Cpanel-HTTP-Client/1.0"
156.232.88.6 - - [30/Jul/2026:13:57:32 -0400] "GET /.well-known/acme-challenge/VZOX_I1L-US_1201-N1RBDS49GP6U6M1 HTTP/1.1" 200 64 "-" "Cpanel-HTTP-Client/1.0"
156.232.88.6 - - [30/Jul/2026:13:57:32 -0400] "GET /.well-known/acme-challenge/C2W0FDCBWJ42ICLX5CV51J5129IR0ISI HTTP/1.1" 200 64 "-" "Cpanel-HTTP-Client/1.0"
156.232.88.6 - - [30/Jul/2026:13:57:32 -0400] "GET /.well-known/acme-challenge/1Z_X6B69M9J-U_PA6J0RZ7W0GPSC5NVC HTTP/1.1" 200 64 "-" "Cpanel-HTTP-Client/1.0"
156.232.88.6 - - [30/Jul/2026:13:57:32 -0400] "GET /.well-known/acme-challenge/G2KWUK6AV71JQACL78174YU765ZDI26N HTTP/1.1" 200 64 "-" "Cpanel-HTTP-Client/1.0"
156.232.88.6 - - [30/Jul/2026:13:57:33 -0400] "GET /.well-known/acme-challenge/N8UWK04BMIAM_IYO1OO9J8GT444UDJFD HTTP/1.1" 200 64 "-" "Cpanel-HTTP-Client/1.0"
156.232.88.6 - - [30/Jul/2026:13:57:31 -0400] "GET /.well-known/acme-challenge/L4FVL-QEEF_AB_K3ECUEOJ7HWA5EKLX3 HTTP/1.1" 200 64 "-" "Cpanel-HTTP-Client/1.0"
156.232.88.6 - - [30/Jul/2026:13:57:31 -0400] "GET /.well-known/acme-challenge/7Q35VAWYIID8REHYB4NWHDDHSMP-KEYT HTTP/1.1" 200 64 "-" "Cpanel-HTTP-Client/1.0"
156.232.88.6 - - [30/Jul/2026:13:57:34 -0400] "GET /.well-known/acme-challenge/CYHVRNQT6_9DRTN859HK_B86PZ43RU96 HTTP/1.1" 200 64 "-" "Cpanel-HTTP-Client/1.0"
91.84.115.116 - - [30/Jul/2026:13:52:44 -0400] "GET /?awg_scan=003441fea5eb6dc3c28b0f81eb8584c33f38697c940d4d0719ac6f89c803488e HTTP/1.1" 301 0 "-" "AWG-Server/1.0"
156.232.88.6 - - [30/Jul/2026:13:57:31 -0400] "GET /.well-known/acme-challenge/C2PGHG3CZSRDW2GQZSYGXU2KZJAZRFQ0 HTTP/1.1" 200 64 "-" "Cpanel-HTTP-Client/1.0"
91.84.115.116 - - [30/Jul/2026:13:57:44 -0400] "GET /?awg_scan=003441fea5eb6dc3c28b0f81eb8584c33f38697c940d4d0719ac6f89c803488e HTTP/1.1" 301 0 "-" "AWG-Server/1.0"
156.232.88.6 - - [30/Jul/2026:13:57:31 -0400] "GET /.well-known/acme-challenge/CSB4RY9BZRA9CHE12CO4AY_QZWY4MCPZ HTTP/1.1" 200 64 "-" "Cpanel-HTTP-Client/1.0"
192.36.109.82 - - [30/Jul/2026:13:48:06 -0400] "GET / HTTP/1.1" 301 0 "-" "Mozilla/5.0 (iPhone; CPU iPhone OS 17_1_2 like Mac OS X) AppleWebKit/605.1.15 (KHTML, like Gecko) Version/17.1.2 Mobile/15E148 Safari/604"
165.22.34.189 - - [30/Jul/2026:14:09:21 -0400] "GET /server-status HTTP/1.1" 200 0 "-" "Mozilla/5.0 (l9scan/2.0.63e28383e2233323e2635313; +https://leakix.net)"
165.22.34.189 - - [30/Jul/2026:14:09:26 -0400] "GET /login.action HTTP/1.1" 200 0 "-" "Mozilla/5.0 (l9scan/2.0.63e28383e2233323e2635313; +https://leakix.net)"
165.22.34.189 - - [30/Jul/2026:14:09:30 -0400] "GET / HTTP/1.1" 301 0 "-" "Mozilla/5.0 (l9scan/2.0.63e28383e2233323e2635313; +https://leakix.net)"
165.22.34.189 - - [30/Jul/2026:14:09:42 -0400] "GET /.DS_Store HTTP/1.1" 200 0 "-" "Mozilla/5.0 (l9scan/2.0.63e28383e2233323e2635313; +https://leakix.net)"
18.218.127.144 - - [30/Jul/2026:14:06:58 -0400] "GET /.well-known/acme-challenge/rW6d6GRy2dYZVtkK_dQ_KzEQDyI7e54lstVetBGAgO0 HTTP/1.1" 200 87 "-" "Mozilla/5.0 (compatible; Let's Encrypt validation server; +https://www.letsencrypt.org)"
51.20.82.138 - - [30/Jul/2026:14:06:58 -0400] "GET /.well-known/acme-challenge/rW6d6GRy2dYZVtkK_dQ_KzEQDyI7e54lstVetBGAgO0 HTTP/1.1" 200 87 "-" "Mozilla/5.0 (compatible; Let's Encrypt validation server; +https://www.letsencrypt.org)"
54.218.255.201 - - [30/Jul/2026:14:06:59 -0400] "GET /.well-known/acme-challenge/ZeyXyFmlzLO4R5V7MUppSQDIjaszc71XH3B4K70SAPY HTTP/1.1" 200 87 "-" "Mozilla/5.0 (compatible; Let's Encrypt validation server; +https://www.letsencrypt.org)"
16.171.181.7 - - [30/Jul/2026:14:06:59 -0400] "GET /.well-known/acme-challenge/ZeyXyFmlzLO4R5V7MUppSQDIjaszc71XH3B4K70SAPY HTTP/1.1" 200 87 "-" "Mozilla/5.0 (compatible; Let's Encrypt validation server; +https://www.letsencrypt.org)"
185.242.177.64 - - [30/Jul/2026:14:09:59 -0400] "GET / HTTP/1.1" 301 0 "-" "Mozilla/5.0 (Windows NT 10.0; Win64; x64; rv:147.0) Gecko/20100101 Firefox/147.0"
23.178.112.212 - - [30/Jul/2026:14:06:58 -0400] "GET /.well-known/acme-challenge/rW6d6GRy2dYZVtkK_dQ_KzEQDyI7e54lstVetBGAgO0 HTTP/1.1" 200 87 "-" "Mozilla/5.0 (compatible; Let's Encrypt validation server; +https://www.letsencrypt.org)"
3.143.249.220 - - [30/Jul/2026:14:06:58 -0400] "GET /.well-known/acme-challenge/X2Rk0_NeebWtYe2IpGIi59zjPAKgJv1AQy7bRk0J5sw HTTP/1.1" 200 87 "-" "Mozilla/5.0 (compatible; Let's Encrypt validation server; +https://www.letsencrypt.org)"
13.214.127.189 - - [30/Jul/2026:14:06:58 -0400] "GET /.well-known/acme-challenge/rW6d6GRy2dYZVtkK_dQ_KzEQDyI7e54lstVetBGAgO0 HTTP/1.1" 200 87 "-" "Mozilla/5.0 (compatible; Let's Encrypt validation server; +https://www.letsencrypt.org)"
165.22.34.189 - - [30/Jul/2026:14:09:14 -0400] "GET /console/ HTTP/1.1" 200 0 "-" "Mozilla/5.0 (l9scan/2.0.63e28383e2233323e2635313; +https://leakix.net)"
165.22.34.189 - - [30/Jul/2026:14:09:39 -0400] "GET /v2/_catalog HTTP/1.1" 200 0 "-" "Mozilla/5.0 (l9scan/2.0.63e28383e2233323e2635313; +https://leakix.net)"
51.20.117.159 - - [30/Jul/2026:14:06:58 -0400] "GET /.well-known/acme-challenge/X2Rk0_NeebWtYe2IpGIi59zjPAKgJv1AQy7bRk0J5sw HTTP/1.1" 200 87 "-" "Mozilla/5.0 (compatible; Let's Encrypt validation server; +https://www.letsencrypt.org)"
54.169.151.46 - - [30/Jul/2026:14:06:58 -0400] "GET /.well-known/acme-challenge/X2Rk0_NeebWtYe2IpGIi59zjPAKgJv1AQy7bRk0J5sw HTTP/1.1" 200 87 "-" "Mozilla/5.0 (compatible; Let's Encrypt validation server; +https://www.letsencrypt.org)"
91.84.115.116 - - [30/Jul/2026:14:02:41 -0400] "GET /?awg_scan=003441fea5eb6dc3c28b0f81eb8584c33f38697c940d4d0719ac6f89c803488e HTTP/1.1" 301 0 "-" "AWG-Server/1.0"
91.84.115.116 - - [30/Jul/2026:14:07:46 -0400] "GET /?awg_scan=003441fea5eb6dc3c28b0f81eb8584c33f38697c940d4d0719ac6f89c803488e HTTP/1.1" 301 0 "-" "AWG-Server/1.0"
165.22.34.189 - - [30/Jul/2026:14:09:47 -0400] "GET /ecp/Current/exporttool/microsoft.exchange.ediscovery.exporttool.application HTTP/1.1" 200 0 "-" "Mozilla/5.0 (l9scan/2.0.63e28383e2233323e2635313; +https://leakix.net)"
185.242.177.69 - - [30/Jul/2026:14:09:49 -0400] "GET / HTTP/1.1" 301 0 "-" "Mozilla/5.0 (Windows NT 10.0; Win64; x64; rv:147.0) Gecko/20100101 Firefox/147.0"
184.32.151.53 - - [30/Jul/2026:14:06:58 -0400] "GET /.well-known/acme-challenge/X2Rk0_NeebWtYe2IpGIi59zjPAKgJv1AQy7bRk0J5sw HTTP/1.1" 200 87 "-" "Mozilla/5.0 (compatible; Let's Encrypt validation server; +https://www.letsencrypt.org)"
3.141.37.189 - - [30/Jul/2026:14:06:59 -0400] "GET /.well-known/acme-challenge/ZeyXyFmlzLO4R5V7MUppSQDIjaszc71XH3B4K70SAPY HTTP/1.1" 200 87 "-" "Mozilla/5.0 (compatible; Let's Encrypt validation server; +https://www.letsencrypt.org)"
146.70.198.176 - - [30/Jul/2026:14:07:43 -0400] "GET / HTTP/1.1" 301 0 "-" "Mozilla/5.0 (Macintosh; Intel Mac OS X 10_15_7) AppleWebKit/537.36 (KHTML, like Gecko) Chrome/146.0.0.0 Safari/537.36"
165.22.34.189 - - [30/Jul/2026:14:09:10 -0400] "GET / HTTP/1.1" 301 0 "-" "Mozilla/5.0 (l9scan/2.0.63e28383e2233323e2635313; +https://leakix.net)"
165.22.34.189 - - [30/Jul/2026:14:09:24 -0400] "GET /about HTTP/1.1" 301 0 "-" "Mozilla/5.0 (l9scan/2.0.63e28383e2233323e2635313; +https://leakix.net)"
165.22.34.189 - - [30/Jul/2026:14:09:32 -0400] "GET /___proxy_subdomain_whm/login HTTP/1.1" 200 0 "-" "Mozilla/5.0 (l9scan/2.0.63e28383e2233323e2635313; +https://leakix.net)"
165.22.34.189 - - [30/Jul/2026:14:09:35 -0400] "GET /___proxy_subdomain_cpanel HTTP/1.1" 200 0 "-" "Mozilla/5.0 (l9scan/2.0.63e28383e2233323e2635313; +https://leakix.net)"
165.22.34.189 - - [30/Jul/2026:14:09:45 -0400] "GET /.env HTTP/1.1" 403 787 "-" "Mozilla/5.0 (l9scan/2.0.63e28383e2233323e2635313; +https://leakix.net)"
165.22.34.189 - - [30/Jul/2026:14:09:51 -0400] "GET /.git/config HTTP/1.1" 403 787 "-" "Mozilla/5.0 (l9scan/2.0.63e28383e2233323e2635313; +https://leakix.net)"
23.178.112.211 - - [30/Jul/2026:14:06:58 -0400] "GET /.well-known/acme-challenge/X2Rk0_NeebWtYe2IpGIi59zjPAKgJv1AQy7bRk0J5sw HTTP/1.1" 200 87 "-" "Mozilla/5.0 (compatible; Let's Encrypt validation server; +https://www.letsencrypt.org)"
184.32.151.53 - - [30/Jul/2026:14:06:58 -0400] "GET /.well-known/acme-challenge/rW6d6GRy2dYZVtkK_dQ_KzEQDyI7e54lstVetBGAgO0 HTTP/1.1" 200 87 "-" "Mozilla/5.0 (compatible; Let's Encrypt validation server; +https://www.letsencrypt.org)"
23.178.112.219 - - [30/Jul/2026:14:06:58 -0400] "GET /.well-known/acme-challenge/ZeyXyFmlzLO4R5V7MUppSQDIjaszc71XH3B4K70SAPY HTTP/1.1" 200 87 "-" "Mozilla/5.0 (compatible; Let's Encrypt validation server; +https://www.letsencrypt.org)"
18.140.70.203 - - [30/Jul/2026:14:06:59 -0400] "GET /.well-known/acme-challenge/ZeyXyFmlzLO4R5V7MUppSQDIjaszc71XH3B4K70SAPY HTTP/1.1" 200 87 "-" "Mozilla/5.0 (compatible; Let's Encrypt validation server; +https://www.letsencrypt.org)"
165.22.34.189 - - [30/Jul/2026:14:09:17 -0400] "GET /server HTTP/1.1" 200 0 "-" "Mozilla/5.0 (l9scan/2.0.63e28383e2233323e2635313; +https://leakix.net)"
91.84.115.116 - - [30/Jul/2026:14:12:41 -0400] "GET /?awg_scan=003441fea5eb6dc3c28b0f81eb8584c33f38697c940d4d0719ac6f89c803488e HTTP/1.1" 301 0 "-" "AWG-Server/1.0"
57.129.136.58 - - [30/Jul/2026:14:11:37 -0400] "GET / HTTP/1.1" 301 0 "-" "python-httpx/0.27.2"
91.84.115.116 - - [30/Jul/2026:14:17:46 -0400] "GET /?awg_scan=003441fea5eb6dc3c28b0f81eb8584c33f38697c940d4d0719ac6f89c803488e HTTP/1.1" 301 0 "-" "AWG-Server/1.0"
91.84.115.116 - - [30/Jul/2026:14:32:41 -0400] "GET /?awg_scan=003441fea5eb6dc3c28b0f81eb8584c33f38697c940d4d0719ac6f89c803488e HTTP/1.1" 301 0 "-" "AWG-Server/1.0"
91.231.89.125 - - [30/Jul/2026:14:32:33 -0400] "GET / HTTP/1.1" 301 0 "-" "Mozilla/5.0 (X11; Ubuntu; Linux x86_64; rv:134.0) Gecko/20100101 Firefox/134.0"
54.224.35.179 - - [30/Jul/2026:14:27:37 -0400] "GET / HTTP/1.1" 301 0 "-" "Mozilla/5.0 (Windows NT 10.0; Win64; x64) AppleWebKit/537.36 (KHTML, like Gecko) Chrome/120.0.0.0 Safari/537.36"
191.102.179.52 - - [30/Jul/2026:14:34:51 -0400] "GET /wp-login.php HTTP/1.1" 302 0 "-" "Mozilla/5.0 (Macintosh; Intel Mac OS X 10_12_6) AppleWebKit/603.3.8 (KHTML, like Gecko) Version/10.1.2 Safari/603.3.8"
191.102.179.52 - - [30/Jul/2026:14:34:54 -0400] "POST /wp-login.php HTTP/1.1" 302 0 "-" "Mozilla/5.0 (Macintosh; Intel Mac OS X 10_12_6) AppleWebKit/603.3.8 (KHTML, like Gecko) Version/10.1.2 Safari/603.3.8"
191.102.179.52 - - [30/Jul/2026:14:34:58 -0400] "GET /wp-admin/post-new.php HTTP/1.1" 302 0 "-" "Mozilla/5.0 (Macintosh; Intel Mac OS X 10_12_6) AppleWebKit/603.3.8 (KHTML, like Gecko) Version/10.1.2 Safari/603.3.8"
216.244.66.250 - - [30/Jul/2026:14:36:38 -0400] "GET /robots.txt HTTP/1.1" 200 67 "-" "Mozilla/5.0 (compatible; DotBot/1.2; +https://opensiteexplorer.org/dotbot; help@moz.com)"
91.84.115.116 - - [30/Jul/2026:14:22:47 -0400] "GET /?awg_scan=003441fea5eb6dc3c28b0f81eb8584c33f38697c940d4d0719ac6f89c803488e HTTP/1.1" 301 0 "-" "AWG-Server/1.0"
91.231.89.123 - - [30/Jul/2026:14:33:08 -0400] "GET / HTTP/1.1" 301 0 "-" "Mozilla/5.0 (X11; Ubuntu; Linux x86_64; rv:134.0) Gecko/20100101 Firefox/134.0"
91.84.115.116 - - [30/Jul/2026:14:27:40 -0400] "GET /?awg_scan=003441fea5eb6dc3c28b0f81eb8584c33f38697c940d4d0719ac6f89c803488e HTTP/1.1" 301 0 "-" "AWG-Server/1.0"
91.231.89.121 - - [30/Jul/2026:14:32:39 -0400] "GET / HTTP/1.1" 301 0 "-" "Mozilla/5.0 (X11; Ubuntu; Linux x86_64; rv:134.0) Gecko/20100101 Firefox/134.0"
91.84.115.116 - - [30/Jul/2026:14:37:44 -0400] "GET /?awg_scan=003441fea5eb6dc3c28b0f81eb8584c33f38697c940d4d0719ac6f89c803488e HTTP/1.1" 301 0 "-" "AWG-Server/1.0"
91.84.115.116 - - [30/Jul/2026:14:52:46 -0400] "GET /?awg_scan=003441fea5eb6dc3c28b0f81eb8584c33f38697c940d4d0719ac6f89c803488e HTTP/1.1" 301 0 "-" "AWG-Server/1.0"
91.84.115.116 - - [30/Jul/2026:14:42:42 -0400] "GET /?awg_scan=003441fea5eb6dc3c28b0f81eb8584c33f38697c940d4d0719ac6f89c803488e HTTP/1.1" 301 0 "-" "AWG-Server/1.0"
216.244.66.250 - - [30/Jul/2026:14:49:06 -0400] "GET /category/uncategorized/ HTTP/1.1" 200 189370 "-" "Mozilla/5.0 (compatible; DotBot/1.2; +https://opensiteexplorer.org/dotbot; help@moz.com)"
91.84.115.116 - - [30/Jul/2026:14:47:42 -0400] "GET /?awg_scan=003441fea5eb6dc3c28b0f81eb8584c33f38697c940d4d0719ac6f89c803488e HTTP/1.1" 301 0 "-" "AWG-Server/1.0"
95.164.235.143 - - [30/Jul/2026:14:48:29 -0400] "GET /wp-login.php HTTP/1.1" 302 0 "-" "Mozilla/5.0 (Macintosh; Intel Mac OS X 10_12_6) AppleWebKit/603.3.8 (KHTML, like Gecko) Version/10.1.2 Safari/603.3.8"
95.164.235.143 - - [30/Jul/2026:14:48:33 -0400] "POST /wp-login.php HTTP/1.1" 302 0 "-" "Mozilla/5.0 (Macintosh; Intel Mac OS X 10_12_6) AppleWebKit/603.3.8 (KHTML, like Gecko) Version/10.1.2 Safari/603.3.8"
95.164.235.143 - - [30/Jul/2026:14:48:36 -0400] "GET /wp-admin/post-new.php HTTP/1.1" 302 0 "-" "Mozilla/5.0 (Macintosh; Intel Mac OS X 10_12_6) AppleWebKit/603.3.8 (KHTML, like Gecko) Version/10.1.2 Safari/603.3.8"
91.84.115.116 - - [30/Jul/2026:14:57:42 -0400] "GET /?awg_scan=003441fea5eb6dc3c28b0f81eb8584c33f38697c940d4d0719ac6f89c803488e HTTP/1.1" 301 0 "-" "AWG-Server/1.0"
91.231.89.96 - - [30/Jul/2026:14:57:45 -0400] "GET / HTTP/1.1" 301 0 "-" "Mozilla/5.0 (X11; Ubuntu; Linux x86_64; rv:134.0) Gecko/20100101 Firefox/134.0"
91.231.89.101 - - [30/Jul/2026:14:58:13 -0400] "GET / HTTP/1.1" 301 0 "-" "Mozilla/5.0 (X11; Ubuntu; Linux x86_64; rv:134.0) Gecko/20100101 Firefox/134.0"
91.231.89.99 - - [30/Jul/2026:14:57:37 -0400] "GET / HTTP/1.1" 301 0 "-" "Mozilla/5.0 (X11; Ubuntu; Linux x86_64; rv:134.0) Gecko/20100101 Firefox/134.0"
91.84.115.116 - - [30/Jul/2026:15:07:46 -0400] "GET /?awg_scan=003441fea5eb6dc3c28b0f81eb8584c33f38697c940d4d0719ac6f89c803488e HTTP/1.1" 301 0 "-" "AWG-Server/1.0"
91.84.115.116 - - [30/Jul/2026:15:02:41 -0400] "GET /?awg_scan=003441fea5eb6dc3c28b0f81eb8584c33f38697c940d4d0719ac6f89c803488e HTTP/1.1" 301 0 "-" "AWG-Server/1.0"
91.84.115.116 - - [30/Jul/2026:15:12:41 -0400] "GET /?awg_scan=003441fea5eb6dc3c28b0f81eb8584c33f38697c940d4d0719ac6f89c803488e HTTP/1.1" 301 0 "-" "AWG-Server/1.0"
91.84.115.116 - - [30/Jul/2026:15:17:44 -0400] "GET /?awg_scan=003441fea5eb6dc3c28b0f81eb8584c33f38697c940d4d0719ac6f89c803488e HTTP/1.1" 301 0 "-" "AWG-Server/1.0"
91.84.115.116 - - [30/Jul/2026:15:22:41 -0400] "GET /?awg_scan=003441fea5eb6dc3c28b0f81eb8584c33f38697c940d4d0719ac6f89c803488e HTTP/1.1" 301 0 "-" "AWG-Server/1.0"
91.84.115.116 - - [30/Jul/2026:15:32:44 -0400] "GET /?awg_scan=003441fea5eb6dc3c28b0f81eb8584c33f38697c940d4d0719ac6f89c803488e HTTP/1.1" 301 0 "-" "AWG-Server/1.0"
91.84.115.116 - - [30/Jul/2026:15:37:42 -0400] "GET /?awg_scan=003441fea5eb6dc3c28b0f81eb8584c33f38697c940d4d0719ac6f89c803488e HTTP/1.1" 301 0 "-" "AWG-Server/1.0"
91.84.115.116 - - [30/Jul/2026:15:27:42 -0400] "GET /?awg_scan=003441fea5eb6dc3c28b0f81eb8584c33f38697c940d4d0719ac6f89c803488e HTTP/1.1" 301 0 "-" "AWG-Server/1.0"
87.99.135.61 - - [30/Jul/2026:15:47:25 -0400] "GET /.git/config HTTP/1.1" 403 787 "-" "Mozilla/5.0 (Windows NT 10.0; Win64; x64) AppleWebKit/537.36 Chrome/131.0.0.0"
91.84.115.116 - - [30/Jul/2026:15:47:41 -0400] "GET /?awg_scan=003441fea5eb6dc3c28b0f81eb8584c33f38697c940d4d0719ac6f89c803488e HTTP/1.1" 301 0 "-" "AWG-Server/1.0"
91.84.115.116 - - [30/Jul/2026:15:42:41 -0400] "GET /?awg_scan=003441fea5eb6dc3c28b0f81eb8584c33f38697c940d4d0719ac6f89c803488e HTTP/1.1" 301 0 "-" "AWG-Server/1.0"
91.84.115.116 - - [30/Jul/2026:15:52:44 -0400] "GET /?awg_scan=003441fea5eb6dc3c28b0f81eb8584c33f38697c940d4d0719ac6f89c803488e HTTP/1.1" 301 0 "-" "AWG-Server/1.0"
87.99.135.61 - - [30/Jul/2026:15:47:24 -0400] "GET /.git/config HTTP/1.1" 403 787 "-" "Mozilla/5.0 (Windows NT 10.0; Win64; x64) AppleWebKit/537.36 Chrome/131.0.0.0"
91.84.115.116 - - [30/Jul/2026:16:12:40 -0400] "GET /?awg_scan=003441fea5eb6dc3c28b0f81eb8584c33f38697c940d4d0719ac6f89c803488e HTTP/1.1" 301 0 "-" "AWG-Server/1.0"
91.84.115.116 - - [30/Jul/2026:16:07:42 -0400] "GET /?awg_scan=003441fea5eb6dc3c28b0f81eb8584c33f38697c940d4d0719ac6f89c803488e HTTP/1.1" 301 0 "-" "AWG-Server/1.0"
43.153.7.191 - - [30/Jul/2026:16:12:00 -0400] "GET / HTTP/1.1" 301 0 "-" "Mozilla/5.0 (iPhone; CPU iPhone OS 13_2_3 like Mac OS X) AppleWebKit/605.1.15 (KHTML, like Gecko) Version/13.0.3 Mobile/15E148 Safari/604.1"
91.84.115.116 - - [30/Jul/2026:16:02:41 -0400] "GET /?awg_scan=003441fea5eb6dc3c28b0f81eb8584c33f38697c940d4d0719ac6f89c803488e HTTP/1.1" 301 0 "-" "AWG-Server/1.0"
91.84.115.116 - - [30/Jul/2026:15:57:45 -0400] "GET /?awg_scan=003441fea5eb6dc3c28b0f81eb8584c33f38697c940d4d0719ac6f89c803488e HTTP/1.1" 301 0 "-" "AWG-Server/1.0"
45.15.245.156 - - [30/Jul/2026:16:02:21 -0400] "GET /wp-login.php HTTP/1.1" 302 0 "-" "Mozilla/5.0 (Macintosh; Intel Mac OS X 10_12_6) AppleWebKit/603.3.8 (KHTML, like Gecko) Version/10.1.2 Safari/603.3.8"
45.15.245.156 - - [30/Jul/2026:16:02:24 -0400] "POST /wp-login.php HTTP/1.1" 302 0 "-" "Mozilla/5.0 (Macintosh; Intel Mac OS X 10_12_6) AppleWebKit/603.3.8 (KHTML, like Gecko) Version/10.1.2 Safari/603.3.8"
45.15.245.156 - - [30/Jul/2026:16:02:29 -0400] "GET /wp-admin/post-new.php HTTP/1.1" 302 0 "-" "Mozilla/5.0 (Macintosh; Intel Mac OS X 10_12_6) AppleWebKit/603.3.8 (KHTML, like Gecko) Version/10.1.2 Safari/603.3.8"
216.244.66.250 - - [30/Jul/2026:16:13:08 -0400] "GET /robots.txt HTTP/1.1" 200 67 "-" "Mozilla/5.0 (compatible; DotBot/1.2; +https://opensiteexplorer.org/dotbot; help@moz.com)"
91.84.115.116 - - [30/Jul/2026:16:17:43 -0400] "GET /?awg_scan=003441fea5eb6dc3c28b0f81eb8584c33f38697c940d4d0719ac6f89c803488e HTTP/1.1" 301 0 "-" "AWG-Server/1.0"
101.32.52.164 - - [30/Jul/2026:16:19:31 -0400] "GET / HTTP/1.1" 301 0 "-" "Mozilla/5.0 (iPhone; CPU iPhone OS 13_2_3 like Mac OS X) AppleWebKit/605.1.15 (KHTML, like Gecko) Version/13.0.3 Mobile/15E148 Safari/604.1"
91.84.115.116 - - [30/Jul/2026:16:22:45 -0400] "GET /?awg_scan=003441fea5eb6dc3c28b0f81eb8584c33f38697c940d4d0719ac6f89c803488e HTTP/1.1" 301 0 "-" "AWG-Server/1.0"
216.244.66.250 - - [30/Jul/2026:16:24:54 -0400] "GET /comments/feed/ HTTP/1.1" 200 1629 "-" "Mozilla/5.0 (compatible; DotBot/1.2; +https://opensiteexplorer.org/dotbot; help@moz.com)"
91.84.115.116 - - [30/Jul/2026:16:27:47 -0400] "GET /?awg_scan=003441fea5eb6dc3c28b0f81eb8584c33f38697c940d4d0719ac6f89c803488e HTTP/1.1" 301 0 "-" "AWG-Server/1.0"
140.245.34.60 - - [30/Jul/2026:16:40:08 -0400] "GET / HTTP/1.1" 301 0 "-" "Mozilla/5.0 (Macintosh; Intel Mac OS X 10_15_7) AppleWebKit/537.36 (KHTML, like Gecko) Chrome/125.0.0.0 Safari/537.36"
140.245.34.60 - - [30/Jul/2026:16:40:15 -0400] "POST /wp-json/batch/v1 HTTP/1.1" 207 255 "-" "Mozilla/5.0 (Windows NT 10.0; Win64; x64; rv:126.0) Gecko/20100101 Firefox/126.0"
140.245.34.60 - - [30/Jul/2026:16:40:19 -0400] "POST /?rest_route=/batch/v1 HTTP/1.1" 403 787 "-" "Mozilla/5.0 (iPhone; CPU iPhone OS 17_5 like Mac OS X) Mobile/15E148 Safari/604.1"
91.84.115.116 - - [30/Jul/2026:16:37:40 -0400] "GET /?awg_scan=003441fea5eb6dc3c28b0f81eb8584c33f38697c940d4d0719ac6f89c803488e HTTP/1.1" 301 0 "-" "AWG-Server/1.0"
91.84.115.116 - - [30/Jul/2026:16:42:42 -0400] "GET /?awg_scan=003441fea5eb6dc3c28b0f81eb8584c33f38697c940d4d0719ac6f89c803488e HTTP/1.1" 301 0 "-" "AWG-Server/1.0"
91.84.115.116 - - [30/Jul/2026:16:32:41 -0400] "GET /?awg_scan=003441fea5eb6dc3c28b0f81eb8584c33f38697c940d4d0719ac6f89c803488e HTTP/1.1" 301 0 "-" "AWG-Server/1.0"
91.84.115.116 - - [30/Jul/2026:16:47:42 -0400] "GET /?awg_scan=003441fea5eb6dc3c28b0f81eb8584c33f38697c940d4d0719ac6f89c803488e HTTP/1.1" 301 0 "-" "AWG-Server/1.0"
91.84.115.116 - - [30/Jul/2026:16:57:40 -0400] "GET /?awg_scan=003441fea5eb6dc3c28b0f81eb8584c33f38697c940d4d0719ac6f89c803488e HTTP/1.1" 301 0 "-" "AWG-Server/1.0"
216.244.66.250 - - [30/Jul/2026:17:01:32 -0400] "GET /robots.txt HTTP/1.1" 200 67 "-" "Mozilla/5.0 (compatible; DotBot/1.2; +https://opensiteexplorer.org/dotbot; help@moz.com)"
91.84.115.116 - - [30/Jul/2026:16:52:41 -0400] "GET /?awg_scan=003441fea5eb6dc3c28b0f81eb8584c33f38697c940d4d0719ac6f89c803488e HTTP/1.1" 301 0 "-" "AWG-Server/1.0"
91.84.115.116 - - [30/Jul/2026:17:02:42 -0400] "GET /?awg_scan=003441fea5eb6dc3c28b0f81eb8584c33f38697c940d4d0719ac6f89c803488e HTTP/1.1" 301 0 "-" "AWG-Server/1.0"
91.84.115.116 - - [30/Jul/2026:17:07:46 -0400] "GET /?awg_scan=003441fea5eb6dc3c28b0f81eb8584c33f38697c940d4d0719ac6f89c803488e HTTP/1.1" 301 0 "-" "AWG-Server/1.0"
216.244.66.250 - - [30/Jul/2026:17:10:55 -0400] "GET /governance-structure/ HTTP/1.1" 200 174035 "-" "Mozilla/5.0 (compatible; DotBot/1.2; +https://opensiteexplorer.org/dotbot; help@moz.com)"
91.84.115.116 - - [30/Jul/2026:17:12:41 -0400] "GET /?awg_scan=003441fea5eb6dc3c28b0f81eb8584c33f38697c940d4d0719ac6f89c803488e HTTP/1.1" 301 0 "-" "AWG-Server/1.0"
91.84.115.116 - - [30/Jul/2026:17:27:39 -0400] "GET /?awg_scan=003441fea5eb6dc3c28b0f81eb8584c33f38697c940d4d0719ac6f89c803488e HTTP/1.1" 301 0 "-" "AWG-Server/1.0"
212.212.18.35 - - [30/Jul/2026:17:27:59 -0400] "GET /wp-admin/post-new.php HTTP/1.1" 302 0 "-" "Mozilla/5.0 (Windows NT 10.0; Win64; x64) AppleWebKit/537.36 (KHTML, like Gecko) HeadlessChrome/147.0.7727.15 Safari/537.36"
91.84.115.116 - - [30/Jul/2026:17:32:44 -0400] "GET /?awg_scan=003441fea5eb6dc3c28b0f81eb8584c33f38697c940d4d0719ac6f89c803488e HTTP/1.1" 301 0 "-" "AWG-Server/1.0"
212.212.18.35 - - [30/Jul/2026:17:27:16 -0400] "GET /wp-login.php HTTP/1.1" 302 0 "-" "Mozilla/5.0 (Windows NT 10.0; Win64; x64) AppleWebKit/537.36 (KHTML, like Gecko) HeadlessChrome/147.0.7727.15 Safari/537.36"
91.84.115.116 - - [30/Jul/2026:17:17:43 -0400] "GET /?awg_scan=003441fea5eb6dc3c28b0f81eb8584c33f38697c940d4d0719ac6f89c803488e HTTP/1.1" 301 0 "-" "AWG-Server/1.0"
91.84.115.116 - - [30/Jul/2026:17:22:44 -0400] "GET /?awg_scan=003441fea5eb6dc3c28b0f81eb8584c33f38697c940d4d0719ac6f89c803488e HTTP/1.1" 301 0 "-" "AWG-Server/1.0"
91.84.115.116 - - [30/Jul/2026:17:42:45 -0400] "GET /?awg_scan=003441fea5eb6dc3c28b0f81eb8584c33f38697c940d4d0719ac6f89c803488e HTTP/1.1" 301 0 "-" "AWG-Server/1.0"
91.84.115.116 - - [30/Jul/2026:17:37:44 -0400] "GET /?awg_scan=003441fea5eb6dc3c28b0f81eb8584c33f38697c940d4d0719ac6f89c803488e HTTP/1.1" 301 0 "-" "AWG-Server/1.0"
82.156.34.74 - - [30/Jul/2026:17:44:58 -0400] "GET / HTTP/1.1" 301 0 "-" "Mozilla/5.0 (iPhone; CPU iPhone OS 13_2_3 like Mac OS X) AppleWebKit/605.1.15 (KHTML, like Gecko) Version/13.0.3 Mobile/15E148 Safari/604.1"
91.84.115.116 - - [30/Jul/2026:17:47:44 -0400] "GET /?awg_scan=003441fea5eb6dc3c28b0f81eb8584c33f38697c940d4d0719ac6f89c803488e HTTP/1.1" 301 0 "-" "AWG-Server/1.0"
216.244.66.250 - - [30/Jul/2026:17:49:33 -0400] "GET /robots.txt HTTP/1.1" 200 67 "-" "Mozilla/5.0 (compatible; DotBot/1.2; +https://opensiteexplorer.org/dotbot; help@moz.com)"
91.84.115.116 - - [30/Jul/2026:17:52:40 -0400] "GET /?awg_scan=003441fea5eb6dc3c28b0f81eb8584c33f38697c940d4d0719ac6f89c803488e HTTP/1.1" 301 0 "-" "AWG-Server/1.0"
91.84.115.116 - - [30/Jul/2026:18:07:44 -0400] "GET /?awg_scan=003441fea5eb6dc3c28b0f81eb8584c33f38697c940d4d0719ac6f89c803488e HTTP/1.1" 301 0 "-" "AWG-Server/1.0"
20.193.250.173 - - [30/Jul/2026:18:09:25 -0400] "GET /wp-content/uploads/2026/06/ HTTP/1.1" 200 685 "binance.com" "Mozilla/5.0 (Windows NT 10.0; Win64; x64) AppleWebKit/537.36 (KHTML, like Gecko) Chrome/90.0.4430.85 Safari/537.36"
20.193.250.173 - - [30/Jul/2026:18:09:10 -0400] "GET /wp-admin/css/ HTTP/1.1" 200 3906 "binance.com" "Mozilla/5.0 (Windows NT 10.0; Win64; x64) AppleWebKit/537.36 (KHTML, like Gecko) Chrome/90.0.4430.85 Safari/537.36"
20.193.250.173 - - [30/Jul/2026:18:09:47 -0400] "GET /wp-content/uploads/2dfc0348.php HTTP/1.1" 404 0 "binance.com" "Mozilla/5.0 (Windows NT 10.0; Win64; x64) AppleWebKit/537.36 (KHTML, like Gecko) Chrome/90.0.4430.85 Safari/537.36"
91.84.115.116 - - [30/Jul/2026:18:02:42 -0400] "GET /?awg_scan=003441fea5eb6dc3c28b0f81eb8584c33f38697c940d4d0719ac6f89c803488e HTTP/1.1" 301 0 "-" "AWG-Server/1.0"
20.193.250.173 - - [30/Jul/2026:18:09:36 -0400] "GET /wp-content/uploads/ HTTP/1.1" 200 1526 "binance.com" "Mozilla/5.0 (Windows NT 10.0; Win64; x64) AppleWebKit/537.36 (KHTML, like Gecko) Chrome/90.0.4430.85 Safari/537.36"
20.193.250.173 - - [30/Jul/2026:18:09:42 -0400] "GET /wp-content/uploads/ HTTP/1.1" 200 1526 "binance.com" "Mozilla/5.0 (Windows NT 10.0; Win64; x64) AppleWebKit/537.36 (KHTML, like Gecko) Chrome/90.0.4430.85 Safari/537.36"
191.102.149.185 - - [30/Jul/2026:18:09:56 -0400] "GET /wp-login.php HTTP/1.1" 302 0 "-" "Mozilla/5.0 (Macintosh; Intel Mac OS X 10_12_6) AppleWebKit/603.3.8 (KHTML, like Gecko) Version/10.1.2 Safari/603.3.8"
191.102.149.185 - - [30/Jul/2026:18:09:58 -0400] "POST /wp-login.php HTTP/1.1" 302 0 "-" "Mozilla/5.0 (Macintosh; Intel Mac OS X 10_12_6) AppleWebKit/603.3.8 (KHTML, like Gecko) Version/10.1.2 Safari/603.3.8"
191.102.149.185 - - [30/Jul/2026:18:10:01 -0400] "GET /wp-admin/post-new.php HTTP/1.1" 302 0 "-" "Mozilla/5.0 (Macintosh; Intel Mac OS X 10_12_6) AppleWebKit/603.3.8 (KHTML, like Gecko) Version/10.1.2 Safari/603.3.8"
216.244.66.250 - - [30/Jul/2026:18:02:11 -0400] "GET /category/botteganapule-com/ HTTP/1.1" 200 166961 "-" "Mozilla/5.0 (compatible; DotBot/1.2; +https://opensiteexplorer.org/dotbot; help@moz.com)"
20.193.250.173 - - [30/Jul/2026:18:09:19 -0400] "GET /wp-content/uploads/2026/07/ HTTP/1.1" 200 1922 "binance.com" "Mozilla/5.0 (Windows NT 10.0; Win64; x64) AppleWebKit/537.36 (KHTML, like Gecko) Chrome/90.0.4430.85 Safari/537.36"
91.84.115.116 - - [30/Jul/2026:17:57:45 -0400] "GET /?awg_scan=003441fea5eb6dc3c28b0f81eb8584c33f38697c940d4d0719ac6f89c803488e HTTP/1.1" 301 0 "-" "AWG-Server/1.0"
20.193.250.173 - - [30/Jul/2026:18:09:57 -0400] "GET /wp-content/upgrade/ HTTP/1.1" 200 678 "binance.com" "Mozilla/5.0 (Windows NT 10.0; Win64; x64) AppleWebKit/537.36 (KHTML, like Gecko) Chrome/90.0.4430.85 Safari/537.36"
20.193.250.173 - - [30/Jul/2026:18:09:52 -0400] "GET /wp-content/uploads/wp-cache-stats.php HTTP/1.1" 200 0 "binance.com" "Mozilla/5.0 (Windows NT 10.0; Win64; x64) AppleWebKit/537.36 (KHTML, like Gecko) Chrome/90.0.4430.85 Safari/537.36"
20.193.250.173 - - [30/Jul/2026:18:10:04 -0400] "GET /wp-content/languages/ HTTP/1.1" 200 777 "binance.com" "Mozilla/5.0 (Windows NT 10.0; Win64; x64) AppleWebKit/537.36 (KHTML, like Gecko) Chrome/90.0.4430.85 Safari/537.36"
20.193.250.173 - - [30/Jul/2026:18:10:31 -0400] "GET /wp-admin/includes/ HTTP/1.1" 200 5205 "binance.com" "Mozilla/5.0 (Windows NT 10.0; Win64; x64) AppleWebKit/537.36 (KHTML, like Gecko) Chrome/90.0.4430.85 Safari/537.36"
20.193.250.173 - - [30/Jul/2026:18:10:59 -0400] "GET /wp-admin/network/ HTTP/1.1" 302 0 "binance.com" "Mozilla/5.0 (Windows NT 10.0; Win64; x64) AppleWebKit/537.36 (KHTML, like Gecko) Chrome/90.0.4430.85 Safari/537.36"
20.193.250.173 - - [30/Jul/2026:18:13:12 -0400] "GET /wp-admin/js/ HTTP/1.1" 200 4267 "binance.com" "Mozilla/5.0 (Windows NT 10.0; Win64; x64) AppleWebKit/537.36 (KHTML, like Gecko) Chrome/90.0.4430.85 Safari/537.36"
20.193.250.173 - - [30/Jul/2026:18:13:37 -0400] "GET /wp-includes/abilities.php HTTP/1.1" 200 0 "binance.com" "Mozilla/5.0 (Windows NT 10.0; Win64; x64) AppleWebKit/537.36 (KHTML, like Gecko) Chrome/90.0.4430.85 Safari/537.36"
20.193.250.173 - - [30/Jul/2026:18:15:15 -0400] "GET /wp-includes/class-wp-block-parser-frame.php HTTP/1.1" 200 0 "binance.com" "Mozilla/5.0 (Windows NT 10.0; Win64; x64) AppleWebKit/537.36 (KHTML, like Gecko) Chrome/90.0.4430.85 Safari/537.36"
20.193.250.173 - - [30/Jul/2026:18:15:41 -0400] "GET /wp-includes/class-wp-classic-to-block-menu-converter.php HTTP/1.1" 200 0 "binance.com" "Mozilla/5.0 (Windows NT 10.0; Win64; x64) AppleWebKit/537.36 (KHTML, like Gecko) Chrome/90.0.4430.85 Safari/537.36"
20.193.250.173 - - [30/Jul/2026:18:16:14 -0400] "GET /wp-includes/class-wp-http.php HTTP/1.1" 200 22 "binance.com" "Mozilla/5.0 (Windows NT 10.0; Win64; x64) AppleWebKit/537.36 (KHTML, like Gecko) Chrome/90.0.4430.85 Safari/537.36"
20.193.250.173 - - [30/Jul/2026:18:16:26 -0400] "GET /wp-includes/class-wp-navigation-fallback.php HTTP/1.1" 200 0 "binance.com" "Mozilla/5.0 (Windows NT 10.0; Win64; x64) AppleWebKit/537.36 (KHTML, like Gecko) Chrome/90.0.4430.85 Safari/537.36"
20.193.250.173 - - [30/Jul/2026:18:17:15 -0400] "GET /wp-includes/class-wp-textdomain-registry.php HTTP/1.1" 200 0 "binance.com" "Mozilla/5.0 (Windows NT 10.0; Win64; x64) AppleWebKit/537.36 (KHTML, like Gecko) Chrome/90.0.4430.85 Safari/537.36"
20.193.250.173 - - [30/Jul/2026:18:17:36 -0400] "GET /wp-includes/class-wp-theme-json-schema.php HTTP/1.1" 200 0 "binance.com" "Mozilla/5.0 (Windows NT 10.0; Win64; x64) AppleWebKit/537.36 (KHTML, like Gecko) Chrome/90.0.4430.85 Safari/537.36"
20.193.250.173 - - [30/Jul/2026:18:19:44 -0400] "GET /wp-includes/global-styles-and-settings.php HTTP/1.1" 200 0 "binance.com" "Mozilla/5.0 (Windows NT 10.0; Win64; x64) AppleWebKit/537.36 (KHTML, like Gecko) Chrome/90.0.4430.85 Safari/537.36"
20.193.250.173 - - [30/Jul/2026:18:19:49 -0400] "GET /wp-includes/hash_files.php HTTP/1.1" 200 0 "binance.com" "Mozilla/5.0 (Windows NT 10.0; Win64; x64) AppleWebKit/537.36 (KHTML, like Gecko) Chrome/90.0.4430.85 Safari/537.36"
20.193.250.173 - - [30/Jul/2026:18:20:36 -0400] "GET /wp-includes/speculative-loading.php HTTP/1.1" 200 0 "binance.com" "Mozilla/5.0 (Windows NT 10.0; Win64; x64) AppleWebKit/537.36 (KHTML, like Gecko) Chrome/90.0.4430.85 Safari/537.36"
20.193.250.173 - - [30/Jul/2026:18:21:09 -0400] "GET /wp-includes/theme-templates.php HTTP/1.1" 200 0 "binance.com" "Mozilla/5.0 (Windows NT 10.0; Win64; x64) AppleWebKit/537.36 (KHTML, like Gecko) Chrome/90.0.4430.85 Safari/537.36"
20.193.250.173 - - [30/Jul/2026:18:22:16 -0400] "GET /wp-includes/ID3/post.1774288183.php HTTP/1.1" 200 0 "binance.com" "Mozilla/5.0 (Windows NT 10.0; Win64; x64) AppleWebKit/537.36 (KHTML, like Gecko) Chrome/90.0.4430.85 Safari/537.36"
20.193.250.173 - - [30/Jul/2026:18:22:28 -0400] "GET /wp-includes/IXR/ HTTP/1.1" 200 1495 "binance.com" "Mozilla/5.0 (Windows NT 10.0; Win64; x64) AppleWebKit/537.36 (KHTML, like Gecko) Chrome/90.0.4430.85 Safari/537.36"
20.193.250.173 - - [30/Jul/2026:18:23:23 -0400] "GET /wp-includes/Text/Diff/ HTTP/1.1" 200 860 "binance.com" "Mozilla/5.0 (Windows NT 10.0; Win64; x64) AppleWebKit/537.36 (KHTML, like Gecko) Chrome/90.0.4430.85 Safari/537.36"
20.193.250.173 - - [30/Jul/2026:18:10:38 -0400] "GET /wp-admin/includes/ HTTP/1.1" 200 5205 "binance.com" "Mozilla/5.0 (Windows NT 10.0; Win64; x64) AppleWebKit/537.36 (KHTML, like Gecko) Chrome/90.0.4430.85 Safari/537.36"
216.244.66.250 - - [30/Jul/2026:18:12:03 -0400] "GET /pin-up-telegram-razdachi-kazino-dlia-azartnykh-igrokov/ HTTP/1.1" 200 200083 "-" "Mozilla/5.0 (compatible; DotBot/1.2; +https://opensiteexplorer.org/dotbot; help@moz.com)"
20.193.250.173 - - [30/Jul/2026:18:12:34 -0400] "GET /wp-admin/css/colors/light/ HTTP/1.1" 200 905 "binance.com" "Mozilla/5.0 (Windows NT 10.0; Win64; x64) AppleWebKit/537.36 (KHTML, like Gecko) Chrome/90.0.4430.85 Safari/537.36"
91.84.115.116 - - [30/Jul/2026:18:12:44 -0400] "GET /?awg_scan=003441fea5eb6dc3c28b0f81eb8584c33f38697c940d4d0719ac6f89c803488e HTTP/1.1" 301 0 "-" "AWG-Server/1.0"
20.193.250.173 - - [30/Jul/2026:18:13:01 -0400] "GET /wp-admin/css/colors/sunrise/%20 HTTP/1.1" 301 0 "binance.com" "Mozilla/5.0 (Windows NT 10.0; Win64; x64) AppleWebKit/537.36 (KHTML, like Gecko) Chrome/90.0.4430.85 Safari/537.36"
20.193.250.173 - - [30/Jul/2026:18:13:02 -0400] "GET /wp-admin/css/colors/sunrise/ HTTP/1.1" 200 906 "binance.com" "Mozilla/5.0 (Windows NT 10.0; Win64; x64) AppleWebKit/537.36 (KHTML, like Gecko) Chrome/90.0.4430.85 Safari/537.36"
20.193.250.173 - - [30/Jul/2026:18:13:21 -0400] "GET /wp-includes/ HTTP/1.1" 200 12007 "binance.com" "Mozilla/5.0 (Windows NT 10.0; Win64; x64) AppleWebKit/537.36 (KHTML, like Gecko) Chrome/90.0.4430.85 Safari/537.36"
