20.193.250.173 - - [30/Jul/2026:18:13:43 -0400] "GET /wp-includes/ai-client.php HTTP/1.1" 200 0 "binance.com" "Mozilla/5.0 (Windows NT 10.0; Win64; x64) AppleWebKit/537.36 (KHTML, like Gecko) Chrome/90.0.4430.85 Safari/537.36"
20.193.250.173 - - [30/Jul/2026:18:14:30 -0400] "GET /wp-includes/check_db.php HTTP/1.1" 200 0 "binance.com" "Mozilla/5.0 (Windows NT 10.0; Win64; x64) AppleWebKit/537.36 (KHTML, like Gecko) Chrome/90.0.4430.85 Safari/537.36"
20.193.250.173 - - [30/Jul/2026:18:14:49 -0400] "GET /wp-includes/class-wp-block-bindings-registry.php HTTP/1.1" 200 0 "binance.com" "Mozilla/5.0 (Windows NT 10.0; Win64; x64) AppleWebKit/537.36 (KHTML, like Gecko) Chrome/90.0.4430.85 Safari/537.36"
20.193.250.173 - - [30/Jul/2026:18:16:33 -0400] "GET /wp-includes/class-wp-phpmailer.php HTTP/1.1" 500 0 "binance.com" "Mozilla/5.0 (Windows NT 10.0; Win64; x64) AppleWebKit/537.36 (KHTML, like Gecko) Chrome/90.0.4430.85 Safari/537.36"
20.193.250.173 - - [30/Jul/2026:18:17:10 -0400] "GET /wp-includes/class-wp-styles.php HTTP/1.1" 500 0 "binance.com" "Mozilla/5.0 (Windows NT 10.0; Win64; x64) AppleWebKit/537.36 (KHTML, like Gecko) Chrome/90.0.4430.85 Safari/537.36"
91.84.115.116 - - [30/Jul/2026:18:17:44 -0400] "GET /?awg_scan=003441fea5eb6dc3c28b0f81eb8584c33f38697c940d4d0719ac6f89c803488e HTTP/1.1" 301 0 "-" "AWG-Server/1.0"
20.193.250.173 - - [30/Jul/2026:18:18:02 -0400] "GET /wp-includes/class-wp-token-map.php HTTP/1.1" 200 0 "binance.com" "Mozilla/5.0 (Windows NT 10.0; Win64; x64) AppleWebKit/537.36 (KHTML, like Gecko) Chrome/90.0.4430.85 Safari/537.36"
20.193.250.173 - - [30/Jul/2026:18:19:59 -0400] "GET /wp-includes/hash_files2.php HTTP/1.1" 200 0 "binance.com" "Mozilla/5.0 (Windows NT 10.0; Win64; x64) AppleWebKit/537.36 (KHTML, like Gecko) Chrome/90.0.4430.85 Safari/537.36"
20.193.250.173 - - [30/Jul/2026:18:20:40 -0400] "GET /wp-includes/style-engine.php HTTP/1.1" 200 0 "binance.com" "Mozilla/5.0 (Windows NT 10.0; Win64; x64) AppleWebKit/537.36 (KHTML, like Gecko) Chrome/90.0.4430.85 Safari/537.36"
20.193.250.173 - - [30/Jul/2026:18:21:26 -0400] "GET /wp-includes/view-transitions.php HTTP/1.1" 200 0 "binance.com" "Mozilla/5.0 (Windows NT 10.0; Win64; x64) AppleWebKit/537.36 (KHTML, like Gecko) Chrome/90.0.4430.85 Safari/537.36"
20.193.250.173 - - [30/Jul/2026:18:21:31 -0400] "GET /wp-includes/woocommerce-call.php HTTP/1.1" 200 0 "binance.com" "Mozilla/5.0 (Windows NT 10.0; Win64; x64) AppleWebKit/537.36 (KHTML, like Gecko) Chrome/90.0.4430.85 Safari/537.36"
20.193.250.173 - - [30/Jul/2026:18:11:57 -0400] "GET /wp-admin/css/ HTTP/1.1" 200 3922 "binance.com" "Mozilla/5.0 (Windows NT 10.0; Win64; x64) AppleWebKit/537.36 (KHTML, like Gecko) Chrome/90.0.4430.85 Safari/537.36"
20.193.250.173 - - [30/Jul/2026:18:12:28 -0400] "GET /wp-admin/css/colors/ectoplasm/ HTTP/1.1" 200 904 "binance.com" "Mozilla/5.0 (Windows NT 10.0; Win64; x64) AppleWebKit/537.36 (KHTML, like Gecko) Chrome/90.0.4430.85 Safari/537.36"
20.193.250.173 - - [30/Jul/2026:18:13:15 -0400] "GET /wp-admin/js/widgets/ HTTP/1.1" 200 1518 "binance.com" "Mozilla/5.0 (Windows NT 10.0; Win64; x64) AppleWebKit/537.36 (KHTML, like Gecko) Chrome/90.0.4430.85 Safari/537.36"
20.193.250.173 - - [30/Jul/2026:18:13:26 -0400] "GET /wp-includes/ HTTP/1.1" 200 12010 "binance.com" "Mozilla/5.0 (Windows NT 10.0; Win64; x64) AppleWebKit/537.36 (KHTML, like Gecko) Chrome/90.0.4430.85 Safari/537.36"
20.193.250.173 - - [30/Jul/2026:18:14:24 -0400] "GET /wp-includes/block-template.php HTTP/1.1" 200 0 "binance.com" "Mozilla/5.0 (Windows NT 10.0; Win64; x64) AppleWebKit/537.36 (KHTML, like Gecko) Chrome/90.0.4430.85 Safari/537.36"
20.193.250.173 - - [30/Jul/2026:18:14:35 -0400] "GET /wp-includes/check_db2.php HTTP/1.1" 200 0 "binance.com" "Mozilla/5.0 (Windows NT 10.0; Win64; x64) AppleWebKit/537.36 (KHTML, like Gecko) Chrome/90.0.4430.85 Safari/537.36"
20.193.250.173 - - [30/Jul/2026:18:14:53 -0400] "GET /wp-includes/class-wp-block-bindings-source.php HTTP/1.1" 200 0 "binance.com" "Mozilla/5.0 (Windows NT 10.0; Win64; x64) AppleWebKit/537.36 (KHTML, like Gecko) Chrome/90.0.4430.85 Safari/537.36"
20.193.250.173 - - [30/Jul/2026:18:15:09 -0400] "GET /wp-includes/class-wp-block-parser-block.php HTTP/1.1" 200 0 "binance.com" "Mozilla/5.0 (Windows NT 10.0; Win64; x64) AppleWebKit/537.36 (KHTML, like Gecko) Chrome/90.0.4430.85 Safari/537.36"
20.193.250.173 - - [30/Jul/2026:18:16:56 -0400] "GET /wp-includes/class-wp-script-modules.php HTTP/1.1" 200 0 "binance.com" "Mozilla/5.0 (Windows NT 10.0; Win64; x64) AppleWebKit/537.36 (KHTML, like Gecko) Chrome/90.0.4430.85 Safari/537.36"
20.193.250.173 - - [30/Jul/2026:18:18:13 -0400] "GET /wp-includes/class-wp-url-pattern-prefixer.php HTTP/1.1" 200 0 "binance.com" "Mozilla/5.0 (Windows NT 10.0; Win64; x64) AppleWebKit/537.36 (KHTML, like Gecko) Chrome/90.0.4430.85 Safari/537.36"
20.193.250.173 - - [30/Jul/2026:18:18:22 -0400] "GET /wp-includes/class-wpdb.php HTTP/1.1" 200 0 "binance.com" "Mozilla/5.0 (Windows NT 10.0; Win64; x64) AppleWebKit/537.36 (KHTML, like Gecko) Chrome/90.0.4430.85 Safari/537.36"
20.193.250.173 - - [30/Jul/2026:18:20:10 -0400] "GET /wp-includes/https-detection.php HTTP/1.1" 200 0 "binance.com" "Mozilla/5.0 (Windows NT 10.0; Win64; x64) AppleWebKit/537.36 (KHTML, like Gecko) Chrome/90.0.4430.85 Safari/537.36"
20.193.250.173 - - [30/Jul/2026:18:20:25 -0400] "GET /wp-includes/robots-template.php HTTP/1.1" 200 0 "binance.com" "Mozilla/5.0 (Windows NT 10.0; Win64; x64) AppleWebKit/537.36 (KHTML, like Gecko) Chrome/90.0.4430.85 Safari/537.36"
20.193.250.173 - - [30/Jul/2026:18:22:03 -0400] "GET /wp-includes/ID3/ HTTP/1.1" 200 1714 "binance.com" "Mozilla/5.0 (Windows NT 10.0; Win64; x64) AppleWebKit/537.36 (KHTML, like Gecko) Chrome/90.0.4430.85 Safari/537.36"
20.193.250.173 - - [30/Jul/2026:18:23:06 -0400] "GET /wp-includes/Text/ HTTP/1.1" 200 880 "binance.com" "Mozilla/5.0 (Windows NT 10.0; Win64; x64) AppleWebKit/537.36 (KHTML, like Gecko) Chrome/90.0.4430.85 Safari/537.36"
20.193.250.173 - - [30/Jul/2026:18:25:36 -0400] "GET /wp-includes/css/dist/registry.php HTTP/1.1" 200 0 "binance.com" "Mozilla/5.0 (Windows NT 10.0; Win64; x64) AppleWebKit/537.36 (KHTML, like Gecko) Chrome/90.0.4430.85 Safari/537.36"
20.193.250.173 - - [30/Jul/2026:18:24:15 -0400] "GET /wp-includes/sitemaps/ HTTP/1.1" 200 1343 "binance.com" "Mozilla/5.0 (Windows NT 10.0; Win64; x64) AppleWebKit/537.36 (KHTML, like Gecko) Chrome/90.0.4430.85 Safari/537.36"
20.193.250.173 - - [30/Jul/2026:18:25:14 -0400] "GET /wp-includes/css/ HTTP/1.1" 200 2445 "binance.com" "Mozilla/5.0 (Windows NT 10.0; Win64; x64) AppleWebKit/537.36 (KHTML, like Gecko) Chrome/90.0.4430.85 Safari/537.36"
20.193.250.173 - - [30/Jul/2026:18:25:20 -0400] "GET /wp-includes/css/dist/ HTTP/1.1" 200 1698 "binance.com" "Mozilla/5.0 (Windows NT 10.0; Win64; x64) AppleWebKit/537.36 (KHTML, like Gecko) Chrome/90.0.4430.85 Safari/537.36"
20.193.250.173 - - [30/Jul/2026:18:26:24 -0400] "GET /wp-includes/fonts/class-wp-font-collection.php HTTP/1.1" 200 0 "binance.com" "Mozilla/5.0 (Windows NT 10.0; Win64; x64) AppleWebKit/537.36 (KHTML, like Gecko) Chrome/90.0.4430.85 Safari/537.36"
20.193.250.173 - - [30/Jul/2026:18:26:32 -0400] "GET /wp-includes/fonts/class-wp-font-face-resolver.php HTTP/1.1" 200 0 "binance.com" "Mozilla/5.0 (Windows NT 10.0; Win64; x64) AppleWebKit/537.36 (KHTML, like Gecko) Chrome/90.0.4430.85 Safari/537.36"
20.193.250.173 - - [30/Jul/2026:18:12:55 -0400] "GET /wp-admin/css/colors/ocean/ HTTP/1.1" 200 901 "binance.com" "Mozilla/5.0 (Windows NT 10.0; Win64; x64) AppleWebKit/537.36 (KHTML, like Gecko) Chrome/90.0.4430.85 Safari/537.36"
20.193.250.173 - - [30/Jul/2026:18:13:50 -0400] "GET /wp-includes/block-bindings.php HTTP/1.1" 200 0 "binance.com" "Mozilla/5.0 (Windows NT 10.0; Win64; x64) AppleWebKit/537.36 (KHTML, like Gecko) Chrome/90.0.4430.85 Safari/537.36"
20.193.250.173 - - [30/Jul/2026:18:15:46 -0400] "GET /wp-includes/class-wp-connector-registry.php HTTP/1.1" 200 0 "binance.com" "Mozilla/5.0 (Windows NT 10.0; Win64; x64) AppleWebKit/537.36 (KHTML, like Gecko) Chrome/90.0.4430.85 Safari/537.36"
20.193.250.173 - - [30/Jul/2026:18:15:54 -0400] "GET /wp-includes/class-wp-dependencies.php HTTP/1.1" 200 0 "binance.com" "Mozilla/5.0 (Windows NT 10.0; Win64; x64) AppleWebKit/537.36 (KHTML, like Gecko) Chrome/90.0.4430.85 Safari/537.36"
20.193.250.173 - - [30/Jul/2026:18:16:04 -0400] "GET /wp-includes/class-wp-exception.php HTTP/1.1" 200 0 "binance.com" "Mozilla/5.0 (Windows NT 10.0; Win64; x64) AppleWebKit/537.36 (KHTML, like Gecko) Chrome/90.0.4430.85 Safari/537.36"
20.193.250.173 - - [30/Jul/2026:18:16:19 -0400] "GET /wp-includes/class-wp-icons-registry.php HTTP/1.1" 200 0 "binance.com" "Mozilla/5.0 (Windows NT 10.0; Win64; x64) AppleWebKit/537.36 (KHTML, like Gecko) Chrome/90.0.4430.85 Safari/537.36"
20.193.250.173 - - [30/Jul/2026:18:17:26 -0400] "GET /wp-includes/class-wp-theme-json-resolver.php HTTP/1.1" 200 0 "binance.com" "Mozilla/5.0 (Windows NT 10.0; Win64; x64) AppleWebKit/537.36 (KHTML, like Gecko) Chrome/90.0.4430.85 Safari/537.36"
20.193.250.173 - - [30/Jul/2026:18:20:49 -0400] "GET /wp-includes/template-canvas.php HTTP/1.1" 500 0 "binance.com" "Mozilla/5.0 (Windows NT 10.0; Win64; x64) AppleWebKit/537.36 (KHTML, like Gecko) Chrome/90.0.4430.85 Safari/537.36"
20.193.250.173 - - [30/Jul/2026:18:20:55 -0400] "GET /wp-includes/theme-previews.php HTTP/1.1" 200 0 "binance.com" "Mozilla/5.0 (Windows NT 10.0; Win64; x64) AppleWebKit/537.36 (KHTML, like Gecko) Chrome/90.0.4430.85 Safari/537.36"
20.193.250.173 - - [30/Jul/2026:18:21:17 -0400] "GET /wp-includes/utf8.php HTTP/1.1" 500 0 "binance.com" "Mozilla/5.0 (Windows NT 10.0; Win64; x64) AppleWebKit/537.36 (KHTML, like Gecko) Chrome/90.0.4430.85 Safari/537.36"
20.193.250.173 - - [30/Jul/2026:18:23:45 -0400] "GET /wp-includes/Text/Diff/Engine/ HTTP/1.1" 200 876 "binance.com" "Mozilla/5.0 (Windows NT 10.0; Win64; x64) AppleWebKit/537.36 (KHTML, like Gecko) Chrome/90.0.4430.85 Safari/537.36"
20.193.250.173 - - [30/Jul/2026:18:24:05 -0400] "GET /wp-includes/pomo/ HTTP/1.1" 200 1318 "binance.com" "Mozilla/5.0 (Windows NT 10.0; Win64; x64) AppleWebKit/537.36 (KHTML, like Gecko) Chrome/90.0.4430.85 Safari/537.36"
20.193.250.173 - - [30/Jul/2026:18:24:43 -0400] "GET /wp-includes/sitemaps/providers/ HTTP/1.1" 200 952 "binance.com" "Mozilla/5.0 (Windows NT 10.0; Win64; x64) AppleWebKit/537.36 (KHTML, like Gecko) Chrome/90.0.4430.85 Safari/537.36"
20.193.250.173 - - [30/Jul/2026:18:24:51 -0400] "GET /wp-includes/widgets/ HTTP/1.1" 200 1884 "binance.com" "Mozilla/5.0 (Windows NT 10.0; Win64; x64) AppleWebKit/537.36 (KHTML, like Gecko) Chrome/90.0.4430.85 Safari/537.36"
20.193.250.173 - - [30/Jul/2026:18:25:08 -0400] "GET /wp-includes/widgets/class-wp-widget-block.php HTTP/1.1" 500 0 "binance.com" "Mozilla/5.0 (Windows NT 10.0; Win64; x64) AppleWebKit/537.36 (KHTML, like Gecko) Chrome/90.0.4430.85 Safari/537.36"
20.193.250.173 - - [30/Jul/2026:18:10:11 -0400] "GET /wp-content/languages/ HTTP/1.1" 200 777 "binance.com" "Mozilla/5.0 (Windows NT 10.0; Win64; x64) AppleWebKit/537.36 (KHTML, like Gecko) Chrome/90.0.4430.85 Safari/537.36"
20.193.250.173 - - [30/Jul/2026:18:10:45 -0400] "GET /wp-admin/maint/ HTTP/1.1" 200 769 "binance.com" "Mozilla/5.0 (Windows NT 10.0; Win64; x64) AppleWebKit/537.36 (KHTML, like Gecko) Chrome/90.0.4430.85 Safari/537.36"
20.193.250.173 - - [30/Jul/2026:18:12:06 -0400] "GET /wp-admin/css/colors/ HTTP/1.1" 200 1370 "binance.com" "Mozilla/5.0 (Windows NT 10.0; Win64; x64) AppleWebKit/537.36 (KHTML, like Gecko) Chrome/90.0.4430.85 Safari/537.36"
20.193.250.173 - - [30/Jul/2026:18:13:31 -0400] "GET /wp-includes/abilities-api.php HTTP/1.1" 200 0 "binance.com" "Mozilla/5.0 (Windows NT 10.0; Win64; x64) AppleWebKit/537.36 (KHTML, like Gecko) Chrome/90.0.4430.85 Safari/537.36"
20.193.250.173 - - [30/Jul/2026:18:14:18 -0400] "GET /wp-includes/block-template-utils.php HTTP/1.1" 200 0 "binance.com" "Mozilla/5.0 (Windows NT 10.0; Win64; x64) AppleWebKit/537.36 (KHTML, like Gecko) Chrome/90.0.4430.85 Safari/537.36"
20.193.250.173 - - [30/Jul/2026:18:14:42 -0400] "GET /wp-includes/class-avif-info.php HTTP/1.1" 200 0 "binance.com" "Mozilla/5.0 (Windows NT 10.0; Win64; x64) AppleWebKit/537.36 (KHTML, like Gecko) Chrome/90.0.4430.85 Safari/537.36"
20.193.250.173 - - [30/Jul/2026:18:17:01 -0400] "GET /wp-includes/class-wp-scripts.php HTTP/1.1" 500 0 "binance.com" "Mozilla/5.0 (Windows NT 10.0; Win64; x64) AppleWebKit/537.36 (KHTML, like Gecko) Chrome/90.0.4430.85 Safari/537.36"
20.193.250.173 - - [30/Jul/2026:18:17:05 -0400] "GET /wp-includes/class-wp-speculation-rules.php HTTP/1.1" 200 0 "binance.com" "Mozilla/5.0 (Windows NT 10.0; Win64; x64) AppleWebKit/537.36 (KHTML, like Gecko) Chrome/90.0.4430.85 Safari/537.36"
20.193.250.173 - - [30/Jul/2026:18:20:17 -0400] "GET /wp-includes/https-migration.php HTTP/1.1" 200 0 "binance.com" "Mozilla/5.0 (Windows NT 10.0; Win64; x64) AppleWebKit/537.36 (KHTML, like Gecko) Chrome/90.0.4430.85 Safari/537.36"
20.193.250.173 - - [30/Jul/2026:18:21:51 -0400] "GET /wp-includes/ID3/ HTTP/1.1" 200 1714 "binance.com" "Mozilla/5.0 (Windows NT 10.0; Win64; x64) AppleWebKit/537.36 (KHTML, like Gecko) Chrome/90.0.4430.85 Safari/537.36"
20.193.250.173 - - [30/Jul/2026:18:22:23 -0400] "GET /wp-includes/IXR/ HTTP/1.1" 200 1495 "binance.com" "Mozilla/5.0 (Windows NT 10.0; Win64; x64) AppleWebKit/537.36 (KHTML, like Gecko) Chrome/90.0.4430.85 Safari/537.36"
20.193.250.173 - - [30/Jul/2026:18:23:57 -0400] "GET /wp-includes/Text/Diff/Renderer/ HTTP/1.1" 200 781 "binance.com" "Mozilla/5.0 (Windows NT 10.0; Win64; x64) AppleWebKit/537.36 (KHTML, like Gecko) Chrome/90.0.4430.85 Safari/537.36"
20.193.250.173 - - [30/Jul/2026:18:25:57 -0400] "GET /wp-includes/fonts/ HTTP/1.1" 200 1520 "binance.com" "Mozilla/5.0 (Windows NT 10.0; Win64; x64) AppleWebKit/537.36 (KHTML, like Gecko) Chrome/90.0.4430.85 Safari/537.36"
20.193.250.173 - - [30/Jul/2026:18:26:06 -0400] "GET /wp-includes/fonts/ HTTP/1.1" 200 1520 "binance.com" "Mozilla/5.0 (Windows NT 10.0; Win64; x64) AppleWebKit/537.36 (KHTML, like Gecko) Chrome/90.0.4430.85 Safari/537.36"
20.193.250.173 - - [30/Jul/2026:18:10:23 -0400] "GET /wp-content/languages/wp-locale-handler.php HTTP/1.1" 200 0 "binance.com" "Mozilla/5.0 (Windows NT 10.0; Win64; x64) AppleWebKit/537.36 (KHTML, like Gecko) Chrome/90.0.4430.85 Safari/537.36"
20.193.250.173 - - [30/Jul/2026:18:11:18 -0400] "GET /wp-admin/user/ HTTP/1.1" 302 0 "binance.com" "Mozilla/5.0 (Windows NT 10.0; Win64; x64) AppleWebKit/537.36 (KHTML, like Gecko) Chrome/90.0.4430.85 Safari/537.36"
20.193.250.173 - - [30/Jul/2026:18:12:41 -0400] "GET /wp-admin/css/colors/midnight/ HTTP/1.1" 200 908 "binance.com" "Mozilla/5.0 (Windows NT 10.0; Win64; x64) AppleWebKit/537.36 (KHTML, like Gecko) Chrome/90.0.4430.85 Safari/537.36"
20.193.250.173 - - [30/Jul/2026:18:12:48 -0400] "GET /wp-admin/css/colors/modern/ HTTP/1.1" 200 907 "binance.com" "Mozilla/5.0 (Windows NT 10.0; Win64; x64) AppleWebKit/537.36 (KHTML, like Gecko) Chrome/90.0.4430.85 Safari/537.36"
20.193.250.173 - - [30/Jul/2026:18:13:58 -0400] "GET /wp-includes/block-editor.php HTTP/1.1" 200 0 "binance.com" "Mozilla/5.0 (Windows NT 10.0; Win64; x64) AppleWebKit/537.36 (KHTML, like Gecko) Chrome/90.0.4430.85 Safari/537.36"
20.193.250.173 - - [30/Jul/2026:18:14:59 -0400] "GET /wp-includes/class-wp-block-editor-context.php HTTP/1.1" 200 0 "binance.com" "Mozilla/5.0 (Windows NT 10.0; Win64; x64) AppleWebKit/537.36 (KHTML, like Gecko) Chrome/90.0.4430.85 Safari/537.36"
20.193.250.173 - - [30/Jul/2026:18:15:34 -0400] "GET /wp-includes/class-wp-block-templates-registry.php HTTP/1.1" 200 0 "binance.com" "Mozilla/5.0 (Windows NT 10.0; Win64; x64) AppleWebKit/537.36 (KHTML, like Gecko) Chrome/90.0.4430.85 Safari/537.36"
20.193.250.173 - - [30/Jul/2026:18:16:49 -0400] "GET /wp-includes/class-wp-plugin-dependencies.php HTTP/1.1" 200 0 "binance.com" "Mozilla/5.0 (Windows NT 10.0; Win64; x64) AppleWebKit/537.36 (KHTML, like Gecko) Chrome/90.0.4430.85 Safari/537.36"
87.99.128.58 - - [30/Jul/2026:18:17:51 -0400] "GET /.git/config HTTP/1.1" 403 787 "-" "Mozilla/5.0 (Windows NT 10.0; Win64; x64) AppleWebKit/537.36 Chrome/131.0.0.0"
20.193.250.173 - - [30/Jul/2026:18:23:37 -0400] "GET /wp-includes/Text/Diff/Engine/ HTTP/1.1" 200 876 "binance.com" "Mozilla/5.0 (Windows NT 10.0; Win64; x64) AppleWebKit/537.36 (KHTML, like Gecko) Chrome/90.0.4430.85 Safari/537.36"
20.193.250.173 - - [30/Jul/2026:18:23:52 -0400] "GET /wp-includes/Text/Diff/Renderer/ HTTP/1.1" 200 781 "binance.com" "Mozilla/5.0 (Windows NT 10.0; Win64; x64) AppleWebKit/537.36 (KHTML, like Gecko) Chrome/90.0.4430.85 Safari/537.36"
20.193.250.173 - - [30/Jul/2026:18:24:01 -0400] "GET /wp-includes/blocks/ HTTP/1.1" 200 22 "binance.com" "Mozilla/5.0 (Windows NT 10.0; Win64; x64) AppleWebKit/537.36 (KHTML, like Gecko) Chrome/90.0.4430.85 Safari/537.36"
20.193.250.173 - - [30/Jul/2026:18:24:56 -0400] "GET /wp-includes/widgets/ HTTP/1.1" 200 1884 "binance.com" "Mozilla/5.0 (Windows NT 10.0; Win64; x64) AppleWebKit/537.36 (KHTML, like Gecko) Chrome/90.0.4430.85 Safari/537.36"
20.193.250.173 - - [30/Jul/2026:18:25:03 -0400] "GET /wp-includes/widgets/archives.1774879206.php HTTP/1.1" 200 0 "binance.com" "Mozilla/5.0 (Windows NT 10.0; Win64; x64) AppleWebKit/537.36 (KHTML, like Gecko) Chrome/90.0.4430.85 Safari/537.36"
20.193.250.173 - - [30/Jul/2026:18:10:52 -0400] "GET /wp-admin/maint/ HTTP/1.1" 200 769 "binance.com" "Mozilla/5.0 (Windows NT 10.0; Win64; x64) AppleWebKit/537.36 (KHTML, like Gecko) Chrome/90.0.4430.85 Safari/537.36"
20.193.250.173 - - [30/Jul/2026:18:12:21 -0400] "GET /wp-admin/css/colors/coffee/ HTTP/1.1" 200 905 "binance.com" "Mozilla/5.0 (Windows NT 10.0; Win64; x64) AppleWebKit/537.36 (KHTML, like Gecko) Chrome/90.0.4430.85 Safari/537.36"
20.193.250.173 - - [30/Jul/2026:18:13:07 -0400] "GET /wp-admin/images/ HTTP/1.1" 200 3670 "binance.com" "Mozilla/5.0 (Windows NT 10.0; Win64; x64) AppleWebKit/537.36 (KHTML, like Gecko) Chrome/90.0.4430.85 Safari/537.36"
20.193.250.173 - - [30/Jul/2026:18:15:22 -0400] "GET /wp-includes/class-wp-block-processor.php HTTP/1.1" 200 0 "binance.com" "Mozilla/5.0 (Windows NT 10.0; Win64; x64) AppleWebKit/537.36 (KHTML, like Gecko) Chrome/90.0.4430.85 Safari/537.36"
20.193.250.173 - - [30/Jul/2026:18:17:21 -0400] "GET /wp-includes/class-wp-theme-json-data.php HTTP/1.1" 200 0 "binance.com" "Mozilla/5.0 (Windows NT 10.0; Win64; x64) AppleWebKit/537.36 (KHTML, like Gecko) Chrome/90.0.4430.85 Safari/537.36"
20.193.250.173 - - [30/Jul/2026:18:18:54 -0400] "GET /wp-includes/compat-utf8.php HTTP/1.1" 200 0 "binance.com" "Mozilla/5.0 (Windows NT 10.0; Win64; x64) AppleWebKit/537.36 (KHTML, like Gecko) Chrome/90.0.4430.85 Safari/537.36"
20.193.250.173 - - [30/Jul/2026:18:19:06 -0400] "GET /wp-includes/connectors.php HTTP/1.1" 500 0 "binance.com" "Mozilla/5.0 (Windows NT 10.0; Win64; x64) AppleWebKit/537.36 (KHTML, like Gecko) Chrome/90.0.4430.85 Safari/537.36"
20.193.250.173 - - [30/Jul/2026:18:20:31 -0400] "GET /wp-includes/script-modules.php HTTP/1.1" 200 0 "binance.com" "Mozilla/5.0 (Windows NT 10.0; Win64; x64) AppleWebKit/537.36 (KHTML, like Gecko) Chrome/90.0.4430.85 Safari/537.36"
20.193.250.173 - - [30/Jul/2026:18:23:16 -0400] "GET /wp-includes/Text/ HTTP/1.1" 200 880 "binance.com" "Mozilla/5.0 (Windows NT 10.0; Win64; x64) AppleWebKit/537.36 (KHTML, like Gecko) Chrome/90.0.4430.85 Safari/537.36"
20.193.250.173 - - [30/Jul/2026:18:23:31 -0400] "GET /wp-includes/Text/Diff/ HTTP/1.1" 200 860 "binance.com" "Mozilla/5.0 (Windows NT 10.0; Win64; x64) AppleWebKit/537.36 (KHTML, like Gecko) Chrome/90.0.4430.85 Safari/537.36"
20.193.250.173 - - [30/Jul/2026:18:24:10 -0400] "GET /wp-includes/pomo/ HTTP/1.1" 200 1318 "binance.com" "Mozilla/5.0 (Windows NT 10.0; Win64; x64) AppleWebKit/537.36 (KHTML, like Gecko) Chrome/90.0.4430.85 Safari/537.36"
20.193.250.173 - - [30/Jul/2026:18:24:23 -0400] "GET /wp-includes/sitemaps/ HTTP/1.1" 200 1343 "binance.com" "Mozilla/5.0 (Windows NT 10.0; Win64; x64) AppleWebKit/537.36 (KHTML, like Gecko) Chrome/90.0.4430.85 Safari/537.36"
20.193.250.173 - - [30/Jul/2026:18:12:14 -0400] "GET /wp-admin/css/colors/blue/ HTTP/1.1" 200 901 "binance.com" "Mozilla/5.0 (Windows NT 10.0; Win64; x64) AppleWebKit/537.36 (KHTML, like Gecko) Chrome/90.0.4430.85 Safari/537.36"
20.193.250.173 - - [30/Jul/2026:18:15:03 -0400] "GET /wp-includes/class-wp-block-metadata-registry.php HTTP/1.1" 200 0 "binance.com" "Mozilla/5.0 (Windows NT 10.0; Win64; x64) AppleWebKit/537.36 (KHTML, like Gecko) Chrome/90.0.4430.85 Safari/537.36"
20.193.250.173 - - [30/Jul/2026:18:15:28 -0400] "GET /wp-includes/class-wp-block-template.php HTTP/1.1" 200 0 "binance.com" "Mozilla/5.0 (Windows NT 10.0; Win64; x64) AppleWebKit/537.36 (KHTML, like Gecko) Chrome/90.0.4430.85 Safari/537.36"
20.193.250.173 - - [30/Jul/2026:18:15:59 -0400] "GET /wp-includes/class-wp-duotone.php HTTP/1.1" 200 0 "binance.com" "Mozilla/5.0 (Windows NT 10.0; Win64; x64) AppleWebKit/537.36 (KHTML, like Gecko) Chrome/90.0.4430.85 Safari/537.36"
20.193.250.173 - - [30/Jul/2026:18:17:47 -0400] "GET /wp-includes/class-wp-theme-json.php HTTP/1.1" 200 0 "binance.com" "Mozilla/5.0 (Windows NT 10.0; Win64; x64) AppleWebKit/537.36 (KHTML, like Gecko) Chrome/90.0.4430.85 Safari/537.36"
87.99.128.58 - - [30/Jul/2026:18:17:51 -0400] "GET /.git/config HTTP/1.1" 403 787 "-" "Mozilla/5.0 (Macintosh; Intel Mac OS X 10_15_7) AppleWebKit/605.1.15 Safari/604.1"
20.193.250.173 - - [30/Jul/2026:18:19:19 -0400] "GET /wp-includes/cookie.php HTTP/1.1" 200 0 "binance.com" "Mozilla/5.0 (Windows NT 10.0; Win64; x64) AppleWebKit/537.36 (KHTML, like Gecko) Chrome/90.0.4430.85 Safari/537.36"
20.193.250.173 - - [30/Jul/2026:18:19:26 -0400] "GET /wp-includes/core.php HTTP/1.1" 200 742 "binance.com" "Mozilla/5.0 (Windows NT 10.0; Win64; x64) AppleWebKit/537.36 (KHTML, like Gecko) Chrome/90.0.4430.85 Safari/537.36"
20.193.250.173 - - [30/Jul/2026:18:19:32 -0400] "GET /wp-includes/fonts.php HTTP/1.1" 200 0 "binance.com" "Mozilla/5.0 (Windows NT 10.0; Win64; x64) AppleWebKit/537.36 (KHTML, like Gecko) Chrome/90.0.4430.85 Safari/537.36"
91.84.115.116 - - [30/Jul/2026:18:22:41 -0400] "GET /?awg_scan=003441fea5eb6dc3c28b0f81eb8584c33f38697c940d4d0719ac6f89c803488e HTTP/1.1" 301 0 "-" "AWG-Server/1.0"
20.193.250.173 - - [30/Jul/2026:18:25:26 -0400] "GET /wp-includes/css/dist/ HTTP/1.1" 200 1698 "binance.com" "Mozilla/5.0 (Windows NT 10.0; Win64; x64) AppleWebKit/537.36 (KHTML, like Gecko) Chrome/90.0.4430.85 Safari/537.36"
20.193.250.173 - - [30/Jul/2026:18:26:41 -0400] "GET /wp-includes/fonts/class-wp-font-face.php HTTP/1.1" 200 0 "binance.com" "Mozilla/5.0 (Windows NT 10.0; Win64; x64) AppleWebKit/537.36 (KHTML, like Gecko) Chrome/90.0.4430.85 Safari/537.36"
20.193.250.173 - - [30/Jul/2026:18:24:34 -0400] "GET /wp-includes/sitemaps/providers/ HTTP/1.1" 200 952 "binance.com" "Mozilla/5.0 (Windows NT 10.0; Win64; x64) AppleWebKit/537.36 (KHTML, like Gecko) Chrome/90.0.4430.85 Safari/537.36"
20.193.250.173 - - [30/Jul/2026:18:27:39 -0400] "GET /wp-includes/images/media/ HTTP/1.1" 200 1473 "binance.com" "Mozilla/5.0 (Windows NT 10.0; Win64; x64) AppleWebKit/537.36 (KHTML, like Gecko) Chrome/90.0.4430.85 Safari/537.36"
91.84.115.116 - - [30/Jul/2026:18:32:43 -0400] "GET /?awg_scan=003441fea5eb6dc3c28b0f81eb8584c33f38697c940d4d0719ac6f89c803488e HTTP/1.1" 301 0 "-" "AWG-Server/1.0"
20.193.250.173 - - [30/Jul/2026:18:27:04 -0400] "GET /wp-includes/fonts/class-wp-font-utils.php HTTP/1.1" 200 0 "binance.com" "Mozilla/5.0 (Windows NT 10.0; Win64; x64) AppleWebKit/537.36 (KHTML, like Gecko) Chrome/90.0.4430.85 Safari/537.36"
20.193.250.173 - - [30/Jul/2026:18:27:51 -0400] "GET /wp-includes/images/wlw/ HTTP/1.1" 404 34852 "binance.com" "Mozilla/5.0 (Windows NT 10.0; Win64; x64) AppleWebKit/537.36 (KHTML, like Gecko) Chrome/90.0.4430.85 Safari/537.36"
20.193.250.173 - - [30/Jul/2026:18:28:27 -0400] "GET /wp-includes/js/plupload/ HTTP/1.1" 200 1388 "binance.com" "Mozilla/5.0 (Windows NT 10.0; Win64; x64) AppleWebKit/537.36 (KHTML, like Gecko) Chrome/90.0.4430.85 Safari/537.36"
20.193.250.173 - - [30/Jul/2026:18:28:33 -0400] "GET /.well-known/ HTTP/1.1" 200 804 "binance.com" "Mozilla/5.0 (Windows NT 10.0; Win64; x64) AppleWebKit/537.36 (KHTML, like Gecko) Chrome/90.0.4430.85 Safari/537.36"
20.193.250.173 - - [30/Jul/2026:18:26:55 -0400] "GET /wp-includes/fonts/class-wp-font-library.php HTTP/1.1" 200 0 "binance.com" "Mozilla/5.0 (Windows NT 10.0; Win64; x64) AppleWebKit/537.36 (KHTML, like Gecko) Chrome/90.0.4430.85 Safari/537.36"
91.84.115.116 - - [30/Jul/2026:18:27:44 -0400] "GET /?awg_scan=003441fea5eb6dc3c28b0f81eb8584c33f38697c940d4d0719ac6f89c803488e HTTP/1.1" 301 0 "-" "AWG-Server/1.0"
20.193.250.173 - - [30/Jul/2026:18:27:11 -0400] "GET /wp-includes/fonts/font-metrics.php HTTP/1.1" 200 0 "binance.com" "Mozilla/5.0 (Windows NT 10.0; Win64; x64) AppleWebKit/537.36 (KHTML, like Gecko) Chrome/90.0.4430.85 Safari/537.36"
20.193.250.173 - - [30/Jul/2026:18:27:20 -0400] "GET /wp-includes/images/ HTTP/1.1" 200 2065 "binance.com" "Mozilla/5.0 (Windows NT 10.0; Win64; x64) AppleWebKit/537.36 (KHTML, like Gecko) Chrome/90.0.4430.85 Safari/537.36"
20.193.250.173 - - [30/Jul/2026:18:28:20 -0400] "GET /wp-includes/js/codemirror/ HTTP/1.1" 200 1390 "binance.com" "Mozilla/5.0 (Windows NT 10.0; Win64; x64) AppleWebKit/537.36 (KHTML, like Gecko) Chrome/90.0.4430.85 Safari/537.36"
20.193.250.173 - - [30/Jul/2026:18:27:30 -0400] "GET /wp-includes/images/crystal/ HTTP/1.1" 200 1404 "binance.com" "Mozilla/5.0 (Windows NT 10.0; Win64; x64) AppleWebKit/537.36 (KHTML, like Gecko) Chrome/90.0.4430.85 Safari/537.36"
20.193.250.173 - - [30/Jul/2026:18:27:45 -0400] "GET /wp-includes/images/smilies/ HTTP/1.1" 200 1691 "binance.com" "Mozilla/5.0 (Windows NT 10.0; Win64; x64) AppleWebKit/537.36 (KHTML, like Gecko) Chrome/90.0.4430.85 Safari/537.36"
20.193.250.173 - - [30/Jul/2026:18:28:11 -0400] "GET /wp-includes/js/%20 HTTP/1.1" 301 0 "binance.com" "Mozilla/5.0 (Windows NT 10.0; Win64; x64) AppleWebKit/537.36 (KHTML, like Gecko) Chrome/90.0.4430.85 Safari/537.36"
20.193.250.173 - - [30/Jul/2026:18:28:12 -0400] "GET /wp-includes/js/ HTTP/1.1" 200 4891 "binance.com" "Mozilla/5.0 (Windows NT 10.0; Win64; x64) AppleWebKit/537.36 (KHTML, like Gecko) Chrome/90.0.4430.85 Safari/537.36"
91.84.115.116 - - [30/Jul/2026:18:42:40 -0400] "GET /?awg_scan=003441fea5eb6dc3c28b0f81eb8584c33f38697c940d4d0719ac6f89c803488e HTTP/1.1" 301 0 "-" "AWG-Server/1.0"
91.84.115.116 - - [30/Jul/2026:18:37:42 -0400] "GET /?awg_scan=003441fea5eb6dc3c28b0f81eb8584c33f38697c940d4d0719ac6f89c803488e HTTP/1.1" 301 0 "-" "AWG-Server/1.0"
91.84.115.116 - - [30/Jul/2026:18:47:44 -0400] "GET /?awg_scan=003441fea5eb6dc3c28b0f81eb8584c33f38697c940d4d0719ac6f89c803488e HTTP/1.1" 301 0 "-" "AWG-Server/1.0"
95.217.28.60 - - [30/Jul/2026:18:56:06 -0400] "GET /wp-login.php HTTP/1.1" 302 0 "-" "got (https://github.com/sindresorhus/got)"
95.217.28.60 - - [30/Jul/2026:18:57:44 -0400] "GET /wp-login.php HTTP/1.1" 302 0 "-" "got (https://github.com/sindresorhus/got)"
91.84.115.116 - - [30/Jul/2026:18:52:44 -0400] "GET /?awg_scan=003441fea5eb6dc3c28b0f81eb8584c33f38697c940d4d0719ac6f89c803488e HTTP/1.1" 301 0 "-" "AWG-Server/1.0"
95.217.28.60 - - [30/Jul/2026:18:59:23 -0400] "GET /wp-login.php HTTP/1.1" 302 0 "-" "got (https://github.com/sindresorhus/got)"
91.84.115.116 - - [30/Jul/2026:18:57:40 -0400] "GET /?awg_scan=003441fea5eb6dc3c28b0f81eb8584c33f38697c940d4d0719ac6f89c803488e HTTP/1.1" 301 0 "-" "AWG-Server/1.0"
91.84.115.116 - - [30/Jul/2026:19:02:42 -0400] "GET /?awg_scan=003441fea5eb6dc3c28b0f81eb8584c33f38697c940d4d0719ac6f89c803488e HTTP/1.1" 301 0 "-" "AWG-Server/1.0"
91.84.115.116 - - [30/Jul/2026:19:07:42 -0400] "GET /?awg_scan=003441fea5eb6dc3c28b0f81eb8584c33f38697c940d4d0719ac6f89c803488e HTTP/1.1" 301 0 "-" "AWG-Server/1.0"
91.84.115.116 - - [30/Jul/2026:19:12:42 -0400] "GET /?awg_scan=003441fea5eb6dc3c28b0f81eb8584c33f38697c940d4d0719ac6f89c803488e HTTP/1.1" 301 0 "-" "AWG-Server/1.0"
43.133.91.48 - - [30/Jul/2026:19:09:31 -0400] "GET / HTTP/1.1" 301 0 "-" "Mozilla/5.0 (iPhone; CPU iPhone OS 13_2_3 like Mac OS X) AppleWebKit/605.1.15 (KHTML, like Gecko) Version/13.0.3 Mobile/15E148 Safari/604.1"
91.84.115.116 - - [30/Jul/2026:19:32:42 -0400] "GET /?awg_scan=003441fea5eb6dc3c28b0f81eb8584c33f38697c940d4d0719ac6f89c803488e HTTP/1.1" 301 0 "-" "AWG-Server/1.0"
91.84.115.116 - - [30/Jul/2026:19:27:42 -0400] "GET /?awg_scan=003441fea5eb6dc3c28b0f81eb8584c33f38697c940d4d0719ac6f89c803488e HTTP/1.1" 301 0 "-" "AWG-Server/1.0"
91.84.115.116 - - [30/Jul/2026:19:22:43 -0400] "GET /?awg_scan=003441fea5eb6dc3c28b0f81eb8584c33f38697c940d4d0719ac6f89c803488e HTTP/1.1" 301 0 "-" "AWG-Server/1.0"
91.84.115.116 - - [30/Jul/2026:19:17:41 -0400] "GET /?awg_scan=003441fea5eb6dc3c28b0f81eb8584c33f38697c940d4d0719ac6f89c803488e HTTP/1.1" 301 0 "-" "AWG-Server/1.0"
91.84.115.116 - - [30/Jul/2026:19:47:41 -0400] "GET /?awg_scan=003441fea5eb6dc3c28b0f81eb8584c33f38697c940d4d0719ac6f89c803488e HTTP/1.1" 301 0 "-" "AWG-Server/1.0"
91.84.115.116 - - [30/Jul/2026:19:37:46 -0400] "GET /?awg_scan=003441fea5eb6dc3c28b0f81eb8584c33f38697c940d4d0719ac6f89c803488e HTTP/1.1" 301 0 "-" "AWG-Server/1.0"
89.163.146.197 - - [30/Jul/2026:19:39:26 -0400] "GET / HTTP/1.1" 301 0 "-" "Mozilla/5.0 (X11; Ubuntu; Linux x86_64) AppleWebKit/537.36 (KHTML, like Gecko) Chrome/118.0.5993.88 Safari/537.36"
91.84.115.116 - - [30/Jul/2026:19:42:44 -0400] "GET /?awg_scan=003441fea5eb6dc3c28b0f81eb8584c33f38697c940d4d0719ac6f89c803488e HTTP/1.1" 301 0 "-" "AWG-Server/1.0"
31.220.45.74 - - [30/Jul/2026:19:51:21 -0400] "HEAD / HTTP/1.1" 301 0 "-" "Mozilla/5.0 (Windows NT 10.0; Win64; x64) AppleWebKit/537.36 (KHTML, like Gecko) Chrome/130.0.0.0 Safari/537.36"
31.220.45.74 - - [30/Jul/2026:19:51:26 -0400] "POST /xmlrpc.php HTTP/1.1" 200 728 "-" "Mozilla/5.0 (Windows NT 10.0; Win64; x64) AppleWebKit/537.36 (KHTML, like Gecko) Chrome/130.0.0.0 Safari/537.36"
31.220.45.74 - - [30/Jul/2026:19:51:28 -0400] "POST /xmlrpc.php HTTP/1.1" 403 728 "-" "Mozilla/5.0 (Windows NT 10.0; Win64; x64) AppleWebKit/537.36 (KHTML, like Gecko) Chrome/130.0.0.0 Safari/537.36"
91.84.115.116 - - [30/Jul/2026:20:02:39 -0400] "GET /?awg_scan=003441fea5eb6dc3c28b0f81eb8584c33f38697c940d4d0719ac6f89c803488e HTTP/1.1" 301 0 "-" "AWG-Server/1.0"
91.84.115.116 - - [30/Jul/2026:20:07:44 -0400] "GET /?awg_scan=003441fea5eb6dc3c28b0f81eb8584c33f38697c940d4d0719ac6f89c803488e HTTP/1.1" 301 0 "-" "AWG-Server/1.0"
5.78.159.87 - - [30/Jul/2026:20:05:48 -0400] "POST /xmlrpc.php HTTP/1.1" 200 186 "-" "Mozilla/5.0 (Windows NT 10.0; Win64; x64) AppleWebKit/537.36 (KHTML, like Gecko) Chrome/108.0.0.0 Safari/537.36"
91.84.115.116 - - [30/Jul/2026:19:52:44 -0400] "GET /?awg_scan=003441fea5eb6dc3c28b0f81eb8584c33f38697c940d4d0719ac6f89c803488e HTTP/1.1" 301 0 "-" "AWG-Server/1.0"
31.220.45.74 - - [30/Jul/2026:19:56:16 -0400] "GET /wp/wp-login.php HTTP/1.1" 404 34883 "-" "Mozilla/5.0 (Windows NT 10.0; Win64; x64) AppleWebKit/537.36 (KHTML, like Gecko) Chrome/130.0.0.0 Safari/537.36"
31.220.45.74 - - [30/Jul/2026:19:56:18 -0400] "GET /wordpress/wp-login.php HTTP/1.1" 404 34887 "-" "Mozilla/5.0 (Windows NT 10.0; Win64; x64) AppleWebKit/537.36 (KHTML, like Gecko) Chrome/130.0.0.0 Safari/537.36"
31.220.45.74 - - [30/Jul/2026:19:56:20 -0400] "GET /blog/wp-login.php HTTP/1.1" 404 34885 "-" "Mozilla/5.0 (Windows NT 10.0; Win64; x64) AppleWebKit/537.36 (KHTML, like Gecko) Chrome/130.0.0.0 Safari/537.36"
31.220.45.74 - - [30/Jul/2026:19:56:23 -0400] "GET /wp-login.php HTTP/1.1" 302 0 "-" "Mozilla/5.0 (Windows NT 10.0; Win64; x64) AppleWebKit/537.36 (KHTML, like Gecko) Chrome/130.0.0.0 Safari/537.36"
31.220.45.74 - - [30/Jul/2026:19:56:27 -0400] "POST /wp-login.php HTTP/1.1" 302 0 "http://appmen.com.ng/wp-login.php" "Mozilla/5.0 (Windows NT 10.0; Win64; x64) AppleWebKit/537.36 (KHTML, like Gecko) Chrome/130.0.0.0 Safari/537.36"
31.220.45.74 - - [30/Jul/2026:19:56:29 -0400] "GET /wp-admin/ HTTP/1.1" 302 0 "http://appmen.com.ng/wp-login.php" "Mozilla/5.0 (Windows NT 10.0; Win64; x64) AppleWebKit/537.36 (KHTML, like Gecko) Chrome/130.0.0.0 Safari/537.36"
91.84.115.116 - - [30/Jul/2026:19:57:42 -0400] "GET /?awg_scan=003441fea5eb6dc3c28b0f81eb8584c33f38697c940d4d0719ac6f89c803488e HTTP/1.1" 301 0 "-" "AWG-Server/1.0"
216.244.66.250 - - [30/Jul/2026:20:19:46 -0400] "GET /category/1/ HTTP/1.1" 200 167022 "-" "Mozilla/5.0 (compatible; DotBot/1.2; +https://opensiteexplorer.org/dotbot; help@moz.com)"
91.84.115.116 - - [30/Jul/2026:20:17:43 -0400] "GET /?awg_scan=003441fea5eb6dc3c28b0f81eb8584c33f38697c940d4d0719ac6f89c803488e HTTP/1.1" 301 0 "-" "AWG-Server/1.0"
216.244.66.250 - - [30/Jul/2026:20:11:18 -0400] "GET /robots.txt HTTP/1.1" 200 67 "-" "Mozilla/5.0 (compatible; DotBot/1.2; +https://opensiteexplorer.org/dotbot; help@moz.com)"
91.84.115.116 - - [30/Jul/2026:20:22:41 -0400] "GET /?awg_scan=003441fea5eb6dc3c28b0f81eb8584c33f38697c940d4d0719ac6f89c803488e HTTP/1.1" 301 0 "-" "AWG-Server/1.0"
43.164.196.47 - - [30/Jul/2026:20:13:59 -0400] "GET / HTTP/1.1" 301 0 "-" "Mozilla/5.0 (iPhone; CPU iPhone OS 13_2_3 like Mac OS X) AppleWebKit/605.1.15 (KHTML, like Gecko) Version/13.0.3 Mobile/15E148 Safari/604.1"
91.84.115.116 - - [30/Jul/2026:20:12:40 -0400] "GET /?awg_scan=003441fea5eb6dc3c28b0f81eb8584c33f38697c940d4d0719ac6f89c803488e HTTP/1.1" 301 0 "-" "AWG-Server/1.0"
191.101.238.108 - - [30/Jul/2026:20:38:05 -0400] "GET / HTTP/1.1" 301 0 "-" "Mozilla/5.0 (Windows NT 10.0; Win64; x64) AppleWebKit/537.36 (KHTML, like Gecko) Chrome/120.0.0.0 Safari/537.36"
91.84.115.116 - - [30/Jul/2026:20:32:44 -0400] "GET /?awg_scan=003441fea5eb6dc3c28b0f81eb8584c33f38697c940d4d0719ac6f89c803488e HTTP/1.1" 301 0 "-" "AWG-Server/1.0"
91.84.115.116 - - [30/Jul/2026:20:37:41 -0400] "GET /?awg_scan=003441fea5eb6dc3c28b0f81eb8584c33f38697c940d4d0719ac6f89c803488e HTTP/1.1" 301 0 "-" "AWG-Server/1.0"
91.84.115.116 - - [30/Jul/2026:20:27:44 -0400] "GET /?awg_scan=003441fea5eb6dc3c28b0f81eb8584c33f38697c940d4d0719ac6f89c803488e HTTP/1.1" 301 0 "-" "AWG-Server/1.0"
91.92.241.196 - - [30/Jul/2026:20:45:48 -0400] "GET / HTTP/1.1" 301 0 "-" "Mozilla/5.0"
91.84.115.116 - - [30/Jul/2026:20:47:45 -0400] "GET /?awg_scan=003441fea5eb6dc3c28b0f81eb8584c33f38697c940d4d0719ac6f89c803488e HTTP/1.1" 301 0 "-" "AWG-Server/1.0"
91.84.115.116 - - [30/Jul/2026:20:42:43 -0400] "GET /?awg_scan=003441fea5eb6dc3c28b0f81eb8584c33f38697c940d4d0719ac6f89c803488e HTTP/1.1" 301 0 "-" "AWG-Server/1.0"
216.73.216.122 - - [30/Jul/2026:20:58:02 -0400] "GET /robots.txt HTTP/1.1" 200 67 "-" "Mozilla/5.0 AppleWebKit/537.36 (KHTML, like Gecko; compatible; ClaudeBot/1.0; +claudebot@anthropic.com)"
216.73.216.122 - - [30/Jul/2026:20:58:10 -0400] "GET / HTTP/1.1" 301 0 "-" "Mozilla/5.0 AppleWebKit/537.36 (KHTML, like Gecko; compatible; ClaudeBot/1.0; +claudebot@anthropic.com)"
91.84.115.116 - - [30/Jul/2026:20:52:42 -0400] "GET /?awg_scan=003441fea5eb6dc3c28b0f81eb8584c33f38697c940d4d0719ac6f89c803488e HTTP/1.1" 301 0 "-" "AWG-Server/1.0"
216.244.66.250 - - [30/Jul/2026:20:57:53 -0400] "GET /robots.txt HTTP/1.1" 200 67 "-" "Mozilla/5.0 (compatible; DotBot/1.2; +https://opensiteexplorer.org/dotbot; help@moz.com)"
91.84.115.116 - - [30/Jul/2026:20:57:39 -0400] "GET /?awg_scan=003441fea5eb6dc3c28b0f81eb8584c33f38697c940d4d0719ac6f89c803488e HTTP/1.1" 301 0 "-" "AWG-Server/1.0"
91.84.115.116 - - [30/Jul/2026:21:02:42 -0400] "GET /?awg_scan=003441fea5eb6dc3c28b0f81eb8584c33f38697c940d4d0719ac6f89c803488e HTTP/1.1" 301 0 "-" "AWG-Server/1.0"
4.223.71.149 - - [30/Jul/2026:21:17:29 -0400] "GET /wp-content/plugins/hellopress/wp_filemanager.php HTTP/1.1" 404 168501 "-" "-"
4.223.71.149 - - [30/Jul/2026:21:17:31 -0400] "GET /this_is_a_new_hello_world.php HTTP/1.1" 404 168481 "-" "-"
4.223.71.149 - - [30/Jul/2026:21:17:34 -0400] "GET /3PJcpMFsD8B.php HTTP/1.1" 404 168467 "-" "-"
4.223.71.149 - - [30/Jul/2026:21:17:36 -0400] "GET /media.php HTTP/1.1" 404 168461 "-" "-"
4.223.71.149 - - [30/Jul/2026:21:17:39 -0400] "GET /images.php HTTP/1.1" 404 168462 "-" "-"
4.223.71.149 - - [30/Jul/2026:21:17:41 -0400] "GET /adminner.php HTTP/1.1" 404 168464 "-" "-"
4.223.71.149 - - [30/Jul/2026:21:17:44 -0400] "GET ///admin.php HTTP/1.1" 301 0 "-" "-"
4.223.71.149 - - [30/Jul/2026:21:17:46 -0400] "GET /admin.php HTTP/1.1" 404 168461 "-" "-"
4.223.71.149 - - [30/Jul/2026:21:17:48 -0400] "GET /ops.php HTTP/1.1" 404 168459 "-" "-"
4.223.71.149 - - [30/Jul/2026:21:17:51 -0400] "GET /mac.php HTTP/1.1" 404 168459 "-" "-"
4.223.71.149 - - [30/Jul/2026:21:17:54 -0400] "GET /wp-admin/css/colors/modern/ HTTP/1.1" 200 2742 "-" "-"
4.223.71.149 - - [30/Jul/2026:21:17:54 -0400] "GET /pucci.php HTTP/1.1" 404 168461 "-" "-"
4.223.71.149 - - [30/Jul/2026:21:17:57 -0400] "GET //wp-admin/js/index.php HTTP/1.1" 301 0 "-" "-"
4.223.71.149 - - [30/Jul/2026:21:17:59 -0400] "GET /wp-admin/js/ HTTP/1.1" 200 27985 "-" "-"
4.223.71.149 - - [30/Jul/2026:21:18:01 -0400] "GET /8.php HTTP/1.1" 404 168457 "-" "-"
4.223.71.149 - - [30/Jul/2026:21:18:04 -0400] "GET /1.php HTTP/1.1" 404 168457 "-" "-"
4.223.71.149 - - [30/Jul/2026:21:18:07 -0400] "GET /wp-content/admin.php HTTP/1.1" 404 168472 "-" "-"
4.223.71.149 - - [30/Jul/2026:21:18:10 -0400] "GET /wp-content/themes/index.php HTTP/1.1" 200 0 "-" "-"
4.223.71.149 - - [30/Jul/2026:21:18:10 -0400] "GET /222.php HTTP/1.1" 404 168459 "-" "-"
4.223.71.149 - - [30/Jul/2026:21:18:13 -0400] "GET //cgi-bin/index.php HTTP/1.1" 404 796 "-" "-"
4.223.71.149 - - [30/Jul/2026:21:18:13 -0400] "GET //wp-includes/css/dist/ HTTP/1.1" 200 7186 "-" "-"
4.223.71.149 - - [30/Jul/2026:21:18:14 -0400] "GET //wp-includes/l10n/ HTTP/1.1" 200 3825 "-" "-"
4.223.71.149 - - [30/Jul/2026:21:18:14 -0400] "GET /wp-content/uploads/ HTTP/1.1" 200 5306 "-" "-"
4.223.71.149 - - [30/Jul/2026:21:18:15 -0400] "GET /raw.php HTTP/1.1" 404 168459 "-" "-"
4.223.71.149 - - [30/Jul/2026:21:18:17 -0400] "GET /wp-content/ HTTP/1.1" 200 0 "-" "-"
4.223.71.149 - - [30/Jul/2026:21:18:18 -0400] "GET /simple.php HTTP/1.1" 404 168462 "-" "-"
4.223.71.149 - - [30/Jul/2026:21:18:21 -0400] "GET /xxx.php HTTP/1.1" 404 168459 "-" "-"
4.223.71.149 - - [30/Jul/2026:21:18:25 -0400] "GET /file.php? HTTP/1.1" 404 168460 "-" "-"
4.223.71.149 - - [30/Jul/2026:21:18:28 -0400] "GET /wp-load.php HTTP/1.1" 200 0 "-" "-"
4.223.71.149 - - [30/Jul/2026:21:18:30 -0400] "GET //wp-includes/assets/ HTTP/1.1" 200 2274 "-" "-"
4.223.71.149 - - [30/Jul/2026:21:18:30 -0400] "GET /wp-admin/css/colors/sunrise/ HTTP/1.1" 200 2749 "-" "-"
4.223.71.149 - - [30/Jul/2026:21:18:30 -0400] "GET /wp-admin/css/colors/midnight/about.php HTTP/1.1" 404 168491 "-" "-"
4.223.71.149 - - [30/Jul/2026:21:18:33 -0400] "GET /a.php HTTP/1.1" 404 168457 "-" "-"
4.223.71.149 - - [30/Jul/2026:21:18:36 -0400] "GET /4PJcpMFsD8B.php HTTP/1.1" 404 168467 "-" "-"
4.223.71.149 - - [30/Jul/2026:21:18:39 -0400] "GET //aa.php HTTP/1.1" 301 0 "-" "-"
4.223.71.149 - - [30/Jul/2026:21:18:40 -0400] "GET /aa.php HTTP/1.1" 404 168458 "-" "-"
4.223.71.149 - - [30/Jul/2026:21:18:42 -0400] "GET /177.php HTTP/1.1" 404 168459 "-" "-"
4.223.71.149 - - [30/Jul/2026:21:18:45 -0400] "GET /coffexium.php HTTP/1.1" 404 168465 "-" "-"
4.223.71.149 - - [30/Jul/2026:21:18:48 -0400] "GET /fffm.php?p= HTTP/1.1" 301 0 "-" "-"
4.223.71.149 - - [30/Jul/2026:21:18:50 -0400] "GET /fffm.php HTTP/1.1" 404 168460 "-" "-"
4.223.71.149 - - [30/Jul/2026:21:18:53 -0400] "GET /82.php HTTP/1.1" 404 168458 "-" "-"
4.223.71.149 - - [30/Jul/2026:21:18:55 -0400] "GET /config.json.php HTTP/1.1" 404 168467 "-" "-"
4.223.71.149 - - [30/Jul/2026:21:18:58 -0400] "GET /fpwch.php HTTP/1.1" 404 168461 "-" "-"
43.157.191.20 - - [30/Jul/2026:21:08:45 -0400] "GET / HTTP/1.1" 301 0 "-" "Mozilla/5.0 (iPhone; CPU iPhone OS 13_2_3 like Mac OS X) AppleWebKit/605.1.15 (KHTML, like Gecko) Version/13.0.3 Mobile/15E148 Safari/604.1"
91.84.115.116 - - [30/Jul/2026:21:17:41 -0400] "GET /?awg_scan=003441fea5eb6dc3c28b0f81eb8584c33f38697c940d4d0719ac6f89c803488e HTTP/1.1" 301 0 "-" "AWG-Server/1.0"
43.135.145.117 - - [30/Jul/2026:21:13:05 -0400] "GET / HTTP/1.1" 301 0 "-" "Mozilla/5.0 (iPhone; CPU iPhone OS 13_2_3 like Mac OS X) AppleWebKit/605.1.15 (KHTML, like Gecko) Version/13.0.3 Mobile/15E148 Safari/604.1"
4.223.71.149 - - [30/Jul/2026:21:19:00 -0400] "GET /xp.php HTTP/1.1" 404 168458 "-" "-"
4.223.71.149 - - [30/Jul/2026:21:19:03 -0400] "GET /reop3.php?p= HTTP/1.1" 301 0 "-" "-"
4.223.71.149 - - [30/Jul/2026:21:19:06 -0400] "GET /reop3.php HTTP/1.1" 404 168461 "-" "-"
4.223.71.149 - - [30/Jul/2026:21:19:08 -0400] "GET /wp-includes/Requests/ HTTP/1.1" 200 2122 "-" "-"
4.223.71.149 - - [30/Jul/2026:21:19:09 -0400] "GET //wp.php? HTTP/1.1" 301 0 "-" "-"
4.223.71.149 - - [30/Jul/2026:21:19:10 -0400] "GET /wp.php HTTP/1.1" 404 168458 "-" "-"
4.223.71.149 - - [30/Jul/2026:21:19:12 -0400] "GET /dex.php HTTP/1.1" 404 168459 "-" "-"
4.223.71.149 - - [30/Jul/2026:21:19:15 -0400] "GET /biufile.php HTTP/1.1" 404 168463 "-" "-"
4.223.71.149 - - [30/Jul/2026:21:19:18 -0400] "GET /inputs.php? HTTP/1.1" 404 168462 "-" "-"
4.223.71.149 - - [30/Jul/2026:21:19:22 -0400] "GET /inputs.php HTTP/1.1" 404 168462 "-" "-"
4.223.71.149 - - [30/Jul/2026:21:19:26 -0400] "GET //adminfuns.php HTTP/1.1" 301 0 "-" "-"
4.223.71.149 - - [30/Jul/2026:21:19:30 -0400] "GET /adminfuns.php HTTP/1.1" 404 168465 "-" "-"
4.223.71.149 - - [30/Jul/2026:21:19:34 -0400] "GET /goods.php HTTP/1.1" 404 168461 "-" "-"
4.223.71.149 - - [30/Jul/2026:21:19:36 -0400] "GET /about.php? HTTP/1.1" 404 168461 "-" "-"
4.223.71.149 - - [30/Jul/2026:21:19:41 -0400] "GET /about.php HTTP/1.1" 404 168461 "-" "-"
4.223.71.149 - - [30/Jul/2026:21:19:47 -0400] "GET /admin.php HTTP/1.1" 404 168461 "-" "-"
4.223.71.149 - - [30/Jul/2026:21:19:50 -0400] "GET /admin.php? HTTP/1.1" 404 168461 "-" "-"
4.223.71.149 - - [30/Jul/2026:21:19:53 -0400] "GET /chosen.php? HTTP/1.1" 404 168462 "-" "-"
91.84.115.116 - - [30/Jul/2026:21:22:44 -0400] "GET /?awg_scan=003441fea5eb6dc3c28b0f81eb8584c33f38697c940d4d0719ac6f89c803488e HTTP/1.1" 301 0 "-" "AWG-Server/1.0"
216.244.66.250 - - [30/Jul/2026:21:19:14 -0400] "GET /coronavirus-disease-2019-2/ HTTP/1.1" 200 188555 "-" "Mozilla/5.0 (compatible; DotBot/1.2; +https://opensiteexplorer.org/dotbot; help@moz.com)"
91.84.115.116 - - [30/Jul/2026:21:12:44 -0400] "GET /?awg_scan=003441fea5eb6dc3c28b0f81eb8584c33f38697c940d4d0719ac6f89c803488e HTTP/1.1" 301 0 "-" "AWG-Server/1.0"
91.84.115.116 - - [30/Jul/2026:21:07:44 -0400] "GET /?awg_scan=003441fea5eb6dc3c28b0f81eb8584c33f38697c940d4d0719ac6f89c803488e HTTP/1.1" 301 0 "-" "AWG-Server/1.0"
91.84.115.116 - - [30/Jul/2026:21:32:41 -0400] "GET /?awg_scan=003441fea5eb6dc3c28b0f81eb8584c33f38697c940d4d0719ac6f89c803488e HTTP/1.1" 301 0 "-" "AWG-Server/1.0"
91.84.115.116 - - [30/Jul/2026:21:27:42 -0400] "GET /?awg_scan=003441fea5eb6dc3c28b0f81eb8584c33f38697c940d4d0719ac6f89c803488e HTTP/1.1" 301 0 "-" "AWG-Server/1.0"
91.84.115.116 - - [30/Jul/2026:21:37:44 -0400] "GET /?awg_scan=003441fea5eb6dc3c28b0f81eb8584c33f38697c940d4d0719ac6f89c803488e HTTP/1.1" 301 0 "-" "AWG-Server/1.0"
216.244.66.250 - - [30/Jul/2026:21:45:21 -0400] "GET /robots.txt HTTP/1.1" 200 67 "-" "Mozilla/5.0 (compatible; DotBot/1.2; +https://opensiteexplorer.org/dotbot; help@moz.com)"
216.73.217.129 - - [30/Jul/2026:21:54:10 -0400] "GET /wp-includes/pomo/plural-forms.php HTTP/1.1" 200 0 "-" "Mozilla/5.0 AppleWebKit/537.36 (KHTML, like Gecko; compatible; ClaudeBot/1.0; +claudebot@anthropic.com)"
216.73.217.129 - - [30/Jul/2026:21:54:21 -0400] "GET /wp-includes/pomo/mo.php HTTP/1.1" 200 0 "-" "Mozilla/5.0 AppleWebKit/537.36 (KHTML, like Gecko; compatible; ClaudeBot/1.0; +claudebot@anthropic.com)"
216.73.217.129 - - [30/Jul/2026:21:54:26 -0400] "GET /wp-content/languages/wp-locale-handler.php HTTP/1.1" 200 0 "-" "Mozilla/5.0 AppleWebKit/537.36 (KHTML, like Gecko; compatible; ClaudeBot/1.0; +claudebot@anthropic.com)"
216.73.217.129 - - [30/Jul/2026:21:54:31 -0400] "GET /wp-includes/ HTTP/1.1" 200 10297 "-" "Mozilla/5.0 AppleWebKit/537.36 (KHTML, like Gecko; compatible; ClaudeBot/1.0; +claudebot@anthropic.com)"
216.73.217.129 - - [30/Jul/2026:21:54:35 -0400] "GET /wp-includes/css/dist/ HTTP/1.1" 200 1445 "-" "Mozilla/5.0 AppleWebKit/537.36 (KHTML, like Gecko; compatible; ClaudeBot/1.0; +claudebot@anthropic.com)"
216.73.217.129 - - [30/Jul/2026:21:54:40 -0400] "GET /wp-admin/js/ HTTP/1.1" 200 3690 "-" "Mozilla/5.0 AppleWebKit/537.36 (KHTML, like Gecko; compatible; ClaudeBot/1.0; +claudebot@anthropic.com)"
216.73.217.129 - - [30/Jul/2026:21:54:45 -0400] "GET /wp-includes/ID3/module.audio-video.flv.php HTTP/1.1" 200 0 "-" "Mozilla/5.0 AppleWebKit/537.36 (KHTML, like Gecko; compatible; ClaudeBot/1.0; +claudebot@anthropic.com)"
216.73.217.129 - - [30/Jul/2026:21:54:50 -0400] "GET /wp-includes/IXR/ HTTP/1.1" 200 1283 "-" "Mozilla/5.0 AppleWebKit/537.36 (KHTML, like Gecko; compatible; ClaudeBot/1.0; +claudebot@anthropic.com)"
216.73.217.129 - - [30/Jul/2026:21:54:55 -0400] "GET /wp-includes/ID3/module.tag.lyrics3.php HTTP/1.1" 200 0 "-" "Mozilla/5.0 AppleWebKit/537.36 (KHTML, like Gecko; compatible; ClaudeBot/1.0; +claudebot@anthropic.com)"
216.73.217.129 - - [30/Jul/2026:21:55:00 -0400] "GET /wp-includes/ID3/module.audio-video.asf.php HTTP/1.1" 200 0 "-" "Mozilla/5.0 AppleWebKit/537.36 (KHTML, like Gecko; compatible; ClaudeBot/1.0; +claudebot@anthropic.com)"
216.73.217.129 - - [30/Jul/2026:21:55:06 -0400] "GET /wp-includes/js/ HTTP/1.1" 200 4258 "-" "Mozilla/5.0 AppleWebKit/537.36 (KHTML, like Gecko; compatible; ClaudeBot/1.0; +claudebot@anthropic.com)"
216.73.217.129 - - [30/Jul/2026:21:55:11 -0400] "GET /wp-includes/ID3/module.tag.id3v2.php HTTP/1.1" 200 0 "-" "Mozilla/5.0 AppleWebKit/537.36 (KHTML, like Gecko; compatible; ClaudeBot/1.0; +claudebot@anthropic.com)"
216.73.217.129 - - [30/Jul/2026:21:55:15 -0400] "GET /wp-includes/fonts/class-wp-font-utils.php HTTP/1.1" 200 0 "-" "Mozilla/5.0 AppleWebKit/537.36 (KHTML, like Gecko; compatible; ClaudeBot/1.0; +claudebot@anthropic.com)"
216.73.217.129 - - [30/Jul/2026:21:55:21 -0400] "GET /wp-includes/blocks/details/editor.min.css HTTP/1.1" 200 45 "-" "Mozilla/5.0 AppleWebKit/537.36 (KHTML, like Gecko; compatible; ClaudeBot/1.0; +claudebot@anthropic.com)"
216.73.217.129 - - [30/Jul/2026:21:55:26 -0400] "GET /wp-admin/css/colors/ HTTP/1.1" 200 1174 "-" "Mozilla/5.0 AppleWebKit/537.36 (KHTML, like Gecko; compatible; ClaudeBot/1.0; +claudebot@anthropic.com)"
216.73.217.129 - - [30/Jul/2026:21:57:41 -0400] "GET /wp-includes/sodium_compat/composer.json HTTP/1.1" 200 657 "-" "Mozilla/5.0 AppleWebKit/537.36 (KHTML, like Gecko; compatible; ClaudeBot/1.0; +claudebot@anthropic.com)"
91.84.115.116 - - [30/Jul/2026:21:57:45 -0400] "GET /?awg_scan=003441fea5eb6dc3c28b0f81eb8584c33f38697c940d4d0719ac6f89c803488e HTTP/1.1" 301 0 "-" "AWG-Server/1.0"
216.73.217.129 - - [30/Jul/2026:21:57:46 -0400] "GET /wp-admin/css/colors/blue/colors.css HTTP/1.1" 429 0 "-" "Mozilla/5.0 AppleWebKit/537.36 (KHTML, like Gecko; compatible; ClaudeBot/1.0; +claudebot@anthropic.com)"
216.73.217.129 - - [30/Jul/2026:21:57:51 -0400] "GET /wp-includes/blocks/details/editor-rtl.css HTTP/1.1" 429 0 "-" "Mozilla/5.0 AppleWebKit/537.36 (KHTML, like Gecko; compatible; ClaudeBot/1.0; +claudebot@anthropic.com)"
91.84.115.116 - - [30/Jul/2026:21:47:44 -0400] "GET /?awg_scan=003441fea5eb6dc3c28b0f81eb8584c33f38697c940d4d0719ac6f89c803488e HTTP/1.1" 301 0 "-" "AWG-Server/1.0"
91.84.115.116 - - [30/Jul/2026:21:52:43 -0400] "GET /?awg_scan=003441fea5eb6dc3c28b0f81eb8584c33f38697c940d4d0719ac6f89c803488e HTTP/1.1" 301 0 "-" "AWG-Server/1.0"
216.73.217.129 - - [30/Jul/2026:21:53:37 -0400] "GET /robots.txt HTTP/1.1" 200 67 "-" "Mozilla/5.0 AppleWebKit/537.36 (KHTML, like Gecko; compatible; ClaudeBot/1.0; +claudebot@anthropic.com)"
216.73.217.129 - - [30/Jul/2026:21:53:45 -0400] "GET /wp-includes/sodium_compat/autoload-php7.php HTTP/1.1" 200 0 "-" "Mozilla/5.0 AppleWebKit/537.36 (KHTML, like Gecko; compatible; ClaudeBot/1.0; +claudebot@anthropic.com)"
216.73.217.129 - - [30/Jul/2026:21:55:45 -0400] "GET /wp-content/ HTTP/1.1" 200 0 "-" "Mozilla/5.0 AppleWebKit/537.36 (KHTML, like Gecko; compatible; ClaudeBot/1.0; +claudebot@anthropic.com)"
216.73.217.129 - - [30/Jul/2026:21:55:50 -0400] "GET /wp-includes/sodium_compat/src/ HTTP/1.1" 200 1235 "-" "Mozilla/5.0 AppleWebKit/537.36 (KHTML, like Gecko; compatible; ClaudeBot/1.0; +claudebot@anthropic.com)"
216.73.217.129 - - [30/Jul/2026:21:55:55 -0400] "GET /wp-includes/block-bindings/ HTTP/1.1" 200 799 "-" "Mozilla/5.0 AppleWebKit/537.36 (KHTML, like Gecko; compatible; ClaudeBot/1.0; +claudebot@anthropic.com)"
216.73.217.129 - - [30/Jul/2026:21:56:03 -0400] "GET /wp-includes/blocks/post-comments-form/ HTTP/1.1" 200 1090 "-" "Mozilla/5.0 AppleWebKit/537.36 (KHTML, like Gecko; compatible; ClaudeBot/1.0; +claudebot@anthropic.com)"
216.73.217.129 - - [30/Jul/2026:21:56:08 -0400] "GET /wp-includes/fonts/class-wp-font-face.php HTTP/1.1" 200 0 "-" "Mozilla/5.0 AppleWebKit/537.36 (KHTML, like Gecko; compatible; ClaudeBot/1.0; +claudebot@anthropic.com)"
216.73.217.129 - - [30/Jul/2026:21:56:13 -0400] "GET /wp-includes/fonts/class-wp-font-library.php HTTP/1.1" 200 0 "-" "Mozilla/5.0 AppleWebKit/537.36 (KHTML, like Gecko; compatible; ClaudeBot/1.0; +claudebot@anthropic.com)"
216.73.217.129 - - [30/Jul/2026:21:56:19 -0400] "GET /wp-content/uploads/ HTTP/1.1" 200 1299 "-" "Mozilla/5.0 AppleWebKit/537.36 (KHTML, like Gecko; compatible; ClaudeBot/1.0; +claudebot@anthropic.com)"
216.73.217.129 - - [30/Jul/2026:21:56:24 -0400] "GET /wp-includes/ID3/module.audio-video.riff.php HTTP/1.1" 200 0 "-" "Mozilla/5.0 AppleWebKit/537.36 (KHTML, like Gecko; compatible; ClaudeBot/1.0; +claudebot@anthropic.com)"
216.73.217.129 - - [30/Jul/2026:21:56:29 -0400] "GET /wp-includes/js/jquery/ HTTP/1.1" 200 1532 "-" "Mozilla/5.0 AppleWebKit/537.36 (KHTML, like Gecko; compatible; ClaudeBot/1.0; +claudebot@anthropic.com)"
