91.84.115.116 - - [31/Jul/2026:01:37:42 -0400] "GET /?awg_scan=003441fea5eb6dc3c28b0f81eb8584c33f38697c940d4d0719ac6f89c803488e HTTP/1.1" 301 0 "-" "AWG-Server/1.0"
91.84.115.116 - - [31/Jul/2026:01:47:45 -0400] "GET /?awg_scan=003441fea5eb6dc3c28b0f81eb8584c33f38697c940d4d0719ac6f89c803488e HTTP/1.1" 301 0 "-" "AWG-Server/1.0"
216.73.216.103 - - [31/Jul/2026:01:37:26 -0400] "GET /wp-includes/Text/Diff/Renderer/inline.php HTTP/1.1" 429 0 "-" "Mozilla/5.0 AppleWebKit/537.36 (KHTML, like Gecko; compatible; ClaudeBot/1.0; +claudebot@anthropic.com)"
216.73.216.103 - - [31/Jul/2026:01:37:31 -0400] "GET /wp-admin/css/code-editor-rtl.css HTTP/1.1" 429 0 "-" "Mozilla/5.0 AppleWebKit/537.36 (KHTML, like Gecko; compatible; ClaudeBot/1.0; +claudebot@anthropic.com)"
216.73.216.103 - - [31/Jul/2026:01:37:36 -0400] "GET /wp-admin/css/forms.css HTTP/1.1" 429 0 "-" "Mozilla/5.0 AppleWebKit/537.36 (KHTML, like Gecko; compatible; ClaudeBot/1.0; +claudebot@anthropic.com)"
216.73.216.103 - - [31/Jul/2026:01:37:41 -0400] "GET /wp-includes/css/wp-pointer.css HTTP/1.1" 429 0 "-" "Mozilla/5.0 AppleWebKit/537.36 (KHTML, like Gecko; compatible; ClaudeBot/1.0; +claudebot@anthropic.com)"
216.73.216.103 - - [31/Jul/2026:01:37:46 -0400] "GET /wp-admin/css/code-editor.min.css HTTP/1.1" 429 0 "-" "Mozilla/5.0 AppleWebKit/537.36 (KHTML, like Gecko; compatible; ClaudeBot/1.0; +claudebot@anthropic.com)"
91.84.115.116 - - [31/Jul/2026:02:02:44 -0400] "GET /?awg_scan=003441fea5eb6dc3c28b0f81eb8584c33f38697c940d4d0719ac6f89c803488e HTTP/1.1" 301 0 "-" "AWG-Server/1.0"
216.73.216.103 - - [31/Jul/2026:01:50:56 -0400] "GET /wp-content/uploads/2026/04/wie-man-slot-maschinen-im-rockstar-casino-spielt_1-750x520.png HTTP/1.1" 200 496891 "-" "Mozilla/5.0 AppleWebKit/537.36 (KHTML, like Gecko; compatible; ClaudeBot/1.0; +claudebot@anthropic.com)"
216.73.216.103 - - [31/Jul/2026:01:51:01 -0400] "GET /wp-content/uploads/2026/04/wie-man-slot-maschinen-im-rockstar-casino-spielt_1-360x240.png HTTP/1.1" 429 0 "-" "Mozilla/5.0 AppleWebKit/537.36 (KHTML, like Gecko; compatible; ClaudeBot/1.0; +claudebot@anthropic.com)"
216.73.216.103 - - [31/Jul/2026:01:51:06 -0400] "GET /wp-content/uploads/2026/04/wie-man-slot-maschinen-im-rockstar-casino-spielt_1-360x240.jpg HTTP/1.1" 429 0 "-" "Mozilla/5.0 AppleWebKit/537.36 (KHTML, like Gecko; compatible; ClaudeBot/1.0; +claudebot@anthropic.com)"
216.73.216.103 - - [31/Jul/2026:01:51:11 -0400] "GET /wp-content/uploads/2026/04/obudu-cattle-ranch-750x520.jpeg HTTP/1.1" 429 0 "-" "Mozilla/5.0 AppleWebKit/537.36 (KHTML, like Gecko; compatible; ClaudeBot/1.0; +claudebot@anthropic.com)"
216.73.216.103 - - [31/Jul/2026:01:50:42 -0400] "GET /wp-content/uploads/2026/04/obudu-cattle-ranch-300x195.jpeg HTTP/1.1" 200 19797 "-" "Mozilla/5.0 AppleWebKit/537.36 (KHTML, like Gecko; compatible; ClaudeBot/1.0; +claudebot@anthropic.com)"
91.84.115.116 - - [31/Jul/2026:01:57:43 -0400] "GET /?awg_scan=003441fea5eb6dc3c28b0f81eb8584c33f38697c940d4d0719ac6f89c803488e HTTP/1.1" 301 0 "-" "AWG-Server/1.0"
91.84.115.116 - - [31/Jul/2026:01:52:43 -0400] "GET /?awg_scan=003441fea5eb6dc3c28b0f81eb8584c33f38697c940d4d0719ac6f89c803488e HTTP/1.1" 301 0 "-" "AWG-Server/1.0"
216.73.216.103 - - [31/Jul/2026:02:14:31 -0400] "GET /wp-includes/js/wp-list-revisions.min.js HTTP/1.1" 200 279 "-" "Mozilla/5.0 AppleWebKit/537.36 (KHTML, like Gecko; compatible; ClaudeBot/1.0; +claudebot@anthropic.com)"
216.73.216.103 - - [31/Jul/2026:02:14:36 -0400] "GET /wp-includes/js/wp-emoji-loader.min.js HTTP/1.1" 429 0 "-" "Mozilla/5.0 AppleWebKit/537.36 (KHTML, like Gecko; compatible; ClaudeBot/1.0; +claudebot@anthropic.com)"
216.73.216.103 - - [31/Jul/2026:02:14:40 -0400] "GET /wp-content/uploads/2025/01/ HTTP/1.1" 429 0 "-" "Mozilla/5.0 AppleWebKit/537.36 (KHTML, like Gecko; compatible; ClaudeBot/1.0; +claudebot@anthropic.com)"
216.73.216.103 - - [31/Jul/2026:02:14:45 -0400] "GET /wp-includes/js/zxcvbn.min.js HTTP/1.1" 429 0 "-" "Mozilla/5.0 AppleWebKit/537.36 (KHTML, like Gecko; compatible; ClaudeBot/1.0; +claudebot@anthropic.com)"
216.73.216.103 - - [31/Jul/2026:02:14:55 -0400] "GET /wp-includes/js/colorpicker.min.js HTTP/1.1" 429 0 "-" "Mozilla/5.0 AppleWebKit/537.36 (KHTML, like Gecko; compatible; ClaudeBot/1.0; +claudebot@anthropic.com)"
216.73.216.103 - - [31/Jul/2026:02:14:58 -0400] "GET /wp-includes/js/heartbeat.min.js HTTP/1.1" 429 0 "-" "Mozilla/5.0 AppleWebKit/537.36 (KHTML, like Gecko; compatible; ClaudeBot/1.0; +claudebot@anthropic.com)"
216.73.216.103 - - [31/Jul/2026:02:15:03 -0400] "GET /wp-includes/js/clipboard.min.js HTTP/1.1" 429 0 "-" "Mozilla/5.0 AppleWebKit/537.36 (KHTML, like Gecko; compatible; ClaudeBot/1.0; +claudebot@anthropic.com)"
216.73.216.103 - - [31/Jul/2026:02:15:08 -0400] "GET /wp-includes/js/jcrop/ HTTP/1.1" 429 0 "-" "Mozilla/5.0 AppleWebKit/537.36 (KHTML, like Gecko; compatible; ClaudeBot/1.0; +claudebot@anthropic.com)"
216.73.216.103 - - [31/Jul/2026:02:15:13 -0400] "GET /wp-admin/js/password-strength-meter.min.js HTTP/1.1" 429 0 "-" "Mozilla/5.0 AppleWebKit/537.36 (KHTML, like Gecko; compatible; ClaudeBot/1.0; +claudebot@anthropic.com)"
216.73.216.103 - - [31/Jul/2026:02:15:18 -0400] "GET /wp-includes/js/media-grid.min.js HTTP/1.1" 200 3681 "-" "Mozilla/5.0 AppleWebKit/537.36 (KHTML, like Gecko; compatible; ClaudeBot/1.0; +claudebot@anthropic.com)"
216.73.216.103 - - [31/Jul/2026:02:15:23 -0400] "GET /wp-includes/js/customize-preview-nav-menus.min.js HTTP/1.1" 429 0 "-" "Mozilla/5.0 AppleWebKit/537.36 (KHTML, like Gecko; compatible; ClaudeBot/1.0; +claudebot@anthropic.com)"
91.84.115.116 - - [31/Jul/2026:02:17:42 -0400] "GET /?awg_scan=003441fea5eb6dc3c28b0f81eb8584c33f38697c940d4d0719ac6f89c803488e HTTP/1.1" 301 0 "-" "AWG-Server/1.0"
91.84.115.116 - - [31/Jul/2026:02:22:41 -0400] "GET /?awg_scan=003441fea5eb6dc3c28b0f81eb8584c33f38697c940d4d0719ac6f89c803488e HTTP/1.1" 301 0 "-" "AWG-Server/1.0"
91.84.115.116 - - [31/Jul/2026:02:07:44 -0400] "GET /?awg_scan=003441fea5eb6dc3c28b0f81eb8584c33f38697c940d4d0719ac6f89c803488e HTTP/1.1" 301 0 "-" "AWG-Server/1.0"
91.84.115.116 - - [31/Jul/2026:02:12:42 -0400] "GET /?awg_scan=003441fea5eb6dc3c28b0f81eb8584c33f38697c940d4d0719ac6f89c803488e HTTP/1.1" 301 0 "-" "AWG-Server/1.0"
202.8.41.17 - - [31/Jul/2026:02:25:08 -0400] "GET /wp-content/themes/rishi/dist/custom/custom.js?ver=4a9eec53744ee3422e5f HTTP/1.1" 200 2629 "http://appmen.com.ng/melbet-uz-skachat-apk-ios-android-melbet-uzbekistan-bonus/" "Mozilla/5.0 (compatible; AhrefsBot/7.0; +http://ahrefs.com/robot/)"
91.84.115.116 - - [31/Jul/2026:02:32:42 -0400] "GET /?awg_scan=003441fea5eb6dc3c28b0f81eb8584c33f38697c940d4d0719ac6f89c803488e HTTP/1.1" 301 0 "-" "AWG-Server/1.0"
202.8.41.17 - - [31/Jul/2026:02:25:08 -0400] "GET /wp-content/themes/rishi/compatibility/elementor.css?ver=2.0.7 HTTP/1.1" 200 1430 "http://appmen.com.ng/melbet-uz-skachat-apk-ios-android-melbet-uzbekistan-bonus/" "Mozilla/5.0 (compatible; AhrefsBot/7.0; +http://ahrefs.com/robot/)"
216.244.66.250 - - [31/Jul/2026:02:27:56 -0400] "GET /robots.txt HTTP/1.1" 200 67 "-" "Mozilla/5.0 (compatible; DotBot/1.2; +https://opensiteexplorer.org/dotbot; help@moz.com)"
216.73.216.103 - - [31/Jul/2026:02:23:47 -0400] "GET /robots.txt HTTP/1.1" 200 67 "-" "Mozilla/5.0 AppleWebKit/537.36 (KHTML, like Gecko; compatible; ClaudeBot/1.0; +claudebot@anthropic.com)"
15.235.98.105 - - [31/Jul/2026:02:25:04 -0400] "GET /robots.txt HTTP/1.1" 200 67 "-" "Mozilla/5.0 (compatible; AhrefsBot/7.0; +http://ahrefs.com/robot/)"
91.84.115.116 - - [31/Jul/2026:02:27:44 -0400] "GET /?awg_scan=003441fea5eb6dc3c28b0f81eb8584c33f38697c940d4d0719ac6f89c803488e HTTP/1.1" 301 0 "-" "AWG-Server/1.0"
216.244.66.250 - - [31/Jul/2026:02:34:06 -0400] "GET /category/new-video-chat-platform/ HTTP/1.1" 200 169925 "-" "Mozilla/5.0 (compatible; DotBot/1.2; +https://opensiteexplorer.org/dotbot; help@moz.com)"
202.8.41.17 - - [31/Jul/2026:02:25:08 -0400] "GET /wp-includes/css/dist/block-library/style.min.css?ver=7.0.2 HTTP/1.1" 200 17355 "http://appmen.com.ng/melbet-uz-skachat-apk-ios-android-melbet-uzbekistan-bonus/" "Mozilla/5.0 (compatible; AhrefsBot/7.0; +http://ahrefs.com/robot/)"
202.8.41.17 - - [31/Jul/2026:02:25:08 -0400] "GET /wp-content/themes/rishi/style.min.css?ver=2.0.7 HTTP/1.1" 200 14385 "http://appmen.com.ng/melbet-uz-skachat-apk-ios-android-melbet-uzbekistan-bonus/" "Mozilla/5.0 (compatible; AhrefsBot/7.0; +http://ahrefs.com/robot/)"
202.8.41.17 - - [31/Jul/2026:02:25:08 -0400] "GET /wp-includes/js/wp-emoji-release.min.js?ver=7.0.2 HTTP/1.1" 200 5399 "http://appmen.com.ng/melbet-uz-skachat-apk-ios-android-melbet-uzbekistan-bonus/" "Mozilla/5.0 (compatible; AhrefsBot/7.0; +http://ahrefs.com/robot/)"
216.244.66.250 - - [31/Jul/2026:02:33:47 -0400] "GET /2026/04/ HTTP/1.1" 200 189696 "-" "Mozilla/5.0 (compatible; DotBot/1.2; +https://opensiteexplorer.org/dotbot; help@moz.com)"
216.73.216.103 - - [31/Jul/2026:02:24:14 -0400] "GET /wp-content/uploads/2026/04/cooperatefriendshhip-program-750x520.jpeg HTTP/1.1" 200 76054 "-" "Mozilla/5.0 AppleWebKit/537.36 (KHTML, like Gecko; compatible; ClaudeBot/1.0; +claudebot@anthropic.com)"
54.39.0.109 - - [31/Jul/2026:02:25:05 -0400] "GET /melbet-uz-skachat-apk-ios-android-melbet-uzbekistan-bonus/ HTTP/1.1" 200 32274 "-" "Mozilla/5.0 (compatible; AhrefsBot/7.0; +http://ahrefs.com/robot/)"
170.246.54.208 - - [31/Jul/2026:02:28:14 -0400] "GET /wp-login.php HTTP/1.1" 302 0 "-" "Mozilla/5.0 (Macintosh; Intel Mac OS X 10_12_6) AppleWebKit/603.3.8 (KHTML, like Gecko) Version/10.1.2 Safari/603.3.8"
170.246.54.208 - - [31/Jul/2026:02:28:18 -0400] "POST /wp-login.php HTTP/1.1" 302 0 "-" "Mozilla/5.0 (Macintosh; Intel Mac OS X 10_12_6) AppleWebKit/603.3.8 (KHTML, like Gecko) Version/10.1.2 Safari/603.3.8"
170.246.54.208 - - [31/Jul/2026:02:28:22 -0400] "GET /wp-admin/post-new.php HTTP/1.1" 302 0 "-" "Mozilla/5.0 (Macintosh; Intel Mac OS X 10_12_6) AppleWebKit/603.3.8 (KHTML, like Gecko) Version/10.1.2 Safari/603.3.8"
91.84.115.116 - - [31/Jul/2026:02:37:45 -0400] "GET /?awg_scan=003441fea5eb6dc3c28b0f81eb8584c33f38697c940d4d0719ac6f89c803488e HTTP/1.1" 301 0 "-" "AWG-Server/1.0"
168.100.149.3 - - [31/Jul/2026:02:25:07 -0400] "GET /robots.txt HTTP/1.1" 200 67 "-" "Mozilla/5.0 (compatible; AhrefsBot/7.0; +http://ahrefs.com/robot/)"
91.84.115.116 - - [31/Jul/2026:02:47:43 -0400] "GET /?awg_scan=003441fea5eb6dc3c28b0f81eb8584c33f38697c940d4d0719ac6f89c803488e HTTP/1.1" 301 0 "-" "AWG-Server/1.0"
91.84.115.116 - - [31/Jul/2026:02:42:41 -0400] "GET /?awg_scan=003441fea5eb6dc3c28b0f81eb8584c33f38697c940d4d0719ac6f89c803488e HTTP/1.1" 301 0 "-" "AWG-Server/1.0"
216.73.216.103 - - [31/Jul/2026:02:44:28 -0400] "GET /wp-admin/css/install.min.css HTTP/1.1" 200 1628 "-" "Mozilla/5.0 AppleWebKit/537.36 (KHTML, like Gecko; compatible; ClaudeBot/1.0; +claudebot@anthropic.com)"
191.102.170.89 - - [31/Jul/2026:02:46:29 -0400] "GET /wp-login.php HTTP/1.1" 302 0 "-" "Mozilla/5.0 (Macintosh; Intel Mac OS X 10_12_6) AppleWebKit/603.3.8 (KHTML, like Gecko) Version/10.1.2 Safari/603.3.8"
191.102.170.89 - - [31/Jul/2026:02:46:32 -0400] "POST /wp-login.php HTTP/1.1" 302 0 "-" "Mozilla/5.0 (Macintosh; Intel Mac OS X 10_12_6) AppleWebKit/603.3.8 (KHTML, like Gecko) Version/10.1.2 Safari/603.3.8"
191.102.170.89 - - [31/Jul/2026:02:46:36 -0400] "GET /wp-admin/post-new.php HTTP/1.1" 302 0 "-" "Mozilla/5.0 (Macintosh; Intel Mac OS X 10_12_6) AppleWebKit/603.3.8 (KHTML, like Gecko) Version/10.1.2 Safari/603.3.8"
91.84.115.116 - - [31/Jul/2026:02:52:43 -0400] "GET /?awg_scan=003441fea5eb6dc3c28b0f81eb8584c33f38697c940d4d0719ac6f89c803488e HTTP/1.1" 301 0 "-" "AWG-Server/1.0"
216.73.216.103 - - [31/Jul/2026:03:01:02 -0400] "GET /wp-content/uploads/2025/07/ HTTP/1.1" 200 559 "-" "Mozilla/5.0 AppleWebKit/537.36 (KHTML, like Gecko; compatible; ClaudeBot/1.0; +claudebot@anthropic.com)"
216.73.216.103 - - [31/Jul/2026:03:01:07 -0400] "GET /wp-content/uploads/2025/06/ HTTP/1.1" 429 0 "-" "Mozilla/5.0 AppleWebKit/537.36 (KHTML, like Gecko; compatible; ClaudeBot/1.0; +claudebot@anthropic.com)"
216.73.216.103 - - [31/Jul/2026:03:01:10 -0400] "GET /wp-admin/css/media-rtl.min.css HTTP/1.1" 429 0 "-" "Mozilla/5.0 AppleWebKit/537.36 (KHTML, like Gecko; compatible; ClaudeBot/1.0; +claudebot@anthropic.com)"
216.73.216.103 - - [31/Jul/2026:03:01:15 -0400] "GET /wp-includes/css/jquery-ui-dialog.min.css HTTP/1.1" 429 0 "-" "Mozilla/5.0 AppleWebKit/537.36 (KHTML, like Gecko; compatible; ClaudeBot/1.0; +claudebot@anthropic.com)"
216.73.216.103 - - [31/Jul/2026:03:01:20 -0400] "GET /wp-includes/css/wp-embed-template-ie.min.css HTTP/1.1" 429 0 "-" "Mozilla/5.0 AppleWebKit/537.36 (KHTML, like Gecko; compatible; ClaudeBot/1.0; +claudebot@anthropic.com)"
216.73.216.103 - - [31/Jul/2026:03:01:25 -0400] "GET /wp-includes/css/wp-block-template-skip-link-rtl.css HTTP/1.1" 429 0 "-" "Mozilla/5.0 AppleWebKit/537.36 (KHTML, like Gecko; compatible; ClaudeBot/1.0; +claudebot@anthropic.com)"
216.73.216.103 - - [31/Jul/2026:03:01:30 -0400] "GET /wp-admin/css/revisions-rtl.css HTTP/1.1" 429 0 "-" "Mozilla/5.0 AppleWebKit/537.36 (KHTML, like Gecko; compatible; ClaudeBot/1.0; +claudebot@anthropic.com)"
216.73.216.103 - - [31/Jul/2026:03:01:35 -0400] "GET /wp-includes/css/wp-auth-check-rtl.css HTTP/1.1" 429 0 "-" "Mozilla/5.0 AppleWebKit/537.36 (KHTML, like Gecko; compatible; ClaudeBot/1.0; +claudebot@anthropic.com)"
216.73.216.103 - - [31/Jul/2026:03:01:40 -0400] "GET /wp-admin/css/themes-rtl.min.css HTTP/1.1" 429 0 "-" "Mozilla/5.0 AppleWebKit/537.36 (KHTML, like Gecko; compatible; ClaudeBot/1.0; +claudebot@anthropic.com)"
216.73.216.103 - - [31/Jul/2026:03:01:45 -0400] "GET /wp-admin/css/customize-nav-menus.min.css HTTP/1.1" 429 0 "-" "Mozilla/5.0 AppleWebKit/537.36 (KHTML, like Gecko; compatible; ClaudeBot/1.0; +claudebot@anthropic.com)"
216.73.216.103 - - [31/Jul/2026:03:01:50 -0400] "GET /wp-admin/css/farbtastic-rtl.min.css HTTP/1.1" 200 191 "-" "Mozilla/5.0 AppleWebKit/537.36 (KHTML, like Gecko; compatible; ClaudeBot/1.0; +claudebot@anthropic.com)"
216.73.216.103 - - [31/Jul/2026:03:01:55 -0400] "GET /wp-admin/css/l10n-rtl.css HTTP/1.1" 429 0 "-" "Mozilla/5.0 AppleWebKit/537.36 (KHTML, like Gecko; compatible; ClaudeBot/1.0; +claudebot@anthropic.com)"
216.73.216.103 - - [31/Jul/2026:03:02:00 -0400] "GET /wp-admin/css/list-tables-rtl.css HTTP/1.1" 429 0 "-" "Mozilla/5.0 AppleWebKit/537.36 (KHTML, like Gecko; compatible; ClaudeBot/1.0; +claudebot@anthropic.com)"
216.73.216.103 - - [31/Jul/2026:03:02:05 -0400] "GET /wp-includes/PHPMailer/OAuthTokenProvider.php HTTP/1.1" 429 0 "-" "Mozilla/5.0 AppleWebKit/537.36 (KHTML, like Gecko; compatible; ClaudeBot/1.0; +claudebot@anthropic.com)"
216.73.216.103 - - [31/Jul/2026:03:02:10 -0400] "GET /wp-includes/css/buttons-rtl.min.css HTTP/1.1" 429 0 "-" "Mozilla/5.0 AppleWebKit/537.36 (KHTML, like Gecko; compatible; ClaudeBot/1.0; +claudebot@anthropic.com)"
209.38.120.106 - - [31/Jul/2026:03:00:42 -0400] "GET /favicon.ico HTTP/1.1" 404 796 "http://appmen.com.ng.deconnect.com.ng/" "Mozilla/5.0 (X11; Linux x86_64) AppleWebKit/537.36 (KHTML, like Gecko) Chrome/142.0.0.0 Safari/537.36"
91.84.115.116 - - [31/Jul/2026:02:57:44 -0400] "GET /?awg_scan=003441fea5eb6dc3c28b0f81eb8584c33f38697c940d4d0719ac6f89c803488e HTTP/1.1" 301 0 "-" "AWG-Server/1.0"
91.84.115.116 - - [31/Jul/2026:03:02:41 -0400] "GET /?awg_scan=003441fea5eb6dc3c28b0f81eb8584c33f38697c940d4d0719ac6f89c803488e HTTP/1.1" 301 0 "-" "AWG-Server/1.0"
209.38.120.106 - - [31/Jul/2026:03:00:41 -0400] "GET / HTTP/1.1" 301 0 "-" "Mozilla/5.0 (X11; Linux x86_64) AppleWebKit/537.36 (KHTML, like Gecko) Chrome/142.0.0.0 Safari/537.36"
91.84.115.116 - - [31/Jul/2026:03:12:43 -0400] "GET /?awg_scan=003441fea5eb6dc3c28b0f81eb8584c33f38697c940d4d0719ac6f89c803488e HTTP/1.1" 301 0 "-" "AWG-Server/1.0"
216.244.66.250 - - [31/Jul/2026:03:17:21 -0400] "GET /how-we-evolved/ HTTP/1.1" 200 183101 "-" "Mozilla/5.0 (compatible; DotBot/1.2; +https://opensiteexplorer.org/dotbot; help@moz.com)"
216.73.216.103 - - [31/Jul/2026:03:09:52 -0400] "GET /wp-content/uploads/2026/04/projec-878x650.jpeg HTTP/1.1" 200 112863 "-" "Mozilla/5.0 AppleWebKit/537.36 (KHTML, like Gecko; compatible; ClaudeBot/1.0; +claudebot@anthropic.com)"
216.73.216.103 - - [31/Jul/2026:03:09:56 -0400] "GET /wp-content/uploads/2026/04/projec-360x240.jpeg HTTP/1.1" 429 0 "-" "Mozilla/5.0 AppleWebKit/537.36 (KHTML, like Gecko; compatible; ClaudeBot/1.0; +claudebot@anthropic.com)"
216.73.216.103 - - [31/Jul/2026:03:10:01 -0400] "GET /wp-content/uploads/2026/04/projec-150x150.jpeg HTTP/1.1" 429 0 "-" "Mozilla/5.0 AppleWebKit/537.36 (KHTML, like Gecko; compatible; ClaudeBot/1.0; +claudebot@anthropic.com)"
216.73.216.103 - - [31/Jul/2026:03:10:06 -0400] "GET /wp-content/uploads/2026/04/projec-724x1024.jpeg HTTP/1.1" 429 0 "-" "Mozilla/5.0 AppleWebKit/537.36 (KHTML, like Gecko; compatible; ClaudeBot/1.0; +claudebot@anthropic.com)"
216.73.216.103 - - [31/Jul/2026:03:10:11 -0400] "GET /wp-content/uploads/2026/04/obudu-cattle-ranch.jpeg HTTP/1.1" 429 0 "-" "Mozilla/5.0 AppleWebKit/537.36 (KHTML, like Gecko; compatible; ClaudeBot/1.0; +claudebot@anthropic.com)"
216.244.66.250 - - [31/Jul/2026:03:13:40 -0400] "GET /robots.txt HTTP/1.1" 200 67 "-" "Mozilla/5.0 (compatible; DotBot/1.2; +https://opensiteexplorer.org/dotbot; help@moz.com)"
91.84.115.116 - - [31/Jul/2026:03:17:40 -0400] "GET /?awg_scan=003441fea5eb6dc3c28b0f81eb8584c33f38697c940d4d0719ac6f89c803488e HTTP/1.1" 301 0 "-" "AWG-Server/1.0"
216.73.216.103 - - [31/Jul/2026:03:10:58 -0400] "GET /wp-content/uploads/2026/04/projec-750x520.jpeg HTTP/1.1" 200 79089 "-" "Mozilla/5.0 AppleWebKit/537.36 (KHTML, like Gecko; compatible; ClaudeBot/1.0; +claudebot@anthropic.com)"
91.84.115.116 - - [31/Jul/2026:03:07:44 -0400] "GET /?awg_scan=003441fea5eb6dc3c28b0f81eb8584c33f38697c940d4d0719ac6f89c803488e HTTP/1.1" 301 0 "-" "AWG-Server/1.0"
91.84.115.116 - - [31/Jul/2026:03:22:40 -0400] "GET /?awg_scan=003441fea5eb6dc3c28b0f81eb8584c33f38697c940d4d0719ac6f89c803488e HTTP/1.1" 301 0 "-" "AWG-Server/1.0"
216.73.216.103 - - [31/Jul/2026:03:37:24 -0400] "GET /wp-includes/images/blank.gif HTTP/1.1" 200 43 "-" "Mozilla/5.0 AppleWebKit/537.36 (KHTML, like Gecko; compatible; ClaudeBot/1.0; +claudebot@anthropic.com)"
216.73.216.103 - - [31/Jul/2026:03:32:35 -0400] "GET /robots.txt HTTP/1.1" 200 67 "-" "Mozilla/5.0 AppleWebKit/537.36 (KHTML, like Gecko; compatible; ClaudeBot/1.0; +claudebot@anthropic.com)"
216.244.66.250 - - [31/Jul/2026:03:26:35 -0400] "GET /coronavirus-disease-2019-4/ HTTP/1.1" 200 188733 "-" "Mozilla/5.0 (compatible; DotBot/1.2; +https://opensiteexplorer.org/dotbot; help@moz.com)"
91.84.115.116 - - [31/Jul/2026:03:27:44 -0400] "GET /?awg_scan=003441fea5eb6dc3c28b0f81eb8584c33f38697c940d4d0719ac6f89c803488e HTTP/1.1" 301 0 "-" "AWG-Server/1.0"
91.84.115.116 - - [31/Jul/2026:03:37:39 -0400] "GET /?awg_scan=003441fea5eb6dc3c28b0f81eb8584c33f38697c940d4d0719ac6f89c803488e HTTP/1.1" 301 0 "-" "AWG-Server/1.0"
91.84.115.116 - - [31/Jul/2026:03:32:44 -0400] "GET /?awg_scan=003441fea5eb6dc3c28b0f81eb8584c33f38697c940d4d0719ac6f89c803488e HTTP/1.1" 301 0 "-" "AWG-Server/1.0"
91.92.241.196 - - [31/Jul/2026:03:36:18 -0400] "GET / HTTP/1.1" 301 0 "-" "Mozilla/5.0"
91.84.115.116 - - [31/Jul/2026:03:42:44 -0400] "GET /?awg_scan=003441fea5eb6dc3c28b0f81eb8584c33f38697c940d4d0719ac6f89c803488e HTTP/1.1" 301 0 "-" "AWG-Server/1.0"
91.84.115.116 - - [31/Jul/2026:03:47:44 -0400] "GET /?awg_scan=003441fea5eb6dc3c28b0f81eb8584c33f38697c940d4d0719ac6f89c803488e HTTP/1.1" 301 0 "-" "AWG-Server/1.0"
216.73.216.103 - - [31/Jul/2026:03:44:52 -0400] "GET /wp-content/uploads/2026/04/cooperatefriendshhip-program-768x1086.jpeg HTTP/1.1" 200 170383 "-" "Mozilla/5.0 AppleWebKit/537.36 (KHTML, like Gecko; compatible; ClaudeBot/1.0; +claudebot@anthropic.com)"
91.84.115.116 - - [31/Jul/2026:03:52:42 -0400] "GET /?awg_scan=003441fea5eb6dc3c28b0f81eb8584c33f38697c940d4d0719ac6f89c803488e HTTP/1.1" 301 0 "-" "AWG-Server/1.0"
85.208.98.23 - - [31/Jul/2026:03:56:38 -0400] "GET /robots.txt HTTP/1.1" 200 67 "-" "Mozilla/5.0 (compatible; SemrushBot-BA; +http://www.semrush.com/bot.html)"
216.73.216.103 - - [31/Jul/2026:04:11:15 -0400] "GET /wp-content/uploads/2025/08/ HTTP/1.1" 200 559 "-" "Mozilla/5.0 AppleWebKit/537.36 (KHTML, like Gecko; compatible; ClaudeBot/1.0; +claudebot@anthropic.com)"
216.73.216.103 - - [31/Jul/2026:04:11:20 -0400] "GET /wp-admin/js/tags-suggest.js HTTP/1.1" 429 0 "-" "Mozilla/5.0 AppleWebKit/537.36 (KHTML, like Gecko; compatible; ClaudeBot/1.0; +claudebot@anthropic.com)"
216.73.216.103 - - [31/Jul/2026:04:11:25 -0400] "GET /wp-admin/js/svg-painter.min.js HTTP/1.1" 429 0 "-" "Mozilla/5.0 AppleWebKit/537.36 (KHTML, like Gecko; compatible; ClaudeBot/1.0; +claudebot@anthropic.com)"
91.84.115.116 - - [31/Jul/2026:04:02:40 -0400] "GET /?awg_scan=003441fea5eb6dc3c28b0f81eb8584c33f38697c940d4d0719ac6f89c803488e HTTP/1.1" 301 0 "-" "AWG-Server/1.0"
43.166.245.120 - - [31/Jul/2026:04:04:41 -0400] "GET / HTTP/1.1" 301 0 "-" "Mozilla/5.0 (iPhone; CPU iPhone OS 13_2_3 like Mac OS X) AppleWebKit/605.1.15 (KHTML, like Gecko) Version/13.0.3 Mobile/15E148 Safari/604.1"
91.84.115.116 - - [31/Jul/2026:04:07:46 -0400] "GET /?awg_scan=003441fea5eb6dc3c28b0f81eb8584c33f38697c940d4d0719ac6f89c803488e HTTP/1.1" 301 0 "-" "AWG-Server/1.0"
143.137.167.56 - - [31/Jul/2026:04:01:31 -0400] "GET /wp-login.php HTTP/1.1" 302 0 "-" "Mozilla/5.0 (Macintosh; Intel Mac OS X 10_12_6) AppleWebKit/603.3.8 (KHTML, like Gecko) Version/10.1.2 Safari/603.3.8"
143.137.167.56 - - [31/Jul/2026:04:01:35 -0400] "POST /wp-login.php HTTP/1.1" 302 0 "-" "Mozilla/5.0 (Macintosh; Intel Mac OS X 10_12_6) AppleWebKit/603.3.8 (KHTML, like Gecko) Version/10.1.2 Safari/603.3.8"
143.137.167.56 - - [31/Jul/2026:04:01:39 -0400] "GET /wp-admin/post-new.php HTTP/1.1" 302 0 "-" "Mozilla/5.0 (Macintosh; Intel Mac OS X 10_12_6) AppleWebKit/603.3.8 (KHTML, like Gecko) Version/10.1.2 Safari/603.3.8"
91.84.115.116 - - [31/Jul/2026:03:57:42 -0400] "GET /?awg_scan=003441fea5eb6dc3c28b0f81eb8584c33f38697c940d4d0719ac6f89c803488e HTTP/1.1" 301 0 "-" "AWG-Server/1.0"
216.244.66.250 - - [31/Jul/2026:03:59:44 -0400] "GET /robots.txt HTTP/1.1" 200 67 "-" "Mozilla/5.0 (compatible; DotBot/1.2; +https://opensiteexplorer.org/dotbot; help@moz.com)"
49.51.36.179 - - [31/Jul/2026:04:13:50 -0400] "GET / HTTP/1.1" 301 0 "-" "Mozilla/5.0 (iPhone; CPU iPhone OS 13_2_3 like Mac OS X) AppleWebKit/605.1.15 (KHTML, like Gecko) Version/13.0.3 Mobile/15E148 Safari/604.1"
216.244.66.250 - - [31/Jul/2026:04:12:30 -0400] "GET /what-makes-candyland-attractive-for-users-seeking-playful-alternatives-to-standard-casinos/ HTTP/1.1" 200 198713 "-" "Mozilla/5.0 (compatible; DotBot/1.2; +https://opensiteexplorer.org/dotbot; help@moz.com)"
198.235.24.219 - - [31/Jul/2026:04:24:00 -0400] "GET / HTTP/1.1" 301 0 "-" "Hello from Palo Alto Networks, find out more about our scans in https://docs-cortex.paloaltonetworks.com/r/1/Cortex-Xpanse/Scanning-activity"
91.84.115.116 - - [31/Jul/2026:04:27:41 -0400] "GET /?awg_scan=003441fea5eb6dc3c28b0f81eb8584c33f38697c940d4d0719ac6f89c803488e HTTP/1.1" 301 0 "-" "AWG-Server/1.0"
91.84.115.116 - - [31/Jul/2026:04:12:44 -0400] "GET /?awg_scan=003441fea5eb6dc3c28b0f81eb8584c33f38697c940d4d0719ac6f89c803488e HTTP/1.1" 301 0 "-" "AWG-Server/1.0"
216.73.216.103 - - [31/Jul/2026:04:24:33 -0400] "GET /wp-content/uploads/2026/04/cooperatefriendshhip-program-150x150.jpeg HTTP/1.1" 200 7829 "-" "Mozilla/5.0 AppleWebKit/537.36 (KHTML, like Gecko; compatible; ClaudeBot/1.0; +claudebot@anthropic.com)"
216.73.216.103 - - [31/Jul/2026:04:24:35 -0400] "GET /wp-content/uploads/2026/04/komplet-guide-til-loki-casino_2.jpg HTTP/1.1" 429 0 "-" "Mozilla/5.0 AppleWebKit/537.36 (KHTML, like Gecko; compatible; ClaudeBot/1.0; +claudebot@anthropic.com)"
216.73.216.103 - - [31/Jul/2026:04:20:38 -0400] "GET /wp-content/uploads/2026/04/projec-768x1086.jpeg HTTP/1.1" 200 158987 "-" "Mozilla/5.0 AppleWebKit/537.36 (KHTML, like Gecko; compatible; ClaudeBot/1.0; +claudebot@anthropic.com)"
216.73.216.103 - - [31/Jul/2026:04:20:42 -0400] "GET /wp-content/uploads/2026/04/cooperatefriendshhip-program-878x650.jpeg HTTP/1.1" 429 0 "-" "Mozilla/5.0 AppleWebKit/537.36 (KHTML, like Gecko; compatible; ClaudeBot/1.0; +claudebot@anthropic.com)"
216.73.216.103 - - [31/Jul/2026:04:20:48 -0400] "GET /wp-includes/images/wpspin.gif HTTP/1.1" 429 0 "-" "Mozilla/5.0 AppleWebKit/537.36 (KHTML, like Gecko; compatible; ClaudeBot/1.0; +claudebot@anthropic.com)"
91.84.115.116 - - [31/Jul/2026:04:22:46 -0400] "GET /?awg_scan=003441fea5eb6dc3c28b0f81eb8584c33f38697c940d4d0719ac6f89c803488e HTTP/1.1" 301 0 "-" "AWG-Server/1.0"
216.73.216.103 - - [31/Jul/2026:04:26:45 -0400] "GET /wp-content/uploads/2026/04/wie-man-slot-maschinen-im-rockstar-casino-spielt_1-300x170.jpg HTTP/1.1" 200 11683 "-" "Mozilla/5.0 AppleWebKit/537.36 (KHTML, like Gecko; compatible; ClaudeBot/1.0; +claudebot@anthropic.com)"
91.84.115.116 - - [31/Jul/2026:04:17:41 -0400] "GET /?awg_scan=003441fea5eb6dc3c28b0f81eb8584c33f38697c940d4d0719ac6f89c803488e HTTP/1.1" 301 0 "-" "AWG-Server/1.0"
147.185.132.58 - - [31/Jul/2026:04:28:01 -0400] "GET / HTTP/1.1" 301 0 "-" "Hello from Palo Alto Networks, find out more about our scans in https://docs-cortex.paloaltonetworks.com/r/1/Cortex-Xpanse/Scanning-activity"
209.101.253.210 - - [31/Jul/2026:04:41:06 -0400] "GET / HTTP/1.1" 301 0 "-" "Mozilla/5.0 (Windows NT 10.0; Win64; x64) AppleWebKit/537.36 (KHTML, like Gecko) Chrome/120.0 Safari/537.36"
91.84.115.116 - - [31/Jul/2026:04:32:45 -0400] "GET /?awg_scan=003441fea5eb6dc3c28b0f81eb8584c33f38697c940d4d0719ac6f89c803488e HTTP/1.1" 301 0 "-" "AWG-Server/1.0"
91.84.115.116 - - [31/Jul/2026:04:37:41 -0400] "GET /?awg_scan=003441fea5eb6dc3c28b0f81eb8584c33f38697c940d4d0719ac6f89c803488e HTTP/1.1" 301 0 "-" "AWG-Server/1.0"
91.84.115.116 - - [31/Jul/2026:04:42:44 -0400] "GET /?awg_scan=003441fea5eb6dc3c28b0f81eb8584c33f38697c940d4d0719ac6f89c803488e HTTP/1.1" 301 0 "-" "AWG-Server/1.0"
216.244.66.250 - - [31/Jul/2026:04:45:38 -0400] "GET /robots.txt HTTP/1.1" 200 67 "-" "Mozilla/5.0 (compatible; DotBot/1.2; +https://opensiteexplorer.org/dotbot; help@moz.com)"
43.135.211.148 - - [31/Jul/2026:04:47:49 -0400] "GET / HTTP/1.1" 301 0 "-" "Mozilla/5.0 (iPhone; CPU iPhone OS 13_2_3 like Mac OS X) AppleWebKit/605.1.15 (KHTML, like Gecko) Version/13.0.3 Mobile/15E148 Safari/604.1"
91.84.115.116 - - [31/Jul/2026:04:57:46 -0400] "GET /?awg_scan=003441fea5eb6dc3c28b0f81eb8584c33f38697c940d4d0719ac6f89c803488e HTTP/1.1" 301 0 "-" "AWG-Server/1.0"
91.84.115.116 - - [31/Jul/2026:04:47:43 -0400] "GET /?awg_scan=003441fea5eb6dc3c28b0f81eb8584c33f38697c940d4d0719ac6f89c803488e HTTP/1.1" 301 0 "-" "AWG-Server/1.0"
216.244.66.250 - - [31/Jul/2026:04:49:32 -0400] "GET /membership-description/ HTTP/1.1" 200 176053 "-" "Mozilla/5.0 (compatible; DotBot/1.2; +https://opensiteexplorer.org/dotbot; help@moz.com)"
91.84.115.116 - - [31/Jul/2026:04:52:43 -0400] "GET /?awg_scan=003441fea5eb6dc3c28b0f81eb8584c33f38697c940d4d0719ac6f89c803488e HTTP/1.1" 301 0 "-" "AWG-Server/1.0"
216.73.216.103 - - [31/Jul/2026:05:00:45 -0400] "GET /wp-admin/css/install-rtl.css HTTP/1.1" 200 1938 "-" "Mozilla/5.0 AppleWebKit/537.36 (KHTML, like Gecko; compatible; ClaudeBot/1.0; +claudebot@anthropic.com)"
216.73.216.103 - - [31/Jul/2026:05:00:50 -0400] "GET /wp-includes/Text/Diff/ HTTP/1.1" 429 0 "-" "Mozilla/5.0 AppleWebKit/537.36 (KHTML, like Gecko; compatible; ClaudeBot/1.0; +claudebot@anthropic.com)"
216.73.216.103 - - [31/Jul/2026:05:00:55 -0400] "GET /wp-admin/css/revisions.css HTTP/1.1" 429 0 "-" "Mozilla/5.0 AppleWebKit/537.36 (KHTML, like Gecko; compatible; ClaudeBot/1.0; +claudebot@anthropic.com)"
216.73.216.103 - - [31/Jul/2026:05:01:00 -0400] "GET /wp-admin/css/login.css HTTP/1.1" 429 0 "-" "Mozilla/5.0 AppleWebKit/537.36 (KHTML, like Gecko; compatible; ClaudeBot/1.0; +claudebot@anthropic.com)"
216.73.216.103 - - [31/Jul/2026:05:01:05 -0400] "GET /wp-admin/css/code-editor.css HTTP/1.1" 429 0 "-" "Mozilla/5.0 AppleWebKit/537.36 (KHTML, like Gecko; compatible; ClaudeBot/1.0; +claudebot@anthropic.com)"
216.73.216.103 - - [31/Jul/2026:04:52:44 -0400] "GET /wp-includes/images/w-logo-blue.png HTTP/1.1" 200 3113 "-" "Mozilla/5.0 AppleWebKit/537.36 (KHTML, like Gecko; compatible; ClaudeBot/1.0; +claudebot@anthropic.com)"
216.73.216.103 - - [31/Jul/2026:04:52:05 -0400] "GET /robots.txt HTTP/1.1" 200 67 "-" "Mozilla/5.0 AppleWebKit/537.36 (KHTML, like Gecko; compatible; ClaudeBot/1.0; +claudebot@anthropic.com)"
138.197.162.136 - - [31/Jul/2026:05:02:41 -0400] "POST /wp-json/batch/v1 HTTP/1.1" 207 478 "-" "Mozilla/5.0 (X11; Linux x86_64) AppleWebKit/537.36 (KHTML, like Gecko) Chrome/126.0.0.0 Safari/537.36"
91.84.115.116 - - [31/Jul/2026:05:02:46 -0400] "GET /?awg_scan=003441fea5eb6dc3c28b0f81eb8584c33f38697c940d4d0719ac6f89c803488e HTTP/1.1" 301 0 "-" "AWG-Server/1.0"
91.84.115.116 - - [31/Jul/2026:05:07:41 -0400] "GET /?awg_scan=003441fea5eb6dc3c28b0f81eb8584c33f38697c940d4d0719ac6f89c803488e HTTP/1.1" 301 0 "-" "AWG-Server/1.0"
138.197.162.136 - - [31/Jul/2026:05:02:38 -0400] "POST /wp-json/batch/v1 HTTP/1.1" 207 16 "-" "Mozilla/5.0 (X11; Linux x86_64) AppleWebKit/537.36 (KHTML, like Gecko) Chrome/126.0.0.0 Safari/537.36"
91.84.115.116 - - [31/Jul/2026:05:12:41 -0400] "GET /?awg_scan=003441fea5eb6dc3c28b0f81eb8584c33f38697c940d4d0719ac6f89c803488e HTTP/1.1" 301 0 "-" "AWG-Server/1.0"
216.73.216.103 - - [31/Jul/2026:05:24:47 -0400] "GET /wp-includes/images/uploader-icons.png HTTP/1.1" 200 1556 "-" "Mozilla/5.0 AppleWebKit/537.36 (KHTML, like Gecko; compatible; ClaudeBot/1.0; +claudebot@anthropic.com)"
216.73.216.103 - - [31/Jul/2026:05:24:54 -0400] "GET /wp-includes/images/wpspin-2x.gif HTTP/1.1" 429 0 "-" "Mozilla/5.0 AppleWebKit/537.36 (KHTML, like Gecko; compatible; ClaudeBot/1.0; +claudebot@anthropic.com)"
91.84.115.116 - - [31/Jul/2026:05:27:40 -0400] "GET /?awg_scan=003441fea5eb6dc3c28b0f81eb8584c33f38697c940d4d0719ac6f89c803488e HTTP/1.1" 301 0 "-" "AWG-Server/1.0"
91.84.115.116 - - [31/Jul/2026:05:17:46 -0400] "GET /?awg_scan=003441fea5eb6dc3c28b0f81eb8584c33f38697c940d4d0719ac6f89c803488e HTTP/1.1" 301 0 "-" "AWG-Server/1.0"
91.84.115.116 - - [31/Jul/2026:05:22:45 -0400] "GET /?awg_scan=003441fea5eb6dc3c28b0f81eb8584c33f38697c940d4d0719ac6f89c803488e HTTP/1.1" 301 0 "-" "AWG-Server/1.0"
216.73.216.103 - - [31/Jul/2026:05:30:29 -0400] "GET /wp-includes/images/spinner.gif HTTP/1.1" 200 3656 "-" "Mozilla/5.0 AppleWebKit/537.36 (KHTML, like Gecko; compatible; ClaudeBot/1.0; +claudebot@anthropic.com)"
140.245.34.60 - - [31/Jul/2026:05:31:49 -0400] "GET / HTTP/1.1" 301 0 "-" "Mozilla/5.0 (Windows NT 10.0; Win64; x64) AppleWebKit/537.36 (KHTML, like Gecko) Chrome/125.0.0.0 Safari/537.36"
216.244.66.250 - - [31/Jul/2026:05:35:46 -0400] "GET /code-of-conduct/ HTTP/1.1" 200 177923 "-" "Mozilla/5.0 (compatible; DotBot/1.2; +https://opensiteexplorer.org/dotbot; help@moz.com)"
91.84.115.116 - - [31/Jul/2026:05:37:44 -0400] "GET /?awg_scan=003441fea5eb6dc3c28b0f81eb8584c33f38697c940d4d0719ac6f89c803488e HTTP/1.1" 301 0 "-" "AWG-Server/1.0"
51.103.143.138 - - [31/Jul/2026:05:41:34 -0400] "GET /media.php HTTP/1.1" 404 168461 "-" "-"
51.103.143.138 - - [31/Jul/2026:05:41:36 -0400] "GET /file2.php HTTP/1.1" 404 168461 "-" "-"
51.103.143.138 - - [31/Jul/2026:05:41:39 -0400] "GET /simple.php HTTP/1.1" 404 168462 "-" "-"
51.103.143.138 - - [31/Jul/2026:05:41:41 -0400] "GET /mac.php HTTP/1.1" 404 168459 "-" "-"
51.103.143.138 - - [31/Jul/2026:05:41:43 -0400] "GET /install.php HTTP/1.1" 404 168463 "-" "-"
51.103.143.138 - - [31/Jul/2026:05:41:45 -0400] "GET /wsx.php HTTP/1.1" 404 168459 "-" "-"
51.103.143.138 - - [31/Jul/2026:05:41:47 -0400] "GET /alfa.php HTTP/1.1" 404 168460 "-" "-"
51.103.143.138 - - [31/Jul/2026:05:41:49 -0400] "GET /dlu.php HTTP/1.1" 404 168459 "-" "-"
51.103.143.138 - - [31/Jul/2026:05:41:51 -0400] "GET /f6.php HTTP/1.1" 404 168458 "-" "-"
51.103.143.138 - - [31/Jul/2026:05:41:53 -0400] "GET /0x.php HTTP/1.1" 404 168458 "-" "-"
51.103.143.138 - - [31/Jul/2026:05:41:55 -0400] "GET /geck.php HTTP/1.1" 404 168460 "-" "-"
51.103.143.138 - - [31/Jul/2026:05:41:56 -0400] "GET /8.php HTTP/1.1" 404 168457 "-" "-"
51.103.143.138 - - [31/Jul/2026:05:41:58 -0400] "GET /133.php HTTP/1.1" 404 168459 "-" "-"
51.103.143.138 - - [31/Jul/2026:05:42:00 -0400] "GET /11.php HTTP/1.1" 404 168458 "-" "-"
51.103.143.138 - - [31/Jul/2026:05:42:03 -0400] "GET /3.php HTTP/1.1" 404 168457 "-" "-"
51.103.143.138 - - [31/Jul/2026:05:42:06 -0400] "GET /1.php HTTP/1.1" 404 168457 "-" "-"
51.103.143.138 - - [31/Jul/2026:05:42:08 -0400] "GET /ouh.php HTTP/1.1" 404 168459 "-" "-"
51.103.143.138 - - [31/Jul/2026:05:42:11 -0400] "GET /ioxi-o.php HTTP/1.1" 404 168462 "-" "-"
51.103.143.138 - - [31/Jul/2026:05:42:13 -0400] "GET /ar.php HTTP/1.1" 404 168458 "-" "-"
51.103.143.138 - - [31/Jul/2026:05:42:15 -0400] "GET /info.php HTTP/1.1" 404 168460 "-" "-"
51.103.143.138 - - [31/Jul/2026:05:42:20 -0400] "GET /123.php HTTP/1.1" 404 168459 "-" "-"
51.103.143.138 - - [31/Jul/2026:05:42:22 -0400] "GET /33.php HTTP/1.1" 404 168458 "-" "-"
51.103.143.138 - - [31/Jul/2026:05:42:25 -0400] "GET /bak.php HTTP/1.1" 404 168459 "-" "-"
51.103.143.138 - - [31/Jul/2026:05:42:27 -0400] "GET /term.php HTTP/1.1" 404 168460 "-" "-"
51.103.143.138 - - [31/Jul/2026:05:42:30 -0400] "GET /opts.php HTTP/1.1" 404 168460 "-" "-"
51.103.143.138 - - [31/Jul/2026:05:42:32 -0400] "GET /wkl.php HTTP/1.1" 404 168459 "-" "-"
51.103.143.138 - - [31/Jul/2026:05:42:34 -0400] "GET /we.php HTTP/1.1" 404 168458 "-" "-"
51.103.143.138 - - [31/Jul/2026:05:42:36 -0400] "GET /7.php HTTP/1.1" 404 168457 "-" "-"
51.103.143.138 - - [31/Jul/2026:05:42:39 -0400] "GET /ls.php HTTP/1.1" 404 168458 "-" "-"
51.103.143.138 - - [31/Jul/2026:05:42:41 -0400] "GET /ant.php HTTP/1.1" 404 168459 "-" "-"
51.103.143.138 - - [31/Jul/2026:05:42:44 -0400] "GET /155.php HTTP/1.1" 404 168459 "-" "-"
51.103.143.138 - - [31/Jul/2026:05:42:46 -0400] "GET /file9.php HTTP/1.1" 404 168461 "-" "-"
51.103.143.138 - - [31/Jul/2026:05:42:49 -0400] "GET /css.php HTTP/1.1" 404 168459 "-" "-"
51.103.143.138 - - [31/Jul/2026:05:42:51 -0400] "GET /js.php HTTP/1.1" 404 168458 "-" "-"
51.103.143.138 - - [31/Jul/2026:05:42:54 -0400] "GET /lock360.php HTTP/1.1" 404 168463 "-" "-"
51.103.143.138 - - [31/Jul/2026:05:42:56 -0400] "GET /v.php HTTP/1.1" 404 168457 "-" "-"
216.244.66.250 - - [31/Jul/2026:05:35:54 -0400] "GET /events/ HTTP/1.1" 200 165526 "-" "Mozilla/5.0 (compatible; DotBot/1.2; +https://opensiteexplorer.org/dotbot; help@moz.com)"
140.245.34.60 - - [31/Jul/2026:05:31:59 -0400] "POST /wp-json/batch/v1 HTTP/1.1" 207 255 "-" "Mozilla/5.0 (iPhone; CPU iPhone OS 17_5 like Mac OS X) Mobile/15E148 Safari/604.1"
91.84.115.116 - - [31/Jul/2026:05:32:41 -0400] "GET /?awg_scan=003441fea5eb6dc3c28b0f81eb8584c33f38697c940d4d0719ac6f89c803488e HTTP/1.1" 301 0 "-" "AWG-Server/1.0"
216.73.216.103 - - [31/Jul/2026:05:33:39 -0400] "GET /wp-admin/css/login-rtl.min.css HTTP/1.1" 200 2012 "-" "Mozilla/5.0 AppleWebKit/537.36 (KHTML, like Gecko; compatible; ClaudeBot/1.0; +claudebot@anthropic.com)"
216.73.216.103 - - [31/Jul/2026:05:33:44 -0400] "GET /wp-admin/css/l10n.min.css HTTP/1.1" 429 0 "-" "Mozilla/5.0 AppleWebKit/537.36 (KHTML, like Gecko; compatible; ClaudeBot/1.0; +claudebot@anthropic.com)"
216.73.216.103 - - [31/Jul/2026:05:33:49 -0400] "GET /wp-includes/css/classic-themes.css HTTP/1.1" 429 0 "-" "Mozilla/5.0 AppleWebKit/537.36 (KHTML, like Gecko; compatible; ClaudeBot/1.0; +claudebot@anthropic.com)"
216.73.216.103 - - [31/Jul/2026:05:33:54 -0400] "GET /wp-admin/css/list-tables.min.css HTTP/1.1" 429 0 "-" "Mozilla/5.0 AppleWebKit/537.36 (KHTML, like Gecko; compatible; ClaudeBot/1.0; +claudebot@anthropic.com)"
216.244.66.250 - - [31/Jul/2026:05:31:47 -0400] "GET /robots.txt HTTP/1.1" 200 67 "-" "Mozilla/5.0 (compatible; DotBot/1.2; +https://opensiteexplorer.org/dotbot; help@moz.com)"
91.84.115.116 - - [31/Jul/2026:05:42:42 -0400] "GET /?awg_scan=003441fea5eb6dc3c28b0f81eb8584c33f38697c940d4d0719ac6f89c803488e HTTP/1.1" 301 0 "-" "AWG-Server/1.0"
43.166.1.243 - - [31/Jul/2026:05:33:57 -0400] "GET / HTTP/1.1" 301 0 "-" "Mozilla/5.0 (iPhone; CPU iPhone OS 13_2_3 like Mac OS X) AppleWebKit/605.1.15 (KHTML, like Gecko) Version/13.0.3 Mobile/15E148 Safari/604.1"
51.103.143.138 - - [31/Jul/2026:05:42:58 -0400] "GET /pucci.php HTTP/1.1" 404 168461 "-" "-"
51.103.143.138 - - [31/Jul/2026:05:43:01 -0400] "GET /file4.php HTTP/1.1" 404 168461 "-" "-"
51.103.143.138 - - [31/Jul/2026:05:43:03 -0400] "GET /222.php HTTP/1.1" 404 168459 "-" "-"
51.103.143.138 - - [31/Jul/2026:05:43:05 -0400] "GET /shellalfa.php HTTP/1.1" 404 168465 "-" "-"
51.103.143.138 - - [31/Jul/2026:05:43:07 -0400] "GET /aaa.php HTTP/1.1" 404 168459 "-" "-"
51.103.143.138 - - [31/Jul/2026:05:43:10 -0400] "GET /abcd.php HTTP/1.1" 404 168460 "-" "-"
51.103.143.138 - - [31/Jul/2026:05:43:12 -0400] "GET /about.php HTTP/1.1" 404 168461 "-" "-"
51.103.143.138 - - [31/Jul/2026:05:43:14 -0400] "GET /wsd.php HTTP/1.1" 404 168459 "-" "-"
51.103.143.138 - - [31/Jul/2026:05:43:16 -0400] "GET /ab.php HTTP/1.1" 404 168458 "-" "-"
51.103.143.138 - - [31/Jul/2026:05:43:18 -0400] "GET /gt.php HTTP/1.1" 404 168458 "-" "-"
51.103.143.138 - - [31/Jul/2026:05:43:21 -0400] "GET /taff.php HTTP/1.1" 404 168460 "-" "-"
51.103.143.138 - - [31/Jul/2026:05:43:23 -0400] "GET /ee.php HTTP/1.1" 404 168458 "-" "-"
51.103.143.138 - - [31/Jul/2026:05:43:26 -0400] "GET /max.php HTTP/1.1" 404 168459 "-" "-"
51.103.143.138 - - [31/Jul/2026:05:43:28 -0400] "GET /aa.php HTTP/1.1" 404 168458 "-" "-"
51.103.143.138 - - [31/Jul/2026:05:43:30 -0400] "GET /system_log.php HTTP/1.1" 404 168466 "-" "-"
51.103.143.138 - - [31/Jul/2026:05:43:32 -0400] "GET /201.php HTTP/1.1" 404 168459 "-" "-"
51.103.143.138 - - [31/Jul/2026:05:43:35 -0400] "GET /100.php HTTP/1.1" 404 168459 "-" "-"
51.103.143.138 - - [31/Jul/2026:05:43:37 -0400] "GET /wp-blink.php HTTP/1.1" 404 168464 "-" "-"
51.103.143.138 - - [31/Jul/2026:05:43:39 -0400] "GET /images.php HTTP/1.1" 404 168462 "-" "-"
51.103.143.138 - - [31/Jul/2026:05:43:42 -0400] "GET /rrr.php HTTP/1.1" 404 168459 "-" "-"
51.103.143.138 - - [31/Jul/2026:05:43:45 -0400] "GET /mail.php HTTP/1.1" 404 168460 "-" "-"
51.103.143.138 - - [31/Jul/2026:05:43:49 -0400] "GET /chosen.php HTTP/1.1" 404 168462 "-" "-"
51.103.143.138 - - [31/Jul/2026:05:43:52 -0400] "GET /doti.php HTTP/1.1" 404 168460 "-" "-"
51.103.143.138 - - [31/Jul/2026:05:43:55 -0400] "GET /x0.php HTTP/1.1" 404 168458 "-" "-"
51.103.143.138 - - [31/Jul/2026:05:43:58 -0400] "GET /bless.php HTTP/1.1" 404 168461 "-" "-"
51.103.143.138 - - [31/Jul/2026:05:44:00 -0400] "GET /cgi-bin/index.php HTTP/1.1" 404 796 "-" "-"
51.103.143.138 - - [31/Jul/2026:05:44:01 -0400] "GET /size.php HTTP/1.1" 404 168460 "-" "-"
51.103.143.138 - - [31/Jul/2026:05:44:03 -0400] "GET /lala.php HTTP/1.1" 404 168460 "-" "-"
51.103.143.138 - - [31/Jul/2026:05:44:06 -0400] "GET /file1.php HTTP/1.1" 404 168461 "-" "-"
51.103.143.138 - - [31/Jul/2026:05:41:07 -0400] "GET /12.php HTTP/1.1" 404 0 "-" "-"
140.245.34.60 - - [31/Jul/2026:05:32:05 -0400] "POST /?rest_route=/batch/v1 HTTP/1.1" 403 787 "-" "Mozilla/5.0 (Windows NT 10.0; Win64; x64) AppleWebKit/537.36 (KHTML, like Gecko) Chrome/125.0.0.0 Safari/537.36"
216.73.216.103 - - [31/Jul/2026:05:34:30 -0400] "GET /wp-content/uploads/2026/04/cooperatefriendshhip-program-212x300.jpeg HTTP/1.1" 200 20052 "-" "Mozilla/5.0 AppleWebKit/537.36 (KHTML, like Gecko; compatible; ClaudeBot/1.0; +claudebot@anthropic.com)"
51.103.143.138 - - [31/Jul/2026:05:40:28 -0400] "GET /wp-content/plugins/hellopress/wp_filemanager.php HTTP/1.1" 404 168501 "-" "-"
51.103.143.138 - - [31/Jul/2026:05:40:30 -0400] "GET /this_is_a_new_hello_world.php HTTP/1.1" 404 168481 "-" "-"
51.103.143.138 - - [31/Jul/2026:05:40:32 -0400] "GET /images/pearl/index.php HTTP/1.1" 301 0 "-" "-"
51.103.143.138 - - [31/Jul/2026:05:40:33 -0400] "GET /images/pearl/ HTTP/1.1" 404 168464 "-" "-"
51.103.143.138 - - [31/Jul/2026:05:40:36 -0400] "GET /bypass.php HTTP/1.1" 404 168462 "-" "-"
51.103.143.138 - - [31/Jul/2026:05:40:38 -0400] "GET /wp-admin/about.php HTTP/1.1" 302 0 "-" "-"
216.73.216.103 - - [31/Jul/2026:06:01:08 -0400] "GET /wp-admin/js/accordion.min.js HTTP/1.1" 200 314 "-" "Mozilla/5.0 AppleWebKit/537.36 (KHTML, like Gecko; compatible; ClaudeBot/1.0; +claudebot@anthropic.com)"
216.73.216.103 - - [31/Jul/2026:05:56:24 -0400] "GET /robots.txt HTTP/1.1" 200 67 "-" "Mozilla/5.0 AppleWebKit/537.36 (KHTML, like Gecko; compatible; ClaudeBot/1.0; +claudebot@anthropic.com)"
216.73.216.103 - - [31/Jul/2026:05:56:33 -0400] "GET /wp-admin/js/accordion.js HTTP/1.1" 200 921 "-" "Mozilla/5.0 AppleWebKit/537.36 (KHTML, like Gecko; compatible; ClaudeBot/1.0; +claudebot@anthropic.com)"
91.84.115.116 - - [31/Jul/2026:05:57:43 -0400] "GET /?awg_scan=003441fea5eb6dc3c28b0f81eb8584c33f38697c940d4d0719ac6f89c803488e HTTP/1.1" 301 0 "-" "AWG-Server/1.0"
91.84.115.116 - - [31/Jul/2026:05:47:44 -0400] "GET /?awg_scan=003441fea5eb6dc3c28b0f81eb8584c33f38697c940d4d0719ac6f89c803488e HTTP/1.1" 301 0 "-" "AWG-Server/1.0"
216.73.216.103 - - [31/Jul/2026:05:59:26 -0400] "GET /wp-admin/plugin-install.php HTTP/1.1" 302 0 "-" "Mozilla/5.0 AppleWebKit/537.36 (KHTML, like Gecko; compatible; ClaudeBot/1.0; +claudebot@anthropic.com)"
34.211.11.198 - - [31/Jul/2026:05:59:43 -0400] "GET / HTTP/1.1" 301 0 "-" "Go-http-client/1.1"
91.84.115.116 - - [31/Jul/2026:05:52:44 -0400] "GET /?awg_scan=003441fea5eb6dc3c28b0f81eb8584c33f38697c940d4d0719ac6f89c803488e HTTP/1.1" 301 0 "-" "AWG-Server/1.0"
91.84.115.116 - - [31/Jul/2026:06:02:44 -0400] "GET /?awg_scan=003441fea5eb6dc3c28b0f81eb8584c33f38697c940d4d0719ac6f89c803488e HTTP/1.1" 301 0 "-" "AWG-Server/1.0"
91.84.115.116 - - [31/Jul/2026:06:07:40 -0400] "GET /?awg_scan=003441fea5eb6dc3c28b0f81eb8584c33f38697c940d4d0719ac6f89c803488e HTTP/1.1" 301 0 "-" "AWG-Server/1.0"
170.106.113.159 - - [31/Jul/2026:06:08:20 -0400] "GET / HTTP/1.1" 301 0 "-" "Mozilla/5.0 (iPhone; CPU iPhone OS 13_2_3 like Mac OS X) AppleWebKit/605.1.15 (KHTML, like Gecko) Version/13.0.3 Mobile/15E148 Safari/604.1"
91.84.115.116 - - [31/Jul/2026:06:12:40 -0400] "GET /?awg_scan=003441fea5eb6dc3c28b0f81eb8584c33f38697c940d4d0719ac6f89c803488e HTTP/1.1" 301 0 "-" "AWG-Server/1.0"
216.73.216.103 - - [31/Jul/2026:06:09:58 -0400] "GET /wp-includes/images/wpicons-2x.png HTTP/1.1" 200 14931 "-" "Mozilla/5.0 AppleWebKit/537.36 (KHTML, like Gecko; compatible; ClaudeBot/1.0; +claudebot@anthropic.com)"
43.166.226.186 - - [31/Jul/2026:06:04:04 -0400] "GET / HTTP/1.1" 301 0 "-" "Mozilla/5.0 (iPhone; CPU iPhone OS 13_2_3 like Mac OS X) AppleWebKit/605.1.15 (KHTML, like Gecko) Version/13.0.3 Mobile/15E148 Safari/604.1"
91.84.115.116 - - [31/Jul/2026:06:17:44 -0400] "GET /?awg_scan=003441fea5eb6dc3c28b0f81eb8584c33f38697c940d4d0719ac6f89c803488e HTTP/1.1" 301 0 "-" "AWG-Server/1.0"
💾 Save Changes
❌ Cancel